--
-- Host: localhost    Database: andreaho_phpb1
-- ------------------------------------------------------


--
-- Current Database: `andreaho_phpb1`
--

CREATE DATABASE /*!32312 IF NOT EXISTS*/ `andreaho_phpb1` /*!40100 DEFAULT CHARACTER SET latin1 */;

USE `andreaho_phpb1`;

--
-- Table structure for table `phpbb_acl_groups`
--

CREATE TABLE `phpbb_acl_groups` (
  `group_id` mediumint(8) unsigned NOT NULL DEFAULT '0',
  `forum_id` mediumint(8) unsigned NOT NULL DEFAULT '0',
  `auth_option_id` mediumint(8) unsigned NOT NULL DEFAULT '0',
  `auth_role_id` mediumint(8) unsigned NOT NULL DEFAULT '0',
  `auth_setting` tinyint(2) NOT NULL DEFAULT '0',
  KEY `group_id` (`group_id`),
  KEY `auth_opt_id` (`auth_option_id`),
  KEY `auth_role_id` (`auth_role_id`)
) ENGINE=MyISAM DEFAULT CHARSET=latin1;

--
-- Dumping data for table `phpbb_acl_groups`
--

INSERT INTO `phpbb_acl_groups` VALUES (1,0,85,0,1),(1,0,93,0,1),(1,0,111,0,1),(5,0,0,5,0),(5,0,0,1,0),(2,0,0,6,0),(3,0,0,6,0),(4,0,0,5,0),(4,0,0,10,0),(2,27,0,15,0),(2,24,0,15,0),(2,23,0,15,0),(2,22,0,15,0),(2,21,0,15,0),(2,20,0,15,0),(2,18,0,15,0),(2,41,0,15,0),(2,16,0,15,0),(2,39,0,15,0),(7,0,0,23,0),(2,3,0,15,0),(2,14,0,15,0),(2,38,0,15,0),(2,25,0,15,0),(2,11,0,15,0),(2,9,0,15,0),(2,26,0,15,0),(2,4,0,15,0),(2,34,0,15,0),(2,6,0,15,0),(2,33,0,15,0),(2,28,0,15,0),(2,29,0,15,0),(2,30,0,15,0),(2,31,0,15,0),(2,32,0,15,0),(2,35,0,15,0),(2,36,0,15,0),(2,37,0,15,0),(2,40,0,15,0),(2,42,0,15,0),(2,43,0,15,0),(2,44,0,15,0),(2,45,0,15,0),(2,47,0,15,0);

--
-- Table structure for table `phpbb_acl_options`
--

CREATE TABLE `phpbb_acl_options` (
  `auth_option_id` mediumint(8) unsigned NOT NULL AUTO_INCREMENT,
  `auth_option` varchar(50) NOT NULL DEFAULT '',
  `is_global` tinyint(1) unsigned NOT NULL DEFAULT '0',
  `is_local` tinyint(1) unsigned NOT NULL DEFAULT '0',
  `founder_only` tinyint(1) unsigned NOT NULL DEFAULT '0',
  PRIMARY KEY (`auth_option_id`),
  UNIQUE KEY `auth_option` (`auth_option`)
) ENGINE=MyISAM AUTO_INCREMENT=119 DEFAULT CHARSET=latin1;

--
-- Dumping data for table `phpbb_acl_options`
--

INSERT INTO `phpbb_acl_options` VALUES (1,'f_',0,1,0),(2,'f_announce',0,1,0),(3,'f_attach',0,1,0),(4,'f_bbcode',0,1,0),(5,'f_bump',0,1,0),(6,'f_delete',0,1,0),(7,'f_download',0,1,0),(8,'f_edit',0,1,0),(9,'f_email',0,1,0),(10,'f_flash',0,1,0),(11,'f_icons',0,1,0),(12,'f_ignoreflood',0,1,0),(13,'f_img',0,1,0),(14,'f_list',0,1,0),(15,'f_noapprove',0,1,0),(16,'f_poll',0,1,0),(17,'f_post',0,1,0),(18,'f_postcount',0,1,0),(19,'f_print',0,1,0),(20,'f_read',0,1,0),(21,'f_reply',0,1,0),(22,'f_report',0,1,0),(23,'f_search',0,1,0),(24,'f_sigs',0,1,0),(25,'f_smilies',0,1,0),(26,'f_sticky',0,1,0),(27,'f_subscribe',0,1,0),(28,'f_user_lock',0,1,0),(29,'f_vote',0,1,0),(30,'f_votechg',0,1,0),(31,'m_',1,1,0),(32,'m_approve',1,1,0),(33,'m_chgposter',1,1,0),(34,'m_delete',1,1,0),(35,'m_edit',1,1,0),(36,'m_info',1,1,0),(37,'m_lock',1,1,0),(38,'m_merge',1,1,0),(39,'m_move',1,1,0),(40,'m_report',1,1,0),(41,'m_split',1,1,0),(42,'m_ban',1,0,0),(43,'m_warn',1,0,0),(44,'a_',1,0,0),(45,'a_aauth',1,0,0),(46,'a_attach',1,0,0),(47,'a_authgroups',1,0,0),(48,'a_authusers',1,0,0),(49,'a_backup',1,0,0),(50,'a_ban',1,0,0),(51,'a_bbcode',1,0,0),(52,'a_board',1,0,0),(53,'a_bots',1,0,0),(54,'a_clearlogs',1,0,0),(55,'a_email',1,0,0),(56,'a_fauth',1,0,0),(57,'a_forum',1,0,0),(58,'a_forumadd',1,0,0),(59,'a_forumdel',1,0,0),(60,'a_group',1,0,0),(61,'a_groupadd',1,0,0),(62,'a_groupdel',1,0,0),(63,'a_icons',1,0,0),(64,'a_jabber',1,0,0),(65,'a_language',1,0,0),(66,'a_mauth',1,0,0),(67,'a_modules',1,0,0),(68,'a_names',1,0,0),(69,'a_phpinfo',1,0,0),(70,'a_profile',1,0,0),(71,'a_prune',1,0,0),(72,'a_ranks',1,0,0),(73,'a_reasons',1,0,0),(74,'a_roles',1,0,0),(75,'a_search',1,0,0),(76,'a_server',1,0,0),(77,'a_styles',1,0,0),(78,'a_switchperm',1,0,0),(79,'a_uauth',1,0,0),(80,'a_user',1,0,0),(81,'a_userdel',1,0,0),(82,'a_viewauth',1,0,0),(83,'a_viewlogs',1,0,0),(84,'a_words',1,0,0),(85,'u_',1,0,0),(86,'u_attach',1,0,0),(87,'u_chgavatar',1,0,0),(88,'u_chgcensors',1,0,0),(89,'u_chgemail',1,0,0),(90,'u_chggrp',1,0,0),(91,'u_chgname',1,0,0),(92,'u_chgpasswd',1,0,0),(93,'u_download',1,0,0),(94,'u_hideonline',1,0,0),(95,'u_ignoreflood',1,0,0),(96,'u_masspm',1,0,0),(97,'u_masspm_group',1,0,0),(98,'u_pm_attach',1,0,0),(99,'u_pm_bbcode',1,0,0),(100,'u_pm_delete',1,0,0),(101,'u_pm_download',1,0,0),(102,'u_pm_edit',1,0,0),(103,'u_pm_emailpm',1,0,0),(104,'u_pm_flash',1,0,0),(105,'u_pm_forward',1,0,0),(106,'u_pm_img',1,0,0),(107,'u_pm_printpm',1,0,0),(108,'u_pm_smilies',1,0,0),(109,'u_readpm',1,0,0),(110,'u_savedrafts',1,0,0),(111,'u_search',1,0,0),(112,'u_sendemail',1,0,0),(113,'u_sendim',1,0,0),(114,'u_sendpm',1,0,0),(115,'u_sig',1,0,0),(116,'u_viewonline',1,0,0),(117,'u_viewprofile',1,0,0),(118,'a_add_user',1,0,0);

--
-- Table structure for table `phpbb_acl_roles`
--

CREATE TABLE `phpbb_acl_roles` (
  `role_id` mediumint(8) unsigned NOT NULL AUTO_INCREMENT,
  `role_name` varchar(255) NOT NULL DEFAULT '',
  `role_description` text NOT NULL,
  `role_type` varchar(10) NOT NULL DEFAULT '',
  `role_order` smallint(4) unsigned NOT NULL DEFAULT '0',
  PRIMARY KEY (`role_id`),
  KEY `role_type` (`role_type`),
  KEY `role_order` (`role_order`)
) ENGINE=MyISAM AUTO_INCREMENT=25 DEFAULT CHARSET=latin1;

--
-- Dumping data for table `phpbb_acl_roles`
--

INSERT INTO `phpbb_acl_roles` VALUES (1,'ROLE_ADMIN_STANDARD','ROLE_DESCRIPTION_ADMIN_STANDARD','a_',1),(2,'ROLE_ADMIN_FORUM','ROLE_DESCRIPTION_ADMIN_FORUM','a_',3),(3,'ROLE_ADMIN_USERGROUP','ROLE_DESCRIPTION_ADMIN_USERGROUP','a_',4),(4,'ROLE_ADMIN_FULL','ROLE_DESCRIPTION_ADMIN_FULL','a_',2),(5,'ROLE_USER_FULL','ROLE_DESCRIPTION_USER_FULL','u_',3),(6,'ROLE_USER_STANDARD','ROLE_DESCRIPTION_USER_STANDARD','u_',1),(7,'ROLE_USER_LIMITED','ROLE_DESCRIPTION_USER_LIMITED','u_',2),(8,'ROLE_USER_NOPM','ROLE_DESCRIPTION_USER_NOPM','u_',4),(9,'ROLE_USER_NOAVATAR','ROLE_DESCRIPTION_USER_NOAVATAR','u_',5),(10,'ROLE_MOD_FULL','ROLE_DESCRIPTION_MOD_FULL','m_',3),(11,'ROLE_MOD_STANDARD','ROLE_DESCRIPTION_MOD_STANDARD','m_',1),(12,'ROLE_MOD_SIMPLE','ROLE_DESCRIPTION_MOD_SIMPLE','m_',2),(13,'ROLE_MOD_QUEUE','ROLE_DESCRIPTION_MOD_QUEUE','m_',4),(14,'ROLE_FORUM_FULL','ROLE_DESCRIPTION_FORUM_FULL','f_',7),(15,'ROLE_FORUM_STANDARD','ROLE_DESCRIPTION_FORUM_STANDARD','f_',5),(16,'ROLE_FORUM_NOACCESS','ROLE_DESCRIPTION_FORUM_NOACCESS','f_',1),(17,'ROLE_FORUM_READONLY','ROLE_DESCRIPTION_FORUM_READONLY','f_',2),(18,'ROLE_FORUM_LIMITED','ROLE_DESCRIPTION_FORUM_LIMITED','f_',3),(19,'ROLE_FORUM_BOT','ROLE_DESCRIPTION_FORUM_BOT','f_',9),(20,'ROLE_FORUM_ONQUEUE','ROLE_DESCRIPTION_FORUM_ONQUEUE','f_',8),(21,'ROLE_FORUM_POLLS','ROLE_DESCRIPTION_FORUM_POLLS','f_',6),(22,'ROLE_FORUM_LIMITED_POLLS','ROLE_DESCRIPTION_FORUM_LIMITED_POLLS','f_',4),(23,'ROLE_USER_NEW_MEMBER','ROLE_DESCRIPTION_USER_NEW_MEMBER','u_',6),(24,'ROLE_FORUM_NEW_MEMBER','ROLE_DESCRIPTION_FORUM_NEW_MEMBER','f_',10);

--
-- Table structure for table `phpbb_acl_roles_data`
--

CREATE TABLE `phpbb_acl_roles_data` (
  `role_id` mediumint(8) unsigned NOT NULL DEFAULT '0',
  `auth_option_id` mediumint(8) unsigned NOT NULL DEFAULT '0',
  `auth_setting` tinyint(2) NOT NULL DEFAULT '0',
  PRIMARY KEY (`role_id`,`auth_option_id`),
  KEY `ath_op_id` (`auth_option_id`)
) ENGINE=MyISAM DEFAULT CHARSET=latin1;

--
-- Dumping data for table `phpbb_acl_roles_data`
--

INSERT INTO `phpbb_acl_roles_data` VALUES (1,44,1),(1,46,1),(1,47,1),(1,48,1),(1,50,1),(1,51,1),(1,52,1),(1,56,1),(1,57,1),(1,58,1),(1,59,1),(1,60,1),(1,61,1),(1,62,1),(1,63,1),(1,66,1),(1,68,1),(1,70,1),(1,71,1),(1,72,1),(1,73,1),(1,79,1),(1,80,1),(1,81,1),(1,82,1),(1,83,1),(1,84,1),(2,44,1),(2,47,1),(2,48,1),(2,56,1),(2,57,1),(2,58,1),(2,59,1),(2,66,1),(2,71,1),(2,79,1),(2,82,1),(2,83,1),(3,44,1),(3,47,1),(3,48,1),(3,50,1),(3,60,1),(3,61,1),(3,62,1),(3,72,1),(3,79,1),(3,80,1),(3,82,1),(3,83,1),(4,44,1),(4,45,1),(4,46,1),(4,47,1),(4,48,1),(4,49,1),(4,50,1),(4,51,1),(4,52,1),(4,53,1),(4,54,1),(4,55,1),(4,56,1),(4,57,1),(4,58,1),(4,59,1),(4,60,1),(4,61,1),(4,62,1),(4,63,1),(4,64,1),(4,65,1),(4,66,1),(4,67,1),(4,68,1),(4,69,1),(4,70,1),(4,71,1),(4,72,1),(4,73,1),(4,74,1),(4,75,1),(4,76,1),(4,77,1),(4,78,1),(4,79,1),(4,80,1),(4,81,1),(4,82,1),(4,83,1),(4,84,1),(5,85,1),(5,86,1),(5,87,1),(5,88,1),(5,89,1),(5,90,1),(5,91,1),(5,92,1),(5,93,1),(5,94,1),(5,95,1),(5,96,1),(5,97,1),(5,98,1),(5,99,1),(5,100,1),(5,101,1),(5,102,1),(5,103,1),(5,104,1),(5,105,1),(5,106,1),(5,107,1),(5,108,1),(5,109,1),(5,110,1),(5,111,1),(5,112,1),(5,113,1),(5,114,1),(5,115,1),(5,116,1),(5,117,1),(6,85,1),(6,86,1),(6,87,1),(6,88,1),(6,89,1),(6,92,1),(6,93,1),(6,94,1),(6,96,1),(6,97,1),(6,98,1),(6,99,1),(6,100,1),(6,101,1),(6,102,1),(6,103,1),(6,106,1),(6,107,1),(6,108,1),(6,109,1),(6,110,1),(6,111,1),(6,112,1),(6,113,1),(6,114,1),(6,115,1),(6,117,1),(7,85,1),(7,87,1),(7,88,1),(7,89,1),(7,92,1),(7,93,1),(7,94,1),(7,99,1),(7,100,1),(7,101,1),(7,102,1),(7,105,1),(7,106,1),(7,107,1),(7,108,1),(7,109,1),(7,114,1),(7,115,1),(7,117,1),(8,85,1),(8,87,1),(8,88,1),(8,89,1),(8,92,1),(8,93,1),(8,94,1),(8,96,0),(8,97,0),(8,109,0),(8,114,0),(8,115,1),(8,117,1),(9,85,1),(9,87,0),(9,88,1),(9,89,1),(9,92,1),(9,93,1),(9,94,1),(9,99,1),(9,100,1),(9,101,1),(9,102,1),(9,105,1),(9,106,1),(9,107,1),(9,108,1),(9,109,1),(9,114,1),(9,115,1),(9,117,1),(10,31,1),(10,32,1),(10,33,1),(10,34,1),(10,35,1),(10,36,1),(10,37,1),(10,38,1),(10,39,1),(10,40,1),(10,41,1),(10,42,1),(10,43,1),(11,31,1),(11,32,1),(11,34,1),(11,35,1),(11,36,1),(11,37,1),(11,38,1),(11,39,1),(11,40,1),(11,41,1),(11,43,1),(12,31,1),(12,34,1),(12,35,1),(12,36,1),(12,40,1),(13,31,1),(13,32,1),(13,35,1),(14,1,1),(14,2,1),(14,3,1),(14,4,1),(14,5,1),(14,6,1),(14,7,1),(14,8,1),(14,9,1),(14,10,1),(14,11,1),(14,12,1),(14,13,1),(14,14,1),(14,15,1),(14,16,1),(14,17,1),(14,18,1),(14,19,1),(14,20,1),(14,21,1),(14,22,1),(14,23,1),(14,24,1),(14,25,1),(14,26,1),(14,27,1),(14,28,1),(14,29,1),(14,30,1),(15,1,1),(15,3,1),(15,4,1),(15,5,1),(15,6,1),(15,7,1),(15,8,1),(15,9,1),(15,11,1),(15,13,1),(15,14,1),(15,15,1),(15,17,1),(15,18,1),(15,19,1),(15,20,1),(15,21,1),(15,22,1),(15,23,1),(15,24,1),(15,25,1),(15,27,1),(15,29,1),(15,30,1),(16,1,0),(17,1,1),(17,7,1),(17,14,1),(17,19,1),(17,20,1),(17,23,1),(17,27,1),(18,1,1),(18,4,1),(18,7,1),(18,8,1),(18,9,1),(18,13,1),(18,14,1),(18,15,1),(18,17,1),(18,18,1),(18,19,1),(18,20,1),(18,21,1),(18,22,1),(18,23,1),(18,24,1),(18,25,1),(18,27,1),(18,29,1),(19,1,1),(19,7,1),(19,14,1),(19,19,1),(19,20,1),(20,1,1),(20,3,1),(20,4,1),(20,7,1),(20,8,1),(20,9,1),(20,13,1),(20,14,1),(20,15,0),(20,17,1),(20,18,1),(20,19,1),(20,20,1),(20,21,1),(20,22,1),(20,23,1),(20,24,1),(20,25,1),(20,27,1),(20,29,1),(21,1,1),(21,3,1),(21,4,1),(21,5,1),(21,6,1),(21,7,1),(21,8,1),(21,9,1),(21,11,1),(21,13,1),(21,14,1),(21,15,1),(21,16,1),(21,17,1),(21,18,1),(21,19,1),(21,20,1),(21,21,1),(21,22,1),(21,23,1),(21,24,1),(21,25,1),(21,27,1),(21,29,1),(21,30,1),(22,1,1),(22,4,1),(22,7,1),(22,8,1),(22,9,1),(22,13,1),(22,14,1),(22,15,1),(22,16,1),(22,17,1),(22,18,1),(22,19,1),(22,20,1),(22,21,1),(22,22,1),(22,23,1),(22,24,1),(22,25,1),(22,27,1),(22,29,1),(23,96,0),(23,97,0),(23,114,0),(24,15,0),(5,118,1);

--
-- Table structure for table `phpbb_acl_users`
--

CREATE TABLE `phpbb_acl_users` (
  `user_id` mediumint(8) unsigned NOT NULL DEFAULT '0',
  `forum_id` mediumint(8) unsigned NOT NULL DEFAULT '0',
  `auth_option_id` mediumint(8) unsigned NOT NULL DEFAULT '0',
  `auth_role_id` mediumint(8) unsigned NOT NULL DEFAULT '0',
  `auth_setting` tinyint(2) NOT NULL DEFAULT '0',
  KEY `user_id` (`user_id`),
  KEY `auth_option_id` (`auth_option_id`),
  KEY `auth_role_id` (`auth_role_id`)
) ENGINE=MyISAM DEFAULT CHARSET=latin1;

--
-- Dumping data for table `phpbb_acl_users`
--

INSERT INTO `phpbb_acl_users` VALUES (2,0,0,5,0);

--
-- Table structure for table `phpbb_attachments`
--

CREATE TABLE `phpbb_attachments` (
  `attach_id` mediumint(8) unsigned NOT NULL AUTO_INCREMENT,
  `post_msg_id` mediumint(8) unsigned NOT NULL DEFAULT '0',
  `topic_id` mediumint(8) unsigned NOT NULL DEFAULT '0',
  `in_message` tinyint(1) unsigned NOT NULL DEFAULT '0',
  `poster_id` mediumint(8) unsigned NOT NULL DEFAULT '0',
  `is_orphan` tinyint(1) unsigned NOT NULL DEFAULT '1',
  `physical_filename` varchar(255) NOT NULL DEFAULT '',
  `real_filename` varchar(255) NOT NULL DEFAULT '',
  `download_count` mediumint(8) unsigned NOT NULL DEFAULT '0',
  `attach_comment` text NOT NULL,
  `extension` varchar(100) NOT NULL DEFAULT '',
  `mimetype` varchar(100) NOT NULL DEFAULT '',
  `filesize` int(20) unsigned NOT NULL DEFAULT '0',
  `filetime` int(11) unsigned NOT NULL DEFAULT '0',
  `thumbnail` tinyint(1) unsigned NOT NULL DEFAULT '0',
  PRIMARY KEY (`attach_id`),
  KEY `filetime` (`filetime`),
  KEY `post_msg_id` (`post_msg_id`),
  KEY `topic_id` (`topic_id`),
  KEY `poster_id` (`poster_id`),
  KEY `is_orphan` (`is_orphan`)
) ENGINE=MyISAM DEFAULT CHARSET=latin1;

--
-- Dumping data for table `phpbb_attachments`
--


--
-- Table structure for table `phpbb_banlist`
--

CREATE TABLE `phpbb_banlist` (
  `ban_id` mediumint(8) unsigned NOT NULL AUTO_INCREMENT,
  `ban_userid` mediumint(8) unsigned NOT NULL DEFAULT '0',
  `ban_ip` varchar(40) NOT NULL DEFAULT '',
  `ban_email` varchar(100) NOT NULL DEFAULT '',
  `ban_start` int(11) unsigned NOT NULL DEFAULT '0',
  `ban_end` int(11) unsigned NOT NULL DEFAULT '0',
  `ban_exclude` tinyint(1) unsigned NOT NULL DEFAULT '0',
  `ban_reason` varchar(255) NOT NULL DEFAULT '',
  `ban_give_reason` varchar(255) NOT NULL DEFAULT '',
  PRIMARY KEY (`ban_id`),
  KEY `ban_end` (`ban_end`),
  KEY `ban_user` (`ban_userid`,`ban_exclude`),
  KEY `ban_email` (`ban_email`,`ban_exclude`),
  KEY `ban_ip` (`ban_ip`,`ban_exclude`)
) ENGINE=MyISAM DEFAULT CHARSET=latin1;

--
-- Dumping data for table `phpbb_banlist`
--


--
-- Table structure for table `phpbb_bbcodes`
--

CREATE TABLE `phpbb_bbcodes` (
  `bbcode_id` smallint(4) unsigned NOT NULL DEFAULT '0',
  `bbcode_tag` varchar(16) NOT NULL DEFAULT '',
  `bbcode_helpline` varchar(255) NOT NULL DEFAULT '',
  `display_on_posting` tinyint(1) unsigned NOT NULL DEFAULT '0',
  `bbcode_match` text NOT NULL,
  `bbcode_tpl` mediumtext NOT NULL,
  `first_pass_match` mediumtext NOT NULL,
  `first_pass_replace` mediumtext NOT NULL,
  `second_pass_match` mediumtext NOT NULL,
  `second_pass_replace` mediumtext NOT NULL,
  PRIMARY KEY (`bbcode_id`),
  KEY `display_on_post` (`display_on_posting`)
) ENGINE=MyISAM DEFAULT CHARSET=latin1;

--
-- Dumping data for table `phpbb_bbcodes`
--


--
-- Table structure for table `phpbb_bookmarks`
--

CREATE TABLE `phpbb_bookmarks` (
  `topic_id` mediumint(8) unsigned NOT NULL DEFAULT '0',
  `user_id` mediumint(8) unsigned NOT NULL DEFAULT '0',
  PRIMARY KEY (`topic_id`,`user_id`)
) ENGINE=MyISAM DEFAULT CHARSET=latin1;

--
-- Dumping data for table `phpbb_bookmarks`
--


--
-- Table structure for table `phpbb_bots`
--

CREATE TABLE `phpbb_bots` (
  `bot_id` mediumint(8) unsigned NOT NULL AUTO_INCREMENT,
  `bot_active` tinyint(1) unsigned NOT NULL DEFAULT '1',
  `bot_name` varchar(255) NOT NULL DEFAULT '',
  `user_id` mediumint(8) unsigned NOT NULL DEFAULT '0',
  `bot_agent` varchar(255) NOT NULL DEFAULT '',
  `bot_ip` varchar(255) NOT NULL DEFAULT '',
  PRIMARY KEY (`bot_id`),
  KEY `bot_active` (`bot_active`)
) ENGINE=MyISAM AUTO_INCREMENT=52 DEFAULT CHARSET=latin1;

--
-- Dumping data for table `phpbb_bots`
--

INSERT INTO `phpbb_bots` VALUES (1,1,'AdsBot [Google]',3,'AdsBot-Google',''),(2,1,'Alexa [Bot]',4,'ia_archiver',''),(3,1,'Alta Vista [Bot]',5,'Scooter/',''),(4,1,'Ask Jeeves [Bot]',6,'Ask Jeeves',''),(5,1,'Baidu [Spider]',7,'Baiduspider+(',''),(6,1,'Bing [Bot]',8,'bingbot/',''),(7,1,'Exabot [Bot]',9,'Exabot/',''),(8,1,'FAST Enterprise [Crawler]',10,'FAST Enterprise Crawler',''),(9,1,'FAST WebCrawler [Crawler]',11,'FAST-WebCrawler/',''),(10,1,'Francis [Bot]',12,'http://www.neomo.de/',''),(11,1,'Gigabot [Bot]',13,'Gigabot/',''),(12,1,'Google Adsense [Bot]',14,'Mediapartners-Google',''),(13,1,'Google Desktop',15,'Google Desktop',''),(14,1,'Google Feedfetcher',16,'Feedfetcher-Google',''),(15,1,'Google [Bot]',17,'Googlebot',''),(16,1,'Heise IT-Markt [Crawler]',18,'heise-IT-Markt-Crawler',''),(17,1,'Heritrix [Crawler]',19,'heritrix/1.',''),(18,1,'IBM Research [Bot]',20,'ibm.com/cs/crawler',''),(19,1,'ICCrawler - ICjobs',21,'ICCrawler - ICjobs',''),(20,1,'ichiro [Crawler]',22,'ichiro/',''),(21,1,'Majestic-12 [Bot]',23,'MJ12bot/',''),(22,1,'Metager [Bot]',24,'MetagerBot/',''),(23,1,'MSN NewsBlogs',25,'msnbot-NewsBlogs/',''),(24,1,'MSN [Bot]',26,'msnbot/',''),(25,1,'MSNbot Media',27,'msnbot-media/',''),(26,1,'NG-Search [Bot]',28,'NG-Search/',''),(27,1,'Nutch [Bot]',29,'http://lucene.apache.org/nutch/',''),(28,1,'Nutch/CVS [Bot]',30,'NutchCVS/',''),(29,1,'OmniExplorer [Bot]',31,'OmniExplorer_Bot/',''),(30,1,'Online link [Validator]',32,'online link validator',''),(31,1,'psbot [Picsearch]',33,'psbot/0',''),(32,1,'Seekport [Bot]',34,'Seekbot/',''),(33,1,'Sensis [Crawler]',35,'Sensis Web Crawler',''),(34,1,'SEO Crawler',36,'SEO search Crawler/',''),(35,1,'Seoma [Crawler]',37,'Seoma [SEO Crawler]',''),(36,1,'SEOSearch [Crawler]',38,'SEOsearch/',''),(37,1,'Snappy [Bot]',39,'Snappy/1.1 ( http://www.urltrends.com/ )',''),(38,1,'Steeler [Crawler]',40,'http://www.tkl.iis.u-tokyo.ac.jp/~crawler/',''),(39,1,'Synoo [Bot]',41,'SynooBot/',''),(40,1,'Telekom [Bot]',42,'crawleradmin.t-info@telekom.de',''),(41,1,'TurnitinBot [Bot]',43,'TurnitinBot/',''),(42,1,'Voyager [Bot]',44,'voyager/1.0',''),(43,1,'W3 [Sitesearch]',45,'W3 SiteSearch Crawler',''),(44,1,'W3C [Linkcheck]',46,'W3C-checklink/',''),(45,1,'W3C [Validator]',47,'W3C_*Validator',''),(46,1,'WiseNut [Bot]',48,'http://www.WISEnutbot.com',''),(47,1,'YaCy [Bot]',49,'yacybot',''),(48,1,'Yahoo MMCrawler [Bot]',50,'Yahoo-MMCrawler/',''),(49,1,'Yahoo Slurp [Bot]',51,'Yahoo! DE Slurp',''),(50,1,'Yahoo [Bot]',52,'Yahoo! Slurp',''),(51,1,'YahooSeeker [Bot]',53,'YahooSeeker/','');

--
-- Table structure for table `phpbb_config`
--

CREATE TABLE `phpbb_config` (
  `config_name` varchar(255) NOT NULL DEFAULT '',
  `config_value` varchar(255) NOT NULL DEFAULT '',
  `is_dynamic` tinyint(1) unsigned NOT NULL DEFAULT '0',
  PRIMARY KEY (`config_name`),
  KEY `is_dynamic` (`is_dynamic`)
) ENGINE=MyISAM DEFAULT CHARSET=latin1;

--
-- Dumping data for table `phpbb_config`
--

INSERT INTO `phpbb_config` VALUES ('active_sessions','0',0),('allow_attachments','1',0),('allow_autologin','1',0),('allow_avatar','1',0),('allow_avatar_local','1',0),('allow_avatar_remote','1',0),('allow_avatar_remote_upload','1',0),('allow_avatar_upload','1',0),('allow_bbcode','1',0),('allow_birthdays','1',0),('allow_bookmarks','1',0),('allow_emailreuse','0',0),('allow_forum_notify','1',0),('allow_mass_pm','1',0),('allow_name_chars','USERNAME_ALPHA_ONLY',0),('allow_namechange','0',0),('allow_nocensors','0',0),('allow_pm_attach','0',0),('allow_pm_report','1',0),('allow_post_flash','1',0),('allow_post_links','1',0),('allow_privmsg','1',0),('allow_quick_reply','1',0),('allow_sig','1',0),('allow_sig_bbcode','1',0),('allow_sig_flash','0',0),('allow_sig_img','1',0),('allow_sig_links','1',0),('allow_sig_pm','1',0),('allow_sig_smilies','1',0),('allow_smilies','0',0),('allow_topic_notify','1',0),('attachment_quota','52428800',0),('auth_bbcode_pm','1',0),('auth_flash_pm','0',0),('auth_img_pm','1',0),('auth_method','db',0),('auth_smilies_pm','1',0),('avatar_filesize','106144',0),('avatar_gallery_path','images/avatars/gallery',0),('avatar_max_height','150',0),('avatar_max_width','150',0),('avatar_min_height','150',0),('avatar_min_width','150',0),('avatar_path','images/avatars/upload',0),('avatar_salt','15ead0712776262736fe7d1e978ecd1c',0),('board_contact','andreahalsey@gmail.com',0),('board_disable','0',0),('board_disable_msg','',0),('board_dst','0',0),('board_email','andreahalsey@gmail.com',0),('board_email_form','0',0),('board_email_sig','Thanks, The Management',0),('board_hide_emails','1',0),('board_startdate','1329070240',0),('board_timezone','0',0),('browser_check','1',0),('bump_interval','10',0),('bump_type','d',0),('cache_gc','7200',0),('cache_last_gc','1399567793',1),('captcha_gd','1',0),('captcha_gd_3d_noise','1',0),('captcha_gd_fonts','1',0),('captcha_gd_foreground_noise','0',0),('captcha_gd_wave','0',0),('captcha_gd_x_grid','25',0),('captcha_gd_y_grid','25',0),('captcha_plugin','phpbb_captcha_gd',0),('check_attachment_content','1',0),('check_dnsbl','0',0),('chg_passforce','0',0),('confirm_refresh','1',0),('cookie_domain','thedesignerconcept.com',0),('cookie_name','phpbb3_qkcy3',0),('cookie_path','/',0),('cookie_secure','0',0),('coppa_enable','0',0),('coppa_fax','',0),('coppa_mail','',0),('cron_lock','0',1),('database_gc','604800',0),('database_last_gc','1391201199',1),('dbms_version','5.5.19',0),('default_dateformat','D M d, Y g:i a',0),('default_lang','en',0),('default_style','2',0),('delete_time','0',0),('display_last_edited','1',0),('display_order','0',0),('edit_time','0',0),('email_check_mx','1',0),('email_enable','1',0),('email_function_name','mail',0),('email_max_chunk_size','50',0),('email_package_size','20',0),('enable_confirm','0',0),('enable_pm_icons','1',0),('enable_post_confirm','1',0),('feed_enable','0',0),('feed_forum','1',0),('feed_http_auth','0',0),('feed_item_statistics','1',0),('feed_limit_post','15',0),('feed_limit_topic','10',0),('feed_overall','1',0),('feed_overall_forums','0',0),('feed_topic','1',0),('feed_topics_active','0',0),('feed_topics_new','1',0),('flood_interval','15',0),('force_server_vars','0',0),('form_token_lifetime','7200',0),('form_token_mintime','0',0),('form_token_sid_guests','1',0),('forward_pm','1',0),('forwarded_for_check','0',0),('full_folder_action','2',0),('fulltext_mysql_max_word_len','254',0),('fulltext_mysql_min_word_len','4',0),('fulltext_native_common_thres','5',0),('fulltext_native_load_upd','1',0),('fulltext_native_max_chars','14',0),('fulltext_native_min_chars','3',0),('gzip_compress','0',0),('hot_threshold','25',0),('icons_path','images/icons',0),('img_create_thumbnail','0',0),('img_display_inlined','1',0),('img_imagick','/usr/bin/',0),('img_link_height','0',0),('img_link_width','0',0),('img_max_height','0',0),('img_max_thumb_width','400',0),('img_max_width','0',0),('img_min_thumb_filesize','12000',0),('ip_check','3',0),('ip_login_limit_max','50',0),('ip_login_limit_time','21600',0),('ip_login_limit_use_forwarded','0',0),('jab_enable','0',0),('jab_host','',0),('jab_package_size','20',0),('jab_password','',0),('jab_port','5222',0),('jab_use_ssl','0',0),('jab_username','',0),('last_queue_run','1359736324',1),('ldap_base_dn','',0),('ldap_email','',0),('ldap_password','',0),('ldap_port','',0),('ldap_server','',0),('ldap_uid','',0),('ldap_user','',0),('ldap_user_filter','',0),('limit_load','0',0),('limit_search_load','0',0),('load_anon_lastread','0',0),('load_birthdays','1',0),('load_cpf_memberlist','0',0),('load_cpf_viewprofile','1',0),('load_cpf_viewtopic','0',0),('load_db_lastread','1',0),('load_db_track','1',0),('load_jumpbox','1',0),('load_moderators','1',0),('load_online','0',0),('load_online_guests','0',0),('load_online_time','15',0),('load_onlinetrack','1',0),('load_search','1',0),('load_tplcompile','1',0),('load_unreads_search','1',0),('load_user_activity','1',0),('max_attachments','3',0),('max_attachments_pm','1',0),('max_autologin_time','0',0),('max_filesize','262144',0),('max_filesize_pm','262144',0),('max_login_attempts','3',0),('max_name_chars','20',0),('max_num_search_keywords','10',0),('max_pass_chars','100',0),('max_poll_options','10',0),('max_post_chars','60000',0),('max_post_font_size','200',0),('max_post_img_height','0',0),('max_post_img_width','0',0),('max_post_smilies','0',0),('max_post_urls','0',0),('max_quote_depth','3',0),('max_reg_attempts','5',0),('max_sig_chars','255',0),('max_sig_font_size','200',0),('max_sig_img_height','0',0),('max_sig_img_width','0',0),('max_sig_smilies','0',0),('max_sig_urls','5',0),('mime_triggers','body|head|html|img|plaintext|a href|pre|script|table|title',0),('min_name_chars','3',0),('min_pass_chars','6',0),('min_post_chars','1',0),('min_search_author_chars','3',0),('new_member_group_default','0',0),('new_member_post_limit','0',0),('newest_user_colour','',1),('newest_user_id','72',1),('newest_username','ErinFekety',1),('num_files','0',1),('num_posts','86',1),('num_topics','18',1),('num_users','18',1),('override_user_style','0',0),('pass_complex','PASS_TYPE_ANY',0),('pm_edit_time','0',0),('pm_max_boxes','4',0),('pm_max_msgs','50',0),('pm_max_recipients','0',0),('posts_per_page','10',0),('print_pm','1',0),('questionnaire_unique_id','eb43d911dc8f8a8e',0),('queue_interval','60',0),('rand_seed','075dd43017b1deebd9560a9ecfd477d7',1),('rand_seed_last_update','1399822521',1),('ranks_path','images/ranks',0),('record_online_date','1329239407',1),('record_online_users','3',1),('referer_validation','0',0),('require_activation','3',0),('script_path','/forum/',0),('search_anonymous_interval','0',0),('search_block_size','250',0),('search_gc','7200',0),('search_indexing_state','',1),('search_interval','0',0),('search_last_gc','1376677084',1),('search_store_results','1800',0),('search_type','fulltext_native',0),('secure_allow_deny','1',0),('secure_allow_empty_referer','1',0),('secure_downloads','0',0),('server_name','thedesignerconcept.com',0),('server_port','80',0),('server_protocol','http://',0),('session_gc','3600',0),('session_last_gc','1376677094',1),('session_length','3600',0),('site_desc','Smart Designs and Business Strategy for the Professional Photographer',0),('sitename','The Designer Concept Forum',0),('smilies_path','images/smilies',0),('smilies_per_page','50',0),('smtp_auth_method','PLAIN',0),('smtp_delivery','0',0),('smtp_host','',0),('smtp_password','',0),('smtp_port','25',0),('smtp_username','',0),('topics_per_page','25',0),('tpl_allow_php','1',0),('upload_dir_size','0',1),('upload_icons_path','images/upload_icons',0),('upload_path','files',0),('version','3.0.10',0),('warnings_expire_days','90',0),('warnings_gc','14400',0),('warnings_last_gc','1395927090',1),('add_user_version','1.1.0',0);

--
-- Table structure for table `phpbb_confirm`
--

CREATE TABLE `phpbb_confirm` (
  `confirm_id` char(32) NOT NULL DEFAULT '',
  `session_id` char(32) NOT NULL DEFAULT '',
  `confirm_type` tinyint(3) NOT NULL DEFAULT '0',
  `code` varchar(8) NOT NULL DEFAULT '',
  `seed` int(10) unsigned NOT NULL DEFAULT '0',
  `attempts` mediumint(8) unsigned NOT NULL DEFAULT '0',
  PRIMARY KEY (`session_id`,`confirm_id`),
  KEY `confirm_type` (`confirm_type`)
) ENGINE=MyISAM DEFAULT CHARSET=latin1;

--
-- Dumping data for table `phpbb_confirm`
--


--
-- Table structure for table `phpbb_disallow`
--

CREATE TABLE `phpbb_disallow` (
  `disallow_id` mediumint(8) unsigned NOT NULL AUTO_INCREMENT,
  `disallow_username` varchar(255) NOT NULL DEFAULT '',
  PRIMARY KEY (`disallow_id`)
) ENGINE=MyISAM DEFAULT CHARSET=latin1;

--
-- Dumping data for table `phpbb_disallow`
--


--
-- Table structure for table `phpbb_drafts`
--

CREATE TABLE `phpbb_drafts` (
  `draft_id` mediumint(8) unsigned NOT NULL AUTO_INCREMENT,
  `user_id` mediumint(8) unsigned NOT NULL DEFAULT '0',
  `topic_id` mediumint(8) unsigned NOT NULL DEFAULT '0',
  `forum_id` mediumint(8) unsigned NOT NULL DEFAULT '0',
  `save_time` int(11) unsigned NOT NULL DEFAULT '0',
  `draft_subject` varchar(255) NOT NULL DEFAULT '',
  `draft_message` mediumtext NOT NULL,
  PRIMARY KEY (`draft_id`),
  KEY `save_time` (`save_time`)
) ENGINE=MyISAM DEFAULT CHARSET=latin1;

--
-- Dumping data for table `phpbb_drafts`
--


--
-- Table structure for table `phpbb_extension_groups`
--

CREATE TABLE `phpbb_extension_groups` (
  `group_id` mediumint(8) unsigned NOT NULL AUTO_INCREMENT,
  `group_name` varchar(255) NOT NULL DEFAULT '',
  `cat_id` tinyint(2) NOT NULL DEFAULT '0',
  `allow_group` tinyint(1) unsigned NOT NULL DEFAULT '0',
  `download_mode` tinyint(1) unsigned NOT NULL DEFAULT '1',
  `upload_icon` varchar(255) NOT NULL DEFAULT '',
  `max_filesize` int(20) unsigned NOT NULL DEFAULT '0',
  `allowed_forums` text NOT NULL,
  `allow_in_pm` tinyint(1) unsigned NOT NULL DEFAULT '0',
  PRIMARY KEY (`group_id`)
) ENGINE=MyISAM AUTO_INCREMENT=10 DEFAULT CHARSET=latin1;

--
-- Dumping data for table `phpbb_extension_groups`
--

INSERT INTO `phpbb_extension_groups` VALUES (1,'IMAGES',1,1,1,'',0,'',0),(2,'ARCHIVES',0,1,1,'',0,'',0),(3,'PLAIN_TEXT',0,0,1,'',0,'',0),(4,'DOCUMENTS',0,0,1,'',0,'',0),(5,'REAL_MEDIA',3,0,1,'',0,'',0),(6,'WINDOWS_MEDIA',2,0,1,'',0,'',0),(7,'FLASH_FILES',5,0,1,'',0,'',0),(8,'QUICKTIME_MEDIA',6,0,1,'',0,'',0),(9,'DOWNLOADABLE_FILES',0,0,1,'',0,'',0);

--
-- Table structure for table `phpbb_extensions`
--

CREATE TABLE `phpbb_extensions` (
  `extension_id` mediumint(8) unsigned NOT NULL AUTO_INCREMENT,
  `group_id` mediumint(8) unsigned NOT NULL DEFAULT '0',
  `extension` varchar(100) NOT NULL DEFAULT '',
  PRIMARY KEY (`extension_id`)
) ENGINE=MyISAM AUTO_INCREMENT=67 DEFAULT CHARSET=latin1;

--
-- Dumping data for table `phpbb_extensions`
--

INSERT INTO `phpbb_extensions` VALUES (1,1,'gif'),(2,1,'png'),(3,1,'jpeg'),(4,1,'jpg'),(5,1,'tif'),(6,1,'tiff'),(7,1,'tga'),(8,2,'gtar'),(9,2,'gz'),(10,2,'tar'),(11,2,'zip'),(12,2,'rar'),(13,2,'ace'),(14,2,'torrent'),(15,2,'tgz'),(16,2,'bz2'),(17,2,'7z'),(18,3,'txt'),(19,3,'c'),(20,3,'h'),(21,3,'cpp'),(22,3,'hpp'),(23,3,'diz'),(24,3,'csv'),(25,3,'ini'),(26,3,'log'),(27,3,'js'),(28,3,'xml'),(29,4,'xls'),(30,4,'xlsx'),(31,4,'xlsm'),(32,4,'xlsb'),(33,4,'doc'),(34,4,'docx'),(35,4,'docm'),(36,4,'dot'),(37,4,'dotx'),(38,4,'dotm'),(39,4,'pdf'),(40,4,'ai'),(41,4,'ps'),(42,4,'ppt'),(43,4,'pptx'),(44,4,'pptm'),(45,4,'odg'),(46,4,'odp'),(47,4,'ods'),(48,4,'odt'),(49,4,'rtf'),(50,5,'rm'),(51,5,'ram'),(52,6,'wma'),(53,6,'wmv'),(54,7,'swf'),(55,8,'mov'),(56,8,'m4v'),(57,8,'m4a'),(58,8,'mp4'),(59,8,'3gp'),(60,8,'3g2'),(61,8,'qt'),(62,9,'mpeg'),(63,9,'mpg'),(64,9,'mp3'),(65,9,'ogg'),(66,9,'ogm');

--
-- Table structure for table `phpbb_forums`
--

CREATE TABLE `phpbb_forums` (
  `forum_id` mediumint(8) unsigned NOT NULL AUTO_INCREMENT,
  `parent_id` mediumint(8) unsigned NOT NULL DEFAULT '0',
  `left_id` mediumint(8) unsigned NOT NULL DEFAULT '0',
  `right_id` mediumint(8) unsigned NOT NULL DEFAULT '0',
  `forum_parents` mediumtext NOT NULL,
  `forum_name` varchar(255) NOT NULL DEFAULT '',
  `forum_desc` text NOT NULL,
  `forum_desc_bitfield` varchar(255) NOT NULL DEFAULT '',
  `forum_desc_options` int(11) unsigned NOT NULL DEFAULT '7',
  `forum_desc_uid` varchar(8) NOT NULL DEFAULT '',
  `forum_link` varchar(255) NOT NULL DEFAULT '',
  `forum_password` varchar(40) NOT NULL DEFAULT '',
  `forum_style` mediumint(8) unsigned NOT NULL DEFAULT '0',
  `forum_image` varchar(255) NOT NULL DEFAULT '',
  `forum_rules` text NOT NULL,
  `forum_rules_link` varchar(255) NOT NULL DEFAULT '',
  `forum_rules_bitfield` varchar(255) NOT NULL DEFAULT '',
  `forum_rules_options` int(11) unsigned NOT NULL DEFAULT '7',
  `forum_rules_uid` varchar(8) NOT NULL DEFAULT '',
  `forum_topics_per_page` tinyint(4) NOT NULL DEFAULT '0',
  `forum_type` tinyint(4) NOT NULL DEFAULT '0',
  `forum_status` tinyint(4) NOT NULL DEFAULT '0',
  `forum_posts` mediumint(8) unsigned NOT NULL DEFAULT '0',
  `forum_topics` mediumint(8) unsigned NOT NULL DEFAULT '0',
  `forum_topics_real` mediumint(8) unsigned NOT NULL DEFAULT '0',
  `forum_last_post_id` mediumint(8) unsigned NOT NULL DEFAULT '0',
  `forum_last_poster_id` mediumint(8) unsigned NOT NULL DEFAULT '0',
  `forum_last_post_subject` varchar(255) NOT NULL DEFAULT '',
  `forum_last_post_time` int(11) unsigned NOT NULL DEFAULT '0',
  `forum_last_poster_name` varchar(255) NOT NULL DEFAULT '',
  `forum_last_poster_colour` varchar(6) NOT NULL DEFAULT '',
  `forum_flags` tinyint(4) NOT NULL DEFAULT '32',
  `forum_options` int(20) unsigned NOT NULL DEFAULT '0',
  `display_subforum_list` tinyint(1) unsigned NOT NULL DEFAULT '1',
  `display_on_index` tinyint(1) unsigned NOT NULL DEFAULT '1',
  `enable_indexing` tinyint(1) unsigned NOT NULL DEFAULT '1',
  `enable_icons` tinyint(1) unsigned NOT NULL DEFAULT '1',
  `enable_prune` tinyint(1) unsigned NOT NULL DEFAULT '0',
  `prune_next` int(11) unsigned NOT NULL DEFAULT '0',
  `prune_days` mediumint(8) unsigned NOT NULL DEFAULT '0',
  `prune_viewed` mediumint(8) unsigned NOT NULL DEFAULT '0',
  `prune_freq` mediumint(8) unsigned NOT NULL DEFAULT '0',
  PRIMARY KEY (`forum_id`),
  KEY `left_right_id` (`left_id`,`right_id`),
  KEY `forum_lastpost_id` (`forum_last_post_id`)
) ENGINE=MyISAM AUTO_INCREMENT=48 DEFAULT CHARSET=latin1;

--
-- Dumping data for table `phpbb_forums`
--

INSERT INTO `phpbb_forums` VALUES (33,3,8,9,'a:1:{i:3;a:2:{i:0;s:17:\"Discuss and Learn\";i:1;i:0;}}','Branding','','',7,'','','',0,'','','','',7,'',0,1,0,0,0,0,0,0,'',0,'','',48,0,1,0,1,0,0,0,7,7,1),(6,3,10,11,'a:1:{i:3;a:2:{i:0;s:17:\"Discuss and Learn\";i:1;i:0;}}','Products','','',7,'','','',0,'','','','',7,'',0,1,0,17,4,4,90,67,'Re: Albums',1339987524,'YvonneNiemann','',48,0,1,0,1,0,0,0,7,7,1),(34,9,34,35,'a:1:{i:9;a:2:{i:0;s:17:\"Inspire and Share\";i:1;i:0;}}','Friday Critique','','',7,'','','',0,'','','','',7,'',0,1,0,0,0,0,0,0,'',0,'','',48,0,1,0,1,0,0,0,7,7,1),(3,0,1,20,'','Discuss and Learn','','',7,'','','',0,'','','','',7,'',0,0,0,0,0,0,0,0,'',0,'','',32,0,1,0,1,0,0,0,7,7,1),(4,3,2,3,'a:1:{i:3;a:2:{i:0;s:17:\"Discuss and Learn\";i:1;i:0;}}','Pricing','','',7,'','','',0,'','','','',7,'',0,1,0,12,1,1,39,55,'Re: Post in this forum with your Pricing questions and comme',1331332705,'AndreaHalsey','333333',48,0,1,1,1,0,0,0,7,7,1),(26,0,37,52,'','Resources','','',7,'','','',0,'','','','',7,'',0,0,0,0,0,0,0,0,'',0,'','',32,0,1,0,1,0,0,0,7,7,1),(9,0,21,36,'','Inspire and Share','','',7,'','','',0,'','','','',7,'',0,0,0,0,0,0,0,0,'',0,'','',32,0,1,0,1,0,0,0,7,7,1),(11,3,12,13,'a:1:{i:3;a:2:{i:0;s:17:\"Discuss and Learn\";i:1;i:0;}}','Workflow','','',7,'','','',0,'','','','',7,'',0,1,0,2,1,1,59,55,'Re: Video Tutorials',1334688663,'AndreaHalsey','333333',48,0,1,0,1,0,0,0,7,7,1),(25,3,4,5,'a:1:{i:3;a:2:{i:0;s:17:\"Discuss and Learn\";i:1;i:0;}}','Marketing &amp; Promotions','','',7,'','','',0,'','','','',7,'',0,1,0,7,3,3,91,70,'Petite session',1340593952,'MelanieSikma','',48,0,1,0,1,0,0,0,7,7,1),(14,26,40,41,'a:1:{i:26;a:2:{i:0;s:9:\"Resources\";i:1;i:0;}}','The Designer Concept : Template Help','','',7,'','','',0,'','','','',7,'',0,1,0,0,0,0,0,0,'',0,'','',48,0,1,0,1,0,0,0,7,7,1),(38,26,48,49,'a:1:{i:26;a:2:{i:0;s:9:\"Resources\";i:1;i:0;}}','Templates &amp; Design','','',7,'','','',0,'','','','',7,'',0,1,0,3,1,1,50,68,'Re: Fonts',1331673852,'AnnetteGoodman','',48,0,1,0,1,0,0,0,7,7,1),(16,3,14,15,'a:1:{i:3;a:2:{i:0;s:17:\"Discuss and Learn\";i:1;i:0;}}','Customer Service','','',7,'','','',0,'','','','',7,'',0,1,0,5,1,1,60,55,'Re: Client Gifts',1334689079,'AndreaHalsey','333333',48,0,1,0,1,0,0,0,7,7,1),(18,9,22,23,'a:1:{i:9;a:2:{i:0;s:17:\"Inspire and Share\";i:1;i:0;}}','Photography Inspiration','','',7,'','','',0,'','','','',7,'',0,1,0,0,0,0,0,0,'',0,'','',48,0,1,0,1,0,0,0,7,7,1),(20,9,30,31,'a:1:{i:9;a:2:{i:0;s:17:\"Inspire and Share\";i:1;i:0;}}','Post Processing','','',7,'','','',0,'','','','',7,'',0,1,0,0,0,0,0,0,'',0,'','',48,0,1,0,1,0,0,0,7,7,1),(21,9,32,33,'a:1:{i:9;a:2:{i:0;s:17:\"Inspire and Share\";i:1;i:0;}}','Cameras &amp; Equipment','','',7,'','','',0,'','','','',7,'',0,1,0,12,2,2,93,67,'Re: Camera Settings',1346090871,'YvonneNiemann','',48,0,1,0,1,0,0,0,7,7,1),(22,0,63,70,'','For Trade &amp; Sale','','',7,'','','',0,'','','','',7,'',0,0,0,0,0,0,0,0,'',0,'','',32,0,1,0,1,0,0,0,7,7,1),(23,22,64,65,'a:1:{i:22;a:2:{i:0;s:20:\"For Trade &amp; Sale\";i:1;i:0;}}','Equipment For Sale','','',7,'','','',0,'','','','',7,'',0,1,0,0,0,0,0,0,'',0,'','',48,0,1,0,1,0,0,0,7,7,1),(24,22,66,67,'a:1:{i:22;a:2:{i:0;s:20:\"For Trade &amp; Sale\";i:1;i:0;}}','Prop Swap','','',7,'','','',0,'','','','',7,'',0,1,0,0,0,0,0,0,'',0,'','',48,0,1,0,1,0,0,0,7,7,1),(27,26,42,43,'a:1:{i:26;a:2:{i:0;s:9:\"Resources\";i:1;i:0;}}','Vendors','','',7,'','','',0,'','','','',7,'',0,1,0,0,0,0,0,0,'',0,'','',48,0,1,0,1,0,0,0,7,7,1),(28,0,53,62,'','Places to Chit Chat','','',7,'','','',0,'','','','',7,'',0,0,0,0,0,0,0,0,'',0,'','',32,0,1,0,1,0,0,0,7,7,1),(29,28,56,57,'a:1:{i:28;a:2:{i:0;s:19:\"Places to Chit Chat\";i:1;i:0;}}','Personal Talk','','',7,'','','',0,'','','','',7,'',0,1,0,0,0,0,0,0,'',0,'','',48,0,1,0,1,0,0,0,7,7,1),(30,28,58,59,'a:1:{i:28;a:2:{i:0;s:19:\"Places to Chit Chat\";i:1;i:0;}}','Business Talk','','',7,'','','',0,'','','','',7,'',0,1,0,0,0,0,0,0,'',0,'','',48,0,1,0,1,0,0,0,7,7,1),(31,3,6,7,'a:1:{i:3;a:2:{i:0;s:17:\"Discuss and Learn\";i:1;i:0;}}','Sales &amp; Projection','','',7,'','','',0,'','','','',7,'',0,1,0,6,1,1,44,57,'Re: Anyone here doing in-person ordering?',1331355194,'EvieCurley','',48,0,1,0,1,0,0,0,7,7,1),(41,3,16,17,'a:1:{i:3;a:2:{i:0;s:17:\"Discuss and Learn\";i:1;i:0;}}','Studio','','',7,'','','',0,'','','','',7,'',0,1,0,0,0,0,0,0,'',0,'','',48,0,1,0,1,0,0,0,7,7,1),(32,26,46,47,'a:1:{i:26;a:2:{i:0;s:9:\"Resources\";i:1;i:0;}}','Actions','','',7,'','','',0,'','','','',7,'',0,1,0,0,0,0,0,0,'',0,'','',48,0,1,0,1,0,0,0,7,7,1),(35,28,54,55,'a:1:{i:28;a:2:{i:0;s:19:\"Places to Chit Chat\";i:1;i:0;}}','Shout Out ( Say Hello! )','','',7,'','','',0,'','','','',7,'',0,1,0,0,0,0,0,0,'',0,'','',48,0,1,0,1,0,0,0,7,7,1),(36,28,60,61,'a:1:{i:28;a:2:{i:0;s:19:\"Places to Chit Chat\";i:1;i:0;}}','Ask Andrea','','',7,'','','',0,'','','','',7,'',0,1,0,5,1,1,34,65,'Re: Downloads',1331073217,'LynneBerridge','',48,0,1,0,1,0,0,0,7,7,1),(37,22,68,69,'a:1:{i:22;a:2:{i:0;s:20:\"For Trade &amp; Sale\";i:1;i:0;}}','Promote Stuff Here','','',7,'','','',0,'','','','',7,'',0,1,0,0,0,0,0,0,'',0,'','',48,0,1,0,1,0,0,0,7,7,1),(39,26,44,45,'a:1:{i:26;a:2:{i:0;s:9:\"Resources\";i:1;i:0;}}','Photo Labs','','',7,'','','',0,'','','','',7,'',0,1,0,0,0,0,0,0,'',0,'','',48,0,1,0,1,0,0,0,7,7,1),(40,26,50,51,'a:1:{i:26;a:2:{i:0;s:9:\"Resources\";i:1;i:0;}}','Websites &amp; Blogs','','',7,'','','',0,'','','','',7,'',0,1,0,0,0,0,0,0,'',0,'','',48,0,1,0,1,0,0,0,7,7,1),(42,3,18,19,'a:1:{i:3;a:2:{i:0;s:17:\"Discuss and Learn\";i:1;i:0;}}','Legal Stuff','','',7,'','','',0,'','','','',7,'',0,1,0,0,0,0,0,0,'',0,'','',48,0,1,0,1,0,0,0,7,7,1),(43,9,28,29,'a:1:{i:9;a:2:{i:0;s:17:\"Inspire and Share\";i:1;i:0;}}','Studio Share','','',7,'','','',0,'','','','',7,'',0,1,0,0,0,0,0,0,'',0,'','',48,0,1,0,1,0,0,0,7,7,1),(44,9,24,25,'a:1:{i:9;a:2:{i:0;s:17:\"Inspire and Share\";i:1;i:0;}}','Packaging Share','','',7,'','','',0,'','','','',7,'',0,1,0,7,1,1,71,68,'Re: Packaging, what do you use?',1335462665,'AnnetteGoodman','',48,0,1,0,1,0,0,0,7,7,1),(45,9,26,27,'a:1:{i:9;a:2:{i:0;s:17:\"Inspire and Share\";i:1;i:0;}}','Design Share','','',7,'','','',0,'','','','',7,'',0,1,0,0,1,1,46,68,'Fonts',1331667043,'AnnetteGoodman','',48,0,1,0,1,0,0,0,7,7,1),(47,26,38,39,'a:1:{i:26;a:2:{i:0;s:9:\"Resources\";i:1;i:0;}}','The Designer Concept : New and Coming Up','','',7,'','','',0,'','','','',7,'',0,1,0,10,2,2,94,67,'Re: Coming Soon to your Download Center!',1359389425,'YvonneNiemann','',48,0,1,0,1,0,0,0,7,7,1);

--
-- Table structure for table `phpbb_forums_access`
--

CREATE TABLE `phpbb_forums_access` (
  `forum_id` mediumint(8) unsigned NOT NULL DEFAULT '0',
  `user_id` mediumint(8) unsigned NOT NULL DEFAULT '0',
  `session_id` char(32) NOT NULL DEFAULT '',
  PRIMARY KEY (`forum_id`,`user_id`,`session_id`)
) ENGINE=MyISAM DEFAULT CHARSET=latin1;

--
-- Dumping data for table `phpbb_forums_access`
--


--
-- Table structure for table `phpbb_forums_track`
--

CREATE TABLE `phpbb_forums_track` (
  `user_id` mediumint(8) unsigned NOT NULL DEFAULT '0',
  `forum_id` mediumint(8) unsigned NOT NULL DEFAULT '0',
  `mark_time` int(11) unsigned NOT NULL DEFAULT '0',
  PRIMARY KEY (`user_id`,`forum_id`)
) ENGINE=MyISAM DEFAULT CHARSET=latin1;

--
-- Dumping data for table `phpbb_forums_track`
--

INSERT INTO `phpbb_forums_track` VALUES (2,4,1331044331),(2,0,1329337017),(55,4,1331332705),(62,4,1331238909),(60,4,1332256586),(64,4,1330817221),(67,4,1331337417),(61,4,1330971669),(65,4,1331071813),(57,4,1331355091),(57,31,1331355194),(57,44,1330726995),(55,31,1331489585),(55,44,1335567880),(67,44,1336154513),(67,31,1331989733),(63,44,1330733001),(63,31,1330733048),(63,4,1330733067),(64,31,1331831543),(64,44,1335761301),(65,36,1331073217),(65,31,1332854159),(65,44,1330758076),(67,36,1331074494),(64,36,1335761281),(60,44,1332256664),(60,36,1332256754),(60,31,1330819076),(66,4,1330894833),(66,31,1330894941),(66,44,1339535719),(66,36,1339535547),(57,36,1331519323),(55,36,1331130023),(61,31,1331662677),(61,36,1330971731),(62,44,1331012110),(62,31,1331239020),(62,36,1331013478),(62,25,1331045900),(2,25,1331094934),(55,25,1349641613),(55,6,1335567876),(62,6,1331142004),(60,6,1331059173),(67,25,1340804253),(67,6,1339987524),(65,25,1332854163),(65,6,1332854132),(2,6,1331094941),(2,36,1331094992),(2,31,1331095003),(2,44,1331095026),(55,16,1334689080),(55,47,1339599617),(67,16,1335329268),(67,47,1359389425),(57,47,1334524272),(57,6,1331355221),(57,25,1334524261),(68,47,1338118314),(68,16,1334759776),(61,47,1331662708),(61,6,1331663219),(68,45,1331667044),(55,45,1331670520),(55,38,1331684862),(68,38,1331673852),(67,45,1331765789),(67,38,1331765795),(64,25,1335761544),(64,47,1335761243),(64,45,1331831725),(64,16,1335761380),(64,6,1335761509),(60,25,1332256615),(60,45,1332256695),(60,38,1332256699),(60,47,1332256722),(68,25,1340652386),(65,45,1332854114),(65,16,1332854289),(65,47,1332854177),(65,38,1332854180),(68,44,1335462665),(70,16,1335403372),(68,11,1334759842),(57,16,1334524181),(55,11,1334688663),(68,6,1340652295),(67,11,1335329245),(70,6,1340028507),(70,25,1340593953),(70,47,1361288356),(70,11,1335403412),(70,44,1335575830),(64,11,1335761448),(68,21,1347641752),(70,21,1346952005),(67,21,1346090871),(66,38,1339535484),(66,16,1339535570),(66,21,1339535588),(66,47,1339535708),(55,21,1349641347),(61,21,1339612780),(72,6,1340424026),(72,25,1341177885),(59,4,1376678246);

--
-- Table structure for table `phpbb_forums_watch`
--

CREATE TABLE `phpbb_forums_watch` (
  `forum_id` mediumint(8) unsigned NOT NULL DEFAULT '0',
  `user_id` mediumint(8) unsigned NOT NULL DEFAULT '0',
  `notify_status` tinyint(1) unsigned NOT NULL DEFAULT '0',
  KEY `forum_id` (`forum_id`),
  KEY `user_id` (`user_id`),
  KEY `notify_stat` (`notify_status`)
) ENGINE=MyISAM DEFAULT CHARSET=latin1;

--
-- Dumping data for table `phpbb_forums_watch`
--

INSERT INTO `phpbb_forums_watch` VALUES (4,70,0),(25,70,0),(31,70,0),(33,70,0),(6,70,0),(11,70,0),(16,70,0),(41,70,0),(42,70,0),(18,70,0),(44,70,0),(45,70,0),(43,70,0),(20,70,0),(21,70,0),(34,70,0),(47,70,0),(14,70,0),(27,70,0),(39,70,0),(32,70,0),(38,70,0),(40,70,0),(35,70,0),(29,70,0),(30,70,0),(36,70,0),(23,70,0),(24,70,0),(37,70,0);

--
-- Table structure for table `phpbb_groups`
--

CREATE TABLE `phpbb_groups` (
  `group_id` mediumint(8) unsigned NOT NULL AUTO_INCREMENT,
  `group_type` tinyint(4) NOT NULL DEFAULT '1',
  `group_founder_manage` tinyint(1) unsigned NOT NULL DEFAULT '0',
  `group_skip_auth` tinyint(1) unsigned NOT NULL DEFAULT '0',
  `group_name` varchar(255) NOT NULL DEFAULT '',
  `group_desc` text NOT NULL,
  `group_desc_bitfield` varchar(255) NOT NULL DEFAULT '',
  `group_desc_options` int(11) unsigned NOT NULL DEFAULT '7',
  `group_desc_uid` varchar(8) NOT NULL DEFAULT '',
  `group_display` tinyint(1) unsigned NOT NULL DEFAULT '0',
  `group_avatar` varchar(255) NOT NULL DEFAULT '',
  `group_avatar_type` tinyint(2) NOT NULL DEFAULT '0',
  `group_avatar_width` smallint(4) unsigned NOT NULL DEFAULT '0',
  `group_avatar_height` smallint(4) unsigned NOT NULL DEFAULT '0',
  `group_rank` mediumint(8) unsigned NOT NULL DEFAULT '0',
  `group_colour` varchar(6) NOT NULL DEFAULT '',
  `group_sig_chars` mediumint(8) unsigned NOT NULL DEFAULT '0',
  `group_receive_pm` tinyint(1) unsigned NOT NULL DEFAULT '0',
  `group_message_limit` mediumint(8) unsigned NOT NULL DEFAULT '0',
  `group_max_recipients` mediumint(8) unsigned NOT NULL DEFAULT '0',
  `group_legend` tinyint(1) unsigned NOT NULL DEFAULT '1',
  PRIMARY KEY (`group_id`),
  KEY `group_legend_name` (`group_legend`,`group_name`)
) ENGINE=MyISAM AUTO_INCREMENT=8 DEFAULT CHARSET=latin1;

--
-- Dumping data for table `phpbb_groups`
--

INSERT INTO `phpbb_groups` VALUES (1,3,0,0,'GUESTS','','',7,'',0,'',0,0,0,0,'',0,0,0,5,0),(2,3,0,0,'REGISTERED','','',7,'',0,'',0,0,0,0,'',0,0,0,5,0),(3,3,0,0,'REGISTERED_COPPA','','',7,'',0,'',0,0,0,0,'',0,0,0,5,0),(4,3,0,0,'GLOBAL_MODERATORS','','',7,'',0,'',0,0,0,0,'333333',0,0,0,0,1),(5,3,1,0,'ADMINISTRATORS','','',7,'',0,'',0,0,0,0,'333333',0,0,0,0,1),(6,3,0,0,'BOTS','','',7,'',0,'',0,0,0,0,'9E8DA7',0,0,0,5,0),(7,3,0,0,'NEWLY_REGISTERED','','',7,'',0,'',0,0,0,0,'',0,0,0,5,0);

--
-- Table structure for table `phpbb_icons`
--

CREATE TABLE `phpbb_icons` (
  `icons_id` mediumint(8) unsigned NOT NULL AUTO_INCREMENT,
  `icons_url` varchar(255) NOT NULL DEFAULT '',
  `icons_width` tinyint(4) NOT NULL DEFAULT '0',
  `icons_height` tinyint(4) NOT NULL DEFAULT '0',
  `icons_order` mediumint(8) unsigned NOT NULL DEFAULT '0',
  `display_on_posting` tinyint(1) unsigned NOT NULL DEFAULT '1',
  PRIMARY KEY (`icons_id`),
  KEY `display_on_posting` (`display_on_posting`)
) ENGINE=MyISAM AUTO_INCREMENT=11 DEFAULT CHARSET=latin1;

--
-- Dumping data for table `phpbb_icons`
--

INSERT INTO `phpbb_icons` VALUES (1,'misc/fire.gif',16,16,1,1),(2,'smile/redface.gif',16,16,9,1),(3,'smile/mrgreen.gif',16,16,10,1),(4,'misc/heart.gif',16,16,4,1),(5,'misc/star.gif',16,16,2,1),(6,'misc/radioactive.gif',16,16,3,1),(7,'misc/thinking.gif',16,16,5,1),(8,'smile/info.gif',16,16,8,1),(9,'smile/question.gif',16,16,6,1),(10,'smile/alert.gif',16,16,7,1);

--
-- Table structure for table `phpbb_lang`
--

CREATE TABLE `phpbb_lang` (
  `lang_id` tinyint(4) NOT NULL AUTO_INCREMENT,
  `lang_iso` varchar(30) NOT NULL DEFAULT '',
  `lang_dir` varchar(30) NOT NULL DEFAULT '',
  `lang_english_name` varchar(100) NOT NULL DEFAULT '',
  `lang_local_name` varchar(255) NOT NULL DEFAULT '',
  `lang_author` varchar(255) NOT NULL DEFAULT '',
  PRIMARY KEY (`lang_id`),
  KEY `lang_iso` (`lang_iso`)
) ENGINE=MyISAM AUTO_INCREMENT=2 DEFAULT CHARSET=latin1;

--
-- Dumping data for table `phpbb_lang`
--

INSERT INTO `phpbb_lang` VALUES (1,'en','en','British English','British English','phpBB Group');

--
-- Table structure for table `phpbb_log`
--

CREATE TABLE `phpbb_log` (
  `log_id` mediumint(8) unsigned NOT NULL AUTO_INCREMENT,
  `log_type` tinyint(4) NOT NULL DEFAULT '0',
  `user_id` mediumint(8) unsigned NOT NULL DEFAULT '0',
  `forum_id` mediumint(8) unsigned NOT NULL DEFAULT '0',
  `topic_id` mediumint(8) unsigned NOT NULL DEFAULT '0',
  `reportee_id` mediumint(8) unsigned NOT NULL DEFAULT '0',
  `log_ip` varchar(40) NOT NULL DEFAULT '',
  `log_time` int(11) unsigned NOT NULL DEFAULT '0',
  `log_operation` text NOT NULL,
  `log_data` mediumtext NOT NULL,
  PRIMARY KEY (`log_id`),
  KEY `log_type` (`log_type`),
  KEY `forum_id` (`forum_id`),
  KEY `topic_id` (`topic_id`),
  KEY `reportee_id` (`reportee_id`),
  KEY `user_id` (`user_id`)
) ENGINE=MyISAM AUTO_INCREMENT=703 DEFAULT CHARSET=latin1;

--
-- Dumping data for table `phpbb_log`
--

INSERT INTO `phpbb_log` VALUES (3,0,2,0,0,0,'71.71.122.166',1329070460,'LOG_ADMIN_AUTH_SUCCESS',''),(4,0,2,0,0,0,'71.71.122.166',1329070563,'LOG_FORUM_EDIT','a:1:{i:0;s:17:\"Just Starting Out\";}'),(5,0,2,0,0,0,'71.71.122.166',1329070685,'LOG_FORUM_ADD','a:1:{i:0;s:8:\"Business\";}'),(6,0,2,0,0,0,'71.71.122.166',1329070776,'LOG_FORUM_ADD','a:1:{i:0;s:7:\"Pricing\";}'),(7,0,2,0,0,0,'71.71.122.166',1329070776,'LOG_FORUM_COPIED_PERMISSIONS','a:2:{i:0;s:8:\"Business\";i:1;s:7:\"Pricing\";}'),(8,0,2,0,0,0,'71.71.122.166',1329070821,'LOG_FORUM_DEL_FORUMS','a:1:{i:0;s:17:\"Just Starting Out\";}'),(9,0,2,0,0,0,'71.71.122.166',1329070891,'LOG_CONFIG_AVATAR',''),(10,0,2,0,0,0,'71.71.122.166',1329070951,'LOG_ACL_ADD_FORUM_LOCAL_F_','a:2:{i:0;s:8:\"Business\";i:1;s:41:\"<span class=\"sep\">Registered users</span>\";}'),(11,0,2,0,0,0,'71.71.122.166',1329070996,'LOG_ACL_ADD_FORUM_LOCAL_F_','a:2:{i:0;s:7:\"Pricing\";i:1;s:41:\"<span class=\"sep\">Registered users</span>\";}'),(12,0,2,0,0,0,'71.71.122.166',1329071079,'LOG_FORUM_ADD','a:1:{i:0;s:9:\"Marketing\";}'),(13,0,2,0,0,0,'71.71.122.166',1329071094,'LOG_FORUM_ADD','a:1:{i:0;s:8:\"Products\";}'),(14,0,2,0,0,0,'71.71.122.166',1329071127,'LOG_FORUM_ADD','a:1:{i:0;s:8:\"Branding\";}'),(15,0,2,0,0,0,'71.71.122.166',1329071160,'LOG_FORUM_ADD','a:1:{i:0;s:7:\"Clients\";}'),(16,0,2,0,0,0,'71.71.122.166',1329071244,'LOG_FORUM_ADD','a:1:{i:0;s:11:\"Photography\";}'),(17,0,2,0,0,0,'71.71.122.166',1329071313,'LOG_FORUM_ADD','a:1:{i:0;s:16:\"Props and Studio\";}'),(18,0,2,0,0,0,'71.71.122.166',1329072244,'LOG_ACL_ADD_FORUM_LOCAL_F_','a:2:{i:0;s:88:\"Clients, Marketing, Products, Branding, Business, Pricing, Photography, Props and Studio\";i:1;s:41:\"<span class=\"sep\">Registered users</span>\";}'),(19,0,2,0,0,0,'71.71.122.166',1329072257,'LOG_ACL_ADD_FORUM_LOCAL_F_','a:2:{i:0;s:88:\"Clients, Marketing, Products, Branding, Business, Pricing, Photography, Props and Studio\";i:1;s:41:\"<span class=\"sep\">Registered users</span>\";}'),(20,0,2,0,0,0,'71.71.122.166',1329072323,'LOG_FORUM_EDIT','a:1:{i:0;s:8:\"Branding\";}'),(21,0,2,0,0,0,'71.71.122.166',1329072336,'LOG_FORUM_EDIT','a:1:{i:0;s:7:\"Clients\";}'),(22,0,2,0,0,0,'71.71.122.166',1329072359,'LOG_FORUM_DEL_POSTS','a:1:{i:0;s:16:\"Props and Studio\";}'),(23,0,2,0,0,0,'71.71.122.166',1329072378,'LOG_ACL_ADD_FORUM_LOCAL_F_','a:2:{i:0;s:70:\"Clients, Marketing, Products, Branding, Business, Pricing, Photography\";i:1;s:41:\"<span class=\"sep\">Registered users</span>\";}'),(24,0,2,0,0,0,'71.71.122.166',1329072427,'LOG_FORUM_ADD','a:1:{i:0;s:8:\"Workflow\";}'),(25,0,2,0,0,0,'71.71.122.166',1329072439,'LOG_FORUM_COPIED_PERMISSIONS','a:2:{i:0;s:8:\"Business\";i:1;s:8:\"Workflow\";}'),(26,0,2,0,0,0,'71.71.122.166',1329072581,'LOG_FORUM_ADD','a:1:{i:0;s:24:\"Marketing and Promotions\";}'),(27,0,2,0,0,0,'71.71.122.166',1329072581,'LOG_FORUM_COPIED_PERMISSIONS','a:2:{i:0;s:9:\"Marketing\";i:1;s:24:\"Marketing and Promotions\";}'),(28,0,2,0,0,0,'71.71.122.166',1329072597,'LOG_FORUM_COPIED_PERMISSIONS','a:2:{i:0;s:9:\"Marketing\";i:1;s:24:\"Marketing and Promotions\";}'),(29,0,2,0,0,0,'71.71.122.166',1329072622,'LOG_FORUM_ADD','a:1:{i:0;s:9:\"Templates\";}'),(30,0,2,0,0,0,'71.71.122.166',1329072642,'LOG_FORUM_ADD','a:1:{i:0;s:13:\"Template Help\";}'),(31,0,2,0,0,0,'71.71.122.166',1329072642,'LOG_FORUM_COPIED_PERMISSIONS','a:2:{i:0;s:9:\"Templates\";i:1;s:13:\"Template Help\";}'),(32,0,2,0,0,0,'71.71.122.166',1329072657,'LOG_FORUM_COPIED_PERMISSIONS','a:2:{i:0;s:8:\"Business\";i:1;s:24:\"Templates, Template Help\";}'),(33,0,2,0,0,0,'71.71.122.166',1329072687,'LOG_FORUM_ADD','a:1:{i:0;s:15:\"Other Designers\";}'),(34,0,2,0,0,0,'71.71.122.166',1329072687,'LOG_FORUM_COPIED_PERMISSIONS','a:2:{i:0;s:9:\"Templates\";i:1;s:15:\"Other Designers\";}'),(35,0,2,0,0,0,'71.71.122.166',1329072735,'LOG_FORUM_EDIT','a:1:{i:0;s:8:\"Products\";}'),(36,0,2,0,0,0,'71.71.122.166',1329072765,'LOG_FORUM_ADD','a:1:{i:0;s:16:\"Customer Service\";}'),(37,0,2,0,0,0,'71.71.122.166',1329072765,'LOG_FORUM_COPIED_PERMISSIONS','a:2:{i:0;s:8:\"Business\";i:1;s:16:\"Customer Service\";}'),(38,0,2,0,0,0,'71.71.122.166',1329072802,'LOG_FORUM_ADD','a:1:{i:0;s:6:\"Hiring\";}'),(39,0,2,0,0,0,'71.71.122.166',1329072802,'LOG_FORUM_COPIED_PERMISSIONS','a:2:{i:0;s:8:\"Business\";i:1;s:6:\"Hiring\";}'),(40,0,2,0,0,0,'71.71.122.166',1329072843,'LOG_FORUM_ADD','a:1:{i:0;s:23:\"Photography Inspiration\";}'),(41,0,2,0,0,0,'71.71.122.166',1329072843,'LOG_FORUM_COPIED_PERMISSIONS','a:2:{i:0;s:11:\"Photography\";i:1;s:23:\"Photography Inspiration\";}'),(42,0,2,0,0,0,'71.71.122.166',1329072856,'LOG_FORUM_ADD','a:1:{i:0;s:23:\"Photography Discussions\";}'),(43,0,2,0,0,0,'71.71.122.166',1329072856,'LOG_FORUM_COPIED_PERMISSIONS','a:2:{i:0;s:11:\"Photography\";i:1;s:23:\"Photography Discussions\";}'),(44,0,2,0,0,0,'71.71.122.166',1329072891,'LOG_FORUM_ADD','a:1:{i:0;s:15:\"Post Processing\";}'),(45,0,2,0,0,0,'71.71.122.166',1329072891,'LOG_FORUM_COPIED_PERMISSIONS','a:2:{i:0;s:11:\"Photography\";i:1;s:15:\"Post Processing\";}'),(46,0,2,0,0,0,'71.71.122.166',1329072915,'LOG_FORUM_ADD','a:1:{i:0;s:23:\"Cameras &amp; Equipment\";}'),(47,0,2,0,0,0,'71.71.122.166',1329072915,'LOG_FORUM_COPIED_PERMISSIONS','a:2:{i:0;s:11:\"Photography\";i:1;s:23:\"Cameras &amp; Equipment\";}'),(48,0,2,0,0,0,'71.71.122.166',1329072973,'LOG_FORUM_ADD','a:1:{i:0;s:20:\"For Trade &amp; Sale\";}'),(49,0,2,0,0,0,'71.71.122.166',1329072983,'LOG_ACL_ADD_FORUM_LOCAL_F_','a:2:{i:0;s:20:\"For Trade &amp; Sale\";i:1;s:41:\"<span class=\"sep\">Registered users</span>\";}'),(50,0,2,0,0,0,'71.71.122.166',1329073000,'LOG_FORUM_ADD','a:1:{i:0;s:18:\"Equipment For Sale\";}'),(51,0,2,0,0,0,'71.71.122.166',1329073000,'LOG_FORUM_COPIED_PERMISSIONS','a:2:{i:0;s:20:\"For Trade &amp; Sale\";i:1;s:18:\"Equipment For Sale\";}'),(52,0,2,0,0,0,'71.71.122.166',1329073009,'LOG_FORUM_ADD','a:1:{i:0;s:9:\"Prop Swap\";}'),(53,0,2,0,0,0,'71.71.122.166',1329073009,'LOG_FORUM_COPIED_PERMISSIONS','a:2:{i:0;s:20:\"For Trade &amp; Sale\";i:1;s:9:\"Prop Swap\";}'),(54,0,2,0,0,0,'71.71.122.166',1329073077,'LOG_FORUM_DEL_FORUMS','a:1:{i:0;s:9:\"Marketing\";}'),(55,0,2,0,0,0,'71.71.122.166',1329073092,'LOG_FORUM_ADD','a:1:{i:0;s:26:\"Marketing &amp; Promotions\";}'),(56,0,2,0,0,0,'71.71.122.166',1329073092,'LOG_FORUM_COPIED_PERMISSIONS','a:2:{i:0;s:8:\"Business\";i:1;s:26:\"Marketing &amp; Promotions\";}'),(57,0,2,0,0,0,'71.71.122.166',1329073096,'LOG_FORUM_MOVE_UP','a:2:{i:0;s:26:\"Marketing &amp; Promotions\";i:1;s:6:\"Hiring\";}'),(58,0,2,0,0,0,'71.71.122.166',1329073099,'LOG_FORUM_MOVE_UP','a:2:{i:0;s:26:\"Marketing &amp; Promotions\";i:1;s:16:\"Customer Service\";}'),(59,0,2,0,0,0,'71.71.122.166',1329073104,'LOG_FORUM_MOVE_UP','a:2:{i:0;s:26:\"Marketing &amp; Promotions\";i:1;s:8:\"Products\";}'),(60,0,2,0,0,0,'71.71.122.166',1329073106,'LOG_FORUM_MOVE_UP','a:2:{i:0;s:26:\"Marketing &amp; Promotions\";i:1;s:8:\"Workflow\";}'),(61,0,2,0,0,0,'71.71.122.166',1329073110,'LOG_FORUM_MOVE_UP','a:2:{i:0;s:26:\"Marketing &amp; Promotions\";i:1;s:7:\"Pricing\";}'),(62,0,2,0,0,0,'71.71.122.166',1329073118,'LOG_FORUM_MOVE_UP','a:2:{i:0;s:8:\"Products\";i:1;s:8:\"Workflow\";}'),(63,0,2,0,0,0,'71.71.122.166',1329073133,'LOG_FORUM_ADD','a:1:{i:0;s:7:\"Vendors\";}'),(64,0,2,0,0,0,'71.71.122.166',1329073166,'LOG_FORUM_ADD','a:1:{i:0;s:7:\"Vendors\";}'),(65,0,2,0,0,0,'71.71.122.166',1329073166,'LOG_FORUM_COPIED_PERMISSIONS','a:2:{i:0;s:7:\"Vendors\";i:1;s:7:\"Vendors\";}'),(66,0,2,0,0,0,'71.71.122.166',1329073187,'LOG_FORUM_COPIED_PERMISSIONS','a:2:{i:0;s:8:\"Business\";i:1;s:319:\"Clients, Products, Branding, Pricing, Vendors, Photography, Workflow, Marketing &amp; Promotions, Templates, Template Help, Other Designers, Customer Service, Hiring, Photography Inspiration, Photography Discussions, Post Processing, Cameras &amp; Equipment, For Trade &amp; Sale, Equipment For Sale, Prop Swap, Vendors\";}'),(67,0,2,0,0,0,'71.71.122.166',1329073200,'LOG_FORUM_MOVE_UP','a:2:{i:0;s:7:\"Vendors\";i:1;s:20:\"For Trade &amp; Sale\";}'),(68,0,2,0,0,0,'71.71.122.166',1329073230,'LOG_FORUM_ADD','a:1:{i:0;s:9:\"Chit Chat\";}'),(69,0,2,0,0,0,'71.71.122.166',1329073257,'LOG_FORUM_ADD','a:1:{i:0;s:13:\"Personal Talk\";}'),(70,0,2,0,0,0,'71.71.122.166',1329073257,'LOG_FORUM_COPIED_PERMISSIONS','a:2:{i:0;s:9:\"Chit Chat\";i:1;s:13:\"Personal Talk\";}'),(71,0,2,0,0,0,'71.71.122.166',1329073268,'LOG_FORUM_ADD','a:1:{i:0;s:13:\"Business Talk\";}'),(72,0,2,0,0,0,'71.71.122.166',1329073268,'LOG_FORUM_COPIED_PERMISSIONS','a:2:{i:0;s:9:\"Chit Chat\";i:1;s:13:\"Business Talk\";}'),(73,0,2,0,0,0,'71.71.122.166',1329073316,'LOG_FORUM_COPIED_PERMISSIONS','a:2:{i:0;s:8:\"Business\";i:1;s:360:\"Clients, Products, Branding, Pricing, Vendors, Photography, Workflow, Marketing &amp; Promotions, Templates, Template Help, Other Designers, Customer Service, Hiring, Photography Inspiration, Photography Discussions, Post Processing, Cameras &amp; Equipment, For Trade &amp; Sale, Equipment For Sale, Prop Swap, Vendors, Chit Chat, Personal Talk, Business Talk\";}'),(74,0,2,0,0,0,'71.71.122.166',1329085772,'LOG_ADMIN_AUTH_SUCCESS',''),(75,0,2,0,0,0,'71.71.122.166',1329085823,'LOG_STYLE_ADD','a:1:{i:0;s:12:\"andreahalsey\";}'),(76,0,2,0,0,0,'71.71.122.166',1329145200,'LOG_ADMIN_AUTH_SUCCESS',''),(77,0,2,0,0,0,'71.71.122.166',1329145250,'LOG_CONFIG_SECURITY',''),(78,0,2,0,0,0,'71.71.122.166',1329146673,'LOG_TEMPLATE_ADD_FS','a:1:{i:0;s:12:\"andreahalsey\";}'),(79,0,2,0,0,0,'71.71.122.166',1329146692,'LOG_THEME_ADD_FS','a:1:{i:0;s:12:\"andreahalsey\";}'),(80,0,2,0,0,0,'71.71.122.166',1329146703,'LOG_IMAGESET_ADD_FS','a:1:{i:0;s:12:\"andreahalsey\";}'),(81,0,2,0,0,0,'71.71.122.166',1329147103,'LOG_STYLE_EDIT_DETAILS','a:1:{i:0;s:12:\"andreahalsey\";}'),(82,0,2,0,0,0,'71.71.122.166',1329147312,'LOG_STYLE_EDIT_DETAILS','a:1:{i:0;s:12:\"andreahalsey\";}'),(83,0,2,0,0,0,'71.71.122.166',1329147370,'LOG_STYLE_EDIT_DETAILS','a:1:{i:0;s:12:\"andreahalsey\";}'),(84,0,2,0,0,0,'71.71.122.166',1329147386,'LOG_TEMPLATE_CACHE_CLEARED','a:2:{i:0;s:12:\"andreahalsey\";i:1;s:9:\"All files\";}'),(85,0,2,0,0,0,'71.71.122.166',1329147406,'LOG_IMAGESET_REFRESHED','a:1:{i:0;s:12:\"andreahalsey\";}'),(86,0,2,0,0,0,'71.71.122.166',1329147422,'LOG_STYLE_EDIT_DETAILS','a:1:{i:0;s:12:\"andreahalsey\";}'),(87,0,2,0,0,0,'71.71.122.166',1329147471,'LOG_TEMPLATE_CACHE_CLEARED','a:2:{i:0;s:12:\"andreahalsey\";i:1;s:9:\"All files\";}'),(88,0,2,0,0,0,'71.71.122.166',1329147524,'LOG_TEMPLATE_CACHE_CLEARED','a:2:{i:0;s:12:\"andreahalsey\";i:1;s:9:\"All files\";}'),(89,0,2,0,0,0,'71.71.122.166',1329147548,'LOG_TEMPLATE_CACHE_CLEARED','a:2:{i:0;s:12:\"andreahalsey\";i:1;s:9:\"All files\";}'),(90,0,2,0,0,0,'71.71.122.166',1329147673,'LOG_TEMPLATE_CACHE_CLEARED','a:2:{i:0;s:12:\"andreahalsey\";i:1;s:9:\"All files\";}'),(91,0,2,0,0,0,'71.71.122.166',1329147784,'LOG_TEMPLATE_CACHE_CLEARED','a:2:{i:0;s:12:\"andreahalsey\";i:1;s:9:\"All files\";}'),(92,0,2,0,0,0,'71.71.122.166',1329147837,'LOG_TEMPLATE_CACHE_CLEARED','a:2:{i:0;s:12:\"andreahalsey\";i:1;s:9:\"All files\";}'),(93,0,2,0,0,0,'71.71.122.166',1329147891,'LOG_TEMPLATE_CACHE_CLEARED','a:2:{i:0;s:12:\"andreahalsey\";i:1;s:9:\"All files\";}'),(94,0,2,0,0,0,'71.71.122.166',1329148320,'LOG_TEMPLATE_CACHE_CLEARED','a:2:{i:0;s:12:\"andreahalsey\";i:1;s:9:\"All files\";}'),(95,0,2,0,0,0,'71.71.122.166',1329148599,'LOG_TEMPLATE_CACHE_CLEARED','a:2:{i:0;s:12:\"andreahalsey\";i:1;s:9:\"All files\";}'),(96,0,2,0,0,0,'71.71.122.166',1329148684,'LOG_TEMPLATE_CACHE_CLEARED','a:2:{i:0;s:12:\"andreahalsey\";i:1;s:9:\"All files\";}'),(97,0,2,0,0,0,'71.71.122.166',1329148783,'LOG_TEMPLATE_CACHE_CLEARED','a:2:{i:0;s:12:\"andreahalsey\";i:1;s:9:\"All files\";}'),(98,0,2,0,0,0,'71.71.122.166',1329148961,'LOG_TEMPLATE_CACHE_CLEARED','a:2:{i:0;s:12:\"andreahalsey\";i:1;s:9:\"All files\";}'),(99,0,2,0,0,0,'71.71.122.166',1329149058,'LOG_TEMPLATE_CACHE_CLEARED','a:2:{i:0;s:12:\"andreahalsey\";i:1;s:9:\"All files\";}'),(100,0,2,0,0,0,'71.71.122.166',1329149107,'LOG_TEMPLATE_CACHE_CLEARED','a:2:{i:0;s:12:\"andreahalsey\";i:1;s:9:\"All files\";}'),(101,0,2,0,0,0,'71.71.122.166',1329149231,'LOG_TEMPLATE_CACHE_CLEARED','a:2:{i:0;s:12:\"andreahalsey\";i:1;s:9:\"All files\";}'),(102,0,2,0,0,0,'71.71.122.166',1329149259,'LOG_TEMPLATE_CACHE_CLEARED','a:2:{i:0;s:12:\"andreahalsey\";i:1;s:9:\"All files\";}'),(103,0,2,0,0,0,'71.71.122.166',1329149305,'LOG_TEMPLATE_CACHE_CLEARED','a:2:{i:0;s:12:\"andreahalsey\";i:1;s:9:\"All files\";}'),(104,0,2,0,0,0,'71.71.122.166',1329149511,'LOG_TEMPLATE_CACHE_CLEARED','a:2:{i:0;s:12:\"andreahalsey\";i:1;s:9:\"All files\";}'),(105,0,2,0,0,0,'71.71.122.166',1329149589,'LOG_IMAGESET_REFRESHED','a:1:{i:0;s:12:\"andreahalsey\";}'),(106,0,2,0,0,0,'71.71.122.166',1329149625,'LOG_TEMPLATE_CACHE_CLEARED','a:2:{i:0;s:12:\"andreahalsey\";i:1;s:9:\"All files\";}'),(107,0,2,0,0,0,'71.71.122.166',1329149711,'LOG_TEMPLATE_CACHE_CLEARED','a:2:{i:0;s:12:\"andreahalsey\";i:1;s:9:\"All files\";}'),(108,0,2,0,0,0,'71.71.122.166',1329149752,'LOG_TEMPLATE_CACHE_CLEARED','a:2:{i:0;s:12:\"andreahalsey\";i:1;s:9:\"All files\";}'),(109,0,2,0,0,0,'71.71.122.166',1329149964,'LOG_STYLE_EDIT_DETAILS','a:1:{i:0;s:9:\"prosilver\";}'),(110,0,2,0,0,0,'71.71.122.166',1329149988,'LOG_TEMPLATE_CACHE_CLEARED','a:2:{i:0;s:9:\"prosilver\";i:1;s:9:\"All files\";}'),(111,0,2,0,0,0,'71.71.122.166',1329150086,'LOG_STYLE_EDIT_DETAILS','a:1:{i:0;s:12:\"andreahalsey\";}'),(112,0,2,0,0,0,'71.71.122.166',1329150692,'LOG_TEMPLATE_CACHE_CLEARED','a:2:{i:0;s:12:\"andreahalsey\";i:1;s:9:\"All files\";}'),(113,0,2,0,0,0,'71.71.122.166',1329150831,'LOG_TEMPLATE_CACHE_CLEARED','a:2:{i:0;s:12:\"andreahalsey\";i:1;s:9:\"All files\";}'),(114,0,2,0,0,0,'71.71.122.166',1329150890,'LOG_TEMPLATE_CACHE_CLEARED','a:2:{i:0;s:12:\"andreahalsey\";i:1;s:9:\"All files\";}'),(115,0,2,0,0,0,'71.71.122.166',1329151046,'LOG_TEMPLATE_CACHE_CLEARED','a:2:{i:0;s:12:\"andreahalsey\";i:1;s:9:\"All files\";}'),(116,0,2,0,0,0,'71.71.122.166',1329151277,'LOG_TEMPLATE_CACHE_CLEARED','a:2:{i:0;s:12:\"andreahalsey\";i:1;s:9:\"All files\";}'),(117,0,2,0,0,0,'71.71.122.166',1329151421,'LOG_TEMPLATE_CACHE_CLEARED','a:2:{i:0;s:12:\"andreahalsey\";i:1;s:9:\"All files\";}'),(118,0,2,0,0,0,'71.71.122.166',1329151456,'LOG_TEMPLATE_CACHE_CLEARED','a:2:{i:0;s:12:\"andreahalsey\";i:1;s:9:\"All files\";}'),(119,0,2,0,0,0,'71.71.122.166',1329151490,'LOG_TEMPLATE_CACHE_CLEARED','a:2:{i:0;s:12:\"andreahalsey\";i:1;s:9:\"All files\";}'),(120,0,2,0,0,0,'71.71.122.166',1329151676,'LOG_TEMPLATE_CACHE_CLEARED','a:2:{i:0;s:12:\"andreahalsey\";i:1;s:9:\"All files\";}'),(121,0,2,0,0,0,'71.71.122.166',1329151723,'LOG_TEMPLATE_CACHE_CLEARED','a:2:{i:0;s:12:\"andreahalsey\";i:1;s:9:\"All files\";}'),(122,0,2,0,0,0,'71.71.122.166',1329151924,'LOG_TEMPLATE_CACHE_CLEARED','a:2:{i:0;s:12:\"andreahalsey\";i:1;s:9:\"All files\";}'),(123,0,2,0,0,0,'71.71.122.166',1329152004,'LOG_TEMPLATE_CACHE_CLEARED','a:2:{i:0;s:12:\"andreahalsey\";i:1;s:9:\"All files\";}'),(124,0,2,0,0,0,'71.71.122.166',1329167664,'LOG_TEMPLATE_CACHE_CLEARED','a:2:{i:0;s:12:\"andreahalsey\";i:1;s:9:\"All files\";}'),(125,0,2,0,0,0,'71.71.122.166',1329167719,'LOG_TEMPLATE_CACHE_CLEARED','a:2:{i:0;s:12:\"andreahalsey\";i:1;s:9:\"All files\";}'),(126,0,2,0,0,0,'71.71.122.166',1329167761,'LOG_TEMPLATE_CACHE_CLEARED','a:2:{i:0;s:12:\"andreahalsey\";i:1;s:9:\"All files\";}'),(127,0,2,0,0,0,'71.71.122.166',1329167830,'LOG_TEMPLATE_CACHE_CLEARED','a:2:{i:0;s:12:\"andreahalsey\";i:1;s:9:\"All files\";}'),(128,0,2,0,0,0,'71.71.122.166',1329167866,'LOG_TEMPLATE_CACHE_CLEARED','a:2:{i:0;s:12:\"andreahalsey\";i:1;s:9:\"All files\";}'),(129,0,2,0,0,0,'71.71.122.166',1329167891,'LOG_TEMPLATE_CACHE_CLEARED','a:2:{i:0;s:12:\"andreahalsey\";i:1;s:9:\"All files\";}'),(130,0,2,0,0,0,'71.71.122.166',1329168216,'LOG_TEMPLATE_CACHE_CLEARED','a:2:{i:0;s:12:\"andreahalsey\";i:1;s:9:\"All files\";}'),(131,0,2,0,0,0,'71.71.122.166',1329168310,'LOG_TEMPLATE_CACHE_CLEARED','a:2:{i:0;s:12:\"andreahalsey\";i:1;s:9:\"All files\";}'),(132,0,2,0,0,0,'71.71.122.166',1329168895,'LOG_TEMPLATE_CACHE_CLEARED','a:2:{i:0;s:12:\"andreahalsey\";i:1;s:9:\"All files\";}'),(133,0,2,0,0,0,'71.71.122.166',1329168926,'LOG_TEMPLATE_CACHE_CLEARED','a:2:{i:0;s:12:\"andreahalsey\";i:1;s:9:\"All files\";}'),(134,0,2,0,0,0,'71.71.122.166',1329168946,'LOG_TEMPLATE_CACHE_CLEARED','a:2:{i:0;s:12:\"andreahalsey\";i:1;s:9:\"All files\";}'),(135,0,2,0,0,0,'71.71.122.166',1329168968,'LOG_TEMPLATE_CACHE_CLEARED','a:2:{i:0;s:12:\"andreahalsey\";i:1;s:9:\"All files\";}'),(136,0,2,0,0,0,'71.71.122.166',1329169409,'LOG_TEMPLATE_CACHE_CLEARED','a:2:{i:0;s:12:\"andreahalsey\";i:1;s:9:\"All files\";}'),(137,0,2,0,0,0,'71.71.122.166',1329169447,'LOG_TEMPLATE_CACHE_CLEARED','a:2:{i:0;s:12:\"andreahalsey\";i:1;s:9:\"All files\";}'),(138,0,2,0,0,0,'71.71.122.166',1329169483,'LOG_TEMPLATE_CACHE_CLEARED','a:2:{i:0;s:12:\"andreahalsey\";i:1;s:9:\"All files\";}'),(139,0,2,0,0,0,'71.71.122.166',1329170192,'LOG_TEMPLATE_CACHE_CLEARED','a:2:{i:0;s:12:\"andreahalsey\";i:1;s:9:\"All files\";}'),(140,0,2,0,0,0,'71.71.122.166',1329170237,'LOG_STYLE_EDIT_DETAILS','a:1:{i:0;s:12:\"andreahalsey\";}'),(141,0,2,0,0,0,'71.71.122.166',1329170248,'LOG_TEMPLATE_CACHE_CLEARED','a:2:{i:0;s:12:\"andreahalsey\";i:1;s:9:\"All files\";}'),(142,0,2,0,0,0,'71.71.122.166',1329170266,'LOG_TEMPLATE_CACHE_CLEARED','a:2:{i:0;s:12:\"andreahalsey\";i:1;s:9:\"All files\";}'),(143,0,2,0,0,0,'71.71.122.166',1329170301,'LOG_TEMPLATE_CACHE_CLEARED','a:2:{i:0;s:12:\"andreahalsey\";i:1;s:9:\"All files\";}'),(144,0,2,0,0,0,'71.71.122.166',1329170376,'LOG_TEMPLATE_CACHE_CLEARED','a:2:{i:0;s:12:\"andreahalsey\";i:1;s:9:\"All files\";}'),(145,0,2,0,0,0,'71.71.122.166',1329170477,'LOG_TEMPLATE_CACHE_CLEARED','a:2:{i:0;s:12:\"andreahalsey\";i:1;s:9:\"All files\";}'),(146,0,2,0,0,0,'71.71.122.166',1329170498,'LOG_TEMPLATE_CACHE_CLEARED','a:2:{i:0;s:12:\"andreahalsey\";i:1;s:9:\"All files\";}'),(147,0,2,0,0,0,'71.71.122.166',1329170566,'LOG_TEMPLATE_CACHE_CLEARED','a:2:{i:0;s:12:\"andreahalsey\";i:1;s:9:\"All files\";}'),(148,0,2,0,0,0,'71.71.122.166',1329170659,'LOG_TEMPLATE_CACHE_CLEARED','a:2:{i:0;s:12:\"andreahalsey\";i:1;s:9:\"All files\";}'),(149,0,2,0,0,0,'71.71.122.166',1329170877,'LOG_TEMPLATE_CACHE_CLEARED','a:2:{i:0;s:12:\"andreahalsey\";i:1;s:9:\"All files\";}'),(150,0,2,0,0,0,'71.71.122.166',1329170900,'LOG_TEMPLATE_CACHE_CLEARED','a:2:{i:0;s:12:\"andreahalsey\";i:1;s:9:\"All files\";}'),(151,0,2,0,0,0,'71.71.122.166',1329171016,'LOG_TEMPLATE_CACHE_CLEARED','a:2:{i:0;s:12:\"andreahalsey\";i:1;s:9:\"All files\";}'),(152,0,2,0,0,0,'71.71.122.166',1329171122,'LOG_TEMPLATE_CACHE_CLEARED','a:2:{i:0;s:12:\"andreahalsey\";i:1;s:9:\"All files\";}'),(153,0,2,0,0,0,'71.71.122.166',1329171168,'LOG_TEMPLATE_CACHE_CLEARED','a:2:{i:0;s:12:\"andreahalsey\";i:1;s:9:\"All files\";}'),(154,0,2,0,0,0,'71.71.122.166',1329171239,'LOG_TEMPLATE_CACHE_CLEARED','a:2:{i:0;s:12:\"andreahalsey\";i:1;s:9:\"All files\";}'),(155,0,2,0,0,0,'71.71.122.166',1329171262,'LOG_TEMPLATE_CACHE_CLEARED','a:2:{i:0;s:12:\"andreahalsey\";i:1;s:9:\"All files\";}'),(156,0,2,0,0,0,'71.71.122.166',1329171379,'LOG_TEMPLATE_CACHE_CLEARED','a:2:{i:0;s:12:\"andreahalsey\";i:1;s:9:\"All files\";}'),(157,0,2,0,0,0,'71.71.122.166',1329171406,'LOG_CONFIG_SETTINGS',''),(158,0,2,0,0,0,'71.71.122.166',1329171499,'LOG_TEMPLATE_CACHE_CLEARED','a:2:{i:0;s:12:\"andreahalsey\";i:1;s:9:\"All files\";}'),(159,0,2,0,0,0,'71.71.122.166',1329171590,'LOG_TEMPLATE_CACHE_CLEARED','a:2:{i:0;s:12:\"andreahalsey\";i:1;s:9:\"All files\";}'),(160,0,2,0,0,0,'71.71.122.166',1329171615,'LOG_TEMPLATE_CACHE_CLEARED','a:2:{i:0;s:12:\"andreahalsey\";i:1;s:9:\"All files\";}'),(161,0,2,0,0,0,'71.71.122.166',1329171655,'LOG_TEMPLATE_CACHE_CLEARED','a:2:{i:0;s:12:\"andreahalsey\";i:1;s:9:\"All files\";}'),(162,0,2,0,0,0,'71.71.122.166',1329171859,'LOG_TEMPLATE_CACHE_CLEARED','a:2:{i:0;s:12:\"andreahalsey\";i:1;s:9:\"All files\";}'),(163,0,2,0,0,0,'71.71.122.166',1329172047,'LOG_TEMPLATE_CACHE_CLEARED','a:2:{i:0;s:12:\"andreahalsey\";i:1;s:9:\"All files\";}'),(164,0,2,0,0,0,'71.71.122.166',1329172112,'LOG_TEMPLATE_CACHE_CLEARED','a:2:{i:0;s:12:\"andreahalsey\";i:1;s:9:\"All files\";}'),(165,0,2,0,0,0,'71.71.122.166',1329172222,'LOG_TEMPLATE_CACHE_CLEARED','a:2:{i:0;s:12:\"andreahalsey\";i:1;s:9:\"All files\";}'),(166,0,2,0,0,0,'71.71.122.166',1329172258,'LOG_TEMPLATE_CACHE_CLEARED','a:2:{i:0;s:12:\"andreahalsey\";i:1;s:9:\"All files\";}'),(167,0,2,0,0,0,'71.71.122.166',1329172295,'LOG_TEMPLATE_CACHE_CLEARED','a:2:{i:0;s:12:\"andreahalsey\";i:1;s:9:\"All files\";}'),(168,0,2,0,0,0,'71.71.122.166',1329172346,'LOG_TEMPLATE_CACHE_CLEARED','a:2:{i:0;s:12:\"andreahalsey\";i:1;s:9:\"All files\";}'),(169,0,2,0,0,0,'71.71.122.166',1329172383,'LOG_TEMPLATE_CACHE_CLEARED','a:2:{i:0;s:12:\"andreahalsey\";i:1;s:9:\"All files\";}'),(170,0,2,0,0,0,'71.71.122.166',1329172731,'LOG_TEMPLATE_CACHE_CLEARED','a:2:{i:0;s:12:\"andreahalsey\";i:1;s:9:\"All files\";}'),(171,0,2,0,0,0,'71.71.122.166',1329172773,'LOG_TEMPLATE_CACHE_CLEARED','a:2:{i:0;s:12:\"andreahalsey\";i:1;s:9:\"All files\";}'),(172,0,2,0,0,0,'71.71.122.166',1329172812,'LOG_TEMPLATE_CACHE_CLEARED','a:2:{i:0;s:12:\"andreahalsey\";i:1;s:9:\"All files\";}'),(173,0,2,0,0,0,'71.71.122.166',1329172906,'LOG_TEMPLATE_CACHE_CLEARED','a:2:{i:0;s:12:\"andreahalsey\";i:1;s:9:\"All files\";}'),(174,0,2,0,0,0,'71.71.122.166',1329173726,'LOG_TEMPLATE_CACHE_CLEARED','a:2:{i:0;s:12:\"andreahalsey\";i:1;s:9:\"All files\";}'),(175,0,2,0,0,0,'71.71.122.166',1329173749,'LOG_TEMPLATE_CACHE_CLEARED','a:2:{i:0;s:12:\"andreahalsey\";i:1;s:9:\"All files\";}'),(176,0,2,0,0,0,'71.71.122.166',1329174212,'LOG_ADMIN_AUTH_SUCCESS',''),(177,0,2,0,0,0,'71.71.122.166',1329174223,'LOG_TEMPLATE_CACHE_CLEARED','a:2:{i:0;s:12:\"andreahalsey\";i:1;s:9:\"All files\";}'),(178,0,2,0,0,0,'71.71.122.166',1329174868,'LOG_TEMPLATE_CACHE_CLEARED','a:2:{i:0;s:12:\"andreahalsey\";i:1;s:9:\"All files\";}'),(179,0,2,0,0,0,'71.71.122.166',1329175138,'LOG_TEMPLATE_CACHE_CLEARED','a:2:{i:0;s:12:\"andreahalsey\";i:1;s:9:\"All files\";}'),(180,0,2,0,0,0,'71.71.122.166',1329175177,'LOG_TEMPLATE_CACHE_CLEARED','a:2:{i:0;s:12:\"andreahalsey\";i:1;s:9:\"All files\";}'),(181,0,2,0,0,0,'71.71.122.166',1329175408,'LOG_TEMPLATE_CACHE_CLEARED','a:2:{i:0;s:12:\"andreahalsey\";i:1;s:9:\"All files\";}'),(182,0,2,0,0,0,'71.71.122.166',1329175555,'LOG_TEMPLATE_CACHE_CLEARED','a:2:{i:0;s:12:\"andreahalsey\";i:1;s:9:\"All files\";}'),(183,0,2,0,0,0,'71.71.122.166',1329181784,'LOG_ADMIN_AUTH_SUCCESS',''),(184,0,2,0,0,0,'71.71.122.166',1329181798,'LOG_TEMPLATE_CACHE_CLEARED','a:2:{i:0;s:12:\"andreahalsey\";i:1;s:9:\"All files\";}'),(185,0,2,0,0,0,'71.71.122.166',1329181900,'LOG_TEMPLATE_CACHE_CLEARED','a:2:{i:0;s:12:\"andreahalsey\";i:1;s:9:\"All files\";}'),(186,0,2,0,0,0,'71.71.122.166',1329182449,'LOG_TEMPLATE_CACHE_CLEARED','a:2:{i:0;s:12:\"andreahalsey\";i:1;s:9:\"All files\";}'),(187,0,2,0,0,0,'71.71.122.166',1329183234,'LOG_ADMIN_AUTH_SUCCESS',''),(188,0,2,0,0,0,'71.71.122.166',1329183245,'LOG_TEMPLATE_CACHE_CLEARED','a:2:{i:0;s:12:\"andreahalsey\";i:1;s:9:\"All files\";}'),(189,0,2,0,0,0,'71.71.122.166',1329183630,'LOG_TEMPLATE_CACHE_CLEARED','a:2:{i:0;s:12:\"andreahalsey\";i:1;s:9:\"All files\";}'),(190,0,2,0,0,0,'71.71.122.166',1329183751,'LOG_TEMPLATE_CACHE_CLEARED','a:2:{i:0;s:12:\"andreahalsey\";i:1;s:9:\"All files\";}'),(191,0,2,0,0,0,'71.71.122.166',1329183813,'LOG_TEMPLATE_CACHE_CLEARED','a:2:{i:0;s:12:\"andreahalsey\";i:1;s:9:\"All files\";}'),(192,0,2,0,0,0,'71.71.122.166',1329183847,'LOG_TEMPLATE_CACHE_CLEARED','a:2:{i:0;s:12:\"andreahalsey\";i:1;s:9:\"All files\";}'),(193,0,2,0,0,0,'71.71.122.166',1329183860,'LOG_TEMPLATE_CACHE_CLEARED','a:2:{i:0;s:12:\"andreahalsey\";i:1;s:9:\"All files\";}'),(194,0,2,0,0,0,'71.71.122.166',1329184020,'LOG_TEMPLATE_CACHE_CLEARED','a:2:{i:0;s:12:\"andreahalsey\";i:1;s:9:\"All files\";}'),(195,0,2,0,0,0,'71.71.122.166',1329184204,'LOG_TEMPLATE_CACHE_CLEARED','a:2:{i:0;s:12:\"andreahalsey\";i:1;s:9:\"All files\";}'),(196,0,2,0,0,0,'71.71.122.166',1329184256,'LOG_TEMPLATE_CACHE_CLEARED','a:2:{i:0;s:12:\"andreahalsey\";i:1;s:9:\"All files\";}'),(197,0,2,0,0,0,'71.71.122.166',1329184278,'LOG_TEMPLATE_CACHE_CLEARED','a:2:{i:0;s:12:\"andreahalsey\";i:1;s:9:\"All files\";}'),(198,0,2,0,0,0,'71.71.122.166',1329184305,'LOG_TEMPLATE_CACHE_CLEARED','a:2:{i:0;s:12:\"andreahalsey\";i:1;s:9:\"All files\";}'),(199,0,2,0,0,0,'71.71.122.166',1329184325,'LOG_TEMPLATE_CACHE_CLEARED','a:2:{i:0;s:12:\"andreahalsey\";i:1;s:9:\"All files\";}'),(200,0,2,0,0,0,'71.71.122.166',1329184397,'LOG_TEMPLATE_CACHE_CLEARED','a:2:{i:0;s:12:\"andreahalsey\";i:1;s:9:\"All files\";}'),(201,0,2,0,0,0,'71.71.122.166',1329184776,'LOG_TEMPLATE_CACHE_CLEARED','a:2:{i:0;s:12:\"andreahalsey\";i:1;s:9:\"All files\";}'),(202,0,2,0,0,0,'71.71.122.166',1329184840,'LOG_TEMPLATE_CACHE_CLEARED','a:2:{i:0;s:12:\"andreahalsey\";i:1;s:9:\"All files\";}'),(203,0,2,0,0,0,'71.71.122.166',1329184862,'LOG_TEMPLATE_CACHE_CLEARED','a:2:{i:0;s:12:\"andreahalsey\";i:1;s:9:\"All files\";}'),(204,0,2,0,0,0,'71.71.122.166',1329184879,'LOG_TEMPLATE_CACHE_CLEARED','a:2:{i:0;s:12:\"andreahalsey\";i:1;s:9:\"All files\";}'),(205,0,2,0,0,0,'71.71.122.166',1329184904,'LOG_TEMPLATE_CACHE_CLEARED','a:2:{i:0;s:12:\"andreahalsey\";i:1;s:9:\"All files\";}'),(206,0,2,0,0,0,'71.71.122.166',1329184926,'LOG_TEMPLATE_CACHE_CLEARED','a:2:{i:0;s:12:\"andreahalsey\";i:1;s:9:\"All files\";}'),(207,0,2,0,0,0,'71.71.122.166',1329185000,'LOG_TEMPLATE_CACHE_CLEARED','a:2:{i:0;s:12:\"andreahalsey\";i:1;s:9:\"All files\";}'),(208,0,2,0,0,0,'71.71.122.166',1329185016,'LOG_TEMPLATE_CACHE_CLEARED','a:2:{i:0;s:12:\"andreahalsey\";i:1;s:9:\"All files\";}'),(209,0,2,0,0,0,'71.71.122.166',1329185036,'LOG_TEMPLATE_CACHE_CLEARED','a:2:{i:0;s:12:\"andreahalsey\";i:1;s:9:\"All files\";}'),(210,0,2,0,0,0,'71.71.122.166',1329185135,'LOG_TEMPLATE_CACHE_CLEARED','a:2:{i:0;s:12:\"andreahalsey\";i:1;s:9:\"All files\";}'),(211,0,2,0,0,0,'71.71.122.166',1329185229,'LOG_TEMPLATE_CACHE_CLEARED','a:2:{i:0;s:12:\"andreahalsey\";i:1;s:9:\"All files\";}'),(212,0,2,0,0,0,'71.71.122.166',1329185256,'LOG_TEMPLATE_CACHE_CLEARED','a:2:{i:0;s:12:\"andreahalsey\";i:1;s:9:\"All files\";}'),(213,0,2,0,0,0,'71.71.122.166',1329185400,'LOG_TEMPLATE_CACHE_CLEARED','a:2:{i:0;s:12:\"andreahalsey\";i:1;s:9:\"All files\";}'),(214,0,2,0,0,0,'71.71.122.166',1329185505,'LOG_TEMPLATE_CACHE_CLEARED','a:2:{i:0;s:12:\"andreahalsey\";i:1;s:9:\"All files\";}'),(215,0,2,0,0,0,'71.71.122.166',1329185608,'LOG_TEMPLATE_CACHE_CLEARED','a:2:{i:0;s:12:\"andreahalsey\";i:1;s:9:\"All files\";}'),(216,0,2,0,0,0,'71.71.122.166',1329185739,'LOG_TEMPLATE_CACHE_CLEARED','a:2:{i:0;s:12:\"andreahalsey\";i:1;s:9:\"All files\";}'),(217,0,2,0,0,0,'71.71.122.166',1329185885,'LOG_TEMPLATE_CACHE_CLEARED','a:2:{i:0;s:12:\"andreahalsey\";i:1;s:9:\"All files\";}'),(218,0,2,0,0,0,'71.71.122.166',1329185941,'LOG_TEMPLATE_CACHE_CLEARED','a:2:{i:0;s:12:\"andreahalsey\";i:1;s:9:\"All files\";}'),(219,0,2,0,0,0,'71.71.122.166',1329185966,'LOG_TEMPLATE_CACHE_CLEARED','a:2:{i:0;s:12:\"andreahalsey\";i:1;s:9:\"All files\";}'),(220,0,2,0,0,0,'71.71.122.166',1329186010,'LOG_TEMPLATE_CACHE_CLEARED','a:2:{i:0;s:12:\"andreahalsey\";i:1;s:9:\"All files\";}'),(221,0,2,0,0,0,'71.71.122.166',1329186141,'LOG_TEMPLATE_CACHE_CLEARED','a:2:{i:0;s:12:\"andreahalsey\";i:1;s:9:\"All files\";}'),(222,0,2,0,0,0,'71.71.122.166',1329186193,'LOG_TEMPLATE_CACHE_CLEARED','a:2:{i:0;s:12:\"andreahalsey\";i:1;s:9:\"All files\";}'),(223,0,2,0,0,0,'71.71.122.166',1329186237,'LOG_TEMPLATE_CACHE_CLEARED','a:2:{i:0;s:12:\"andreahalsey\";i:1;s:9:\"All files\";}'),(224,0,2,0,0,0,'71.71.122.166',1329186277,'LOG_TEMPLATE_CACHE_CLEARED','a:2:{i:0;s:12:\"andreahalsey\";i:1;s:9:\"All files\";}'),(225,0,2,0,0,0,'71.71.122.166',1329186318,'LOG_TEMPLATE_CACHE_CLEARED','a:2:{i:0;s:12:\"andreahalsey\";i:1;s:9:\"All files\";}'),(226,0,2,0,0,0,'71.71.122.166',1329186341,'LOG_TEMPLATE_CACHE_CLEARED','a:2:{i:0;s:12:\"andreahalsey\";i:1;s:9:\"All files\";}'),(227,0,2,0,0,0,'71.71.122.166',1329186442,'LOG_TEMPLATE_CACHE_CLEARED','a:2:{i:0;s:12:\"andreahalsey\";i:1;s:9:\"All files\";}'),(228,0,2,0,0,0,'71.71.122.166',1329186468,'LOG_TEMPLATE_CACHE_CLEARED','a:2:{i:0;s:12:\"andreahalsey\";i:1;s:9:\"All files\";}'),(229,0,2,0,0,0,'71.71.122.166',1329186487,'LOG_TEMPLATE_CACHE_CLEARED','a:2:{i:0;s:12:\"andreahalsey\";i:1;s:9:\"All files\";}'),(230,0,2,0,0,0,'71.71.122.166',1329186557,'LOG_TEMPLATE_CACHE_CLEARED','a:2:{i:0;s:12:\"andreahalsey\";i:1;s:9:\"All files\";}'),(231,0,2,0,0,0,'71.71.122.166',1329186601,'LOG_TEMPLATE_CACHE_CLEARED','a:2:{i:0;s:12:\"andreahalsey\";i:1;s:9:\"All files\";}'),(232,0,2,0,0,0,'71.71.122.166',1329186678,'LOG_TEMPLATE_CACHE_CLEARED','a:2:{i:0;s:12:\"andreahalsey\";i:1;s:9:\"All files\";}'),(233,0,2,0,0,0,'71.71.122.166',1329187001,'LOG_TEMPLATE_CACHE_CLEARED','a:2:{i:0;s:12:\"andreahalsey\";i:1;s:9:\"All files\";}'),(234,0,2,0,0,0,'71.71.122.166',1329187030,'LOG_TEMPLATE_CACHE_CLEARED','a:2:{i:0;s:12:\"andreahalsey\";i:1;s:9:\"All files\";}'),(235,0,2,0,0,0,'71.71.122.166',1329187083,'LOG_TEMPLATE_CACHE_CLEARED','a:2:{i:0;s:12:\"andreahalsey\";i:1;s:9:\"All files\";}'),(236,0,2,0,0,0,'71.71.122.166',1329187395,'LOG_ADMIN_AUTH_SUCCESS',''),(237,0,2,0,0,0,'71.71.122.166',1329187407,'LOG_TEMPLATE_CACHE_CLEARED','a:2:{i:0;s:12:\"andreahalsey\";i:1;s:9:\"All files\";}'),(238,0,2,0,0,0,'71.71.122.166',1329191421,'LOG_ADMIN_AUTH_SUCCESS',''),(239,0,2,0,0,0,'71.71.122.166',1329191440,'LOG_ADMIN_AUTH_SUCCESS',''),(240,0,2,0,0,0,'71.71.122.166',1329191453,'LOG_TEMPLATE_CACHE_CLEARED','a:2:{i:0;s:12:\"andreahalsey\";i:1;s:9:\"All files\";}'),(241,0,2,0,0,0,'71.71.122.166',1329191615,'LOG_TEMPLATE_CACHE_CLEARED','a:2:{i:0;s:12:\"andreahalsey\";i:1;s:9:\"All files\";}'),(242,0,2,0,0,0,'71.71.122.166',1329191783,'LOG_TEMPLATE_CACHE_CLEARED','a:2:{i:0;s:12:\"andreahalsey\";i:1;s:9:\"All files\";}'),(243,0,2,0,0,0,'71.71.122.166',1329191805,'LOG_TEMPLATE_CACHE_CLEARED','a:2:{i:0;s:12:\"andreahalsey\";i:1;s:9:\"All files\";}'),(244,0,2,0,0,0,'71.71.122.166',1329191901,'LOG_TEMPLATE_CACHE_CLEARED','a:2:{i:0;s:12:\"andreahalsey\";i:1;s:9:\"All files\";}'),(245,0,2,0,0,0,'71.71.122.166',1329191926,'LOG_TEMPLATE_CACHE_CLEARED','a:2:{i:0;s:12:\"andreahalsey\";i:1;s:9:\"All files\";}'),(246,0,2,0,0,0,'71.71.122.166',1329192097,'LOG_TEMPLATE_CACHE_CLEARED','a:2:{i:0;s:12:\"andreahalsey\";i:1;s:9:\"All files\";}'),(247,0,2,0,0,0,'71.71.122.166',1329192130,'LOG_TEMPLATE_CACHE_CLEARED','a:2:{i:0;s:12:\"andreahalsey\";i:1;s:9:\"All files\";}'),(248,0,2,0,0,0,'71.71.122.166',1329192221,'LOG_TEMPLATE_CACHE_CLEARED','a:2:{i:0;s:12:\"andreahalsey\";i:1;s:9:\"All files\";}'),(249,0,2,0,0,0,'71.71.122.166',1329192267,'LOG_TEMPLATE_CACHE_CLEARED','a:2:{i:0;s:12:\"andreahalsey\";i:1;s:9:\"All files\";}'),(250,0,2,0,0,0,'71.71.122.166',1329228199,'LOG_ADMIN_AUTH_SUCCESS',''),(251,0,2,0,0,0,'71.71.122.166',1329228230,'LOG_TEMPLATE_CACHE_CLEARED','a:2:{i:0;s:12:\"andreahalsey\";i:1;s:9:\"All files\";}'),(252,0,2,0,0,0,'71.71.122.166',1329229715,'LOG_TEMPLATE_CACHE_CLEARED','a:2:{i:0;s:12:\"andreahalsey\";i:1;s:9:\"All files\";}'),(253,0,2,0,0,0,'71.71.122.166',1329229754,'LOG_TEMPLATE_CACHE_CLEARED','a:2:{i:0;s:12:\"andreahalsey\";i:1;s:9:\"All files\";}'),(254,0,2,0,0,0,'71.71.122.166',1329229778,'LOG_TEMPLATE_CACHE_CLEARED','a:2:{i:0;s:12:\"andreahalsey\";i:1;s:9:\"All files\";}'),(255,0,2,0,0,0,'71.71.122.166',1329229818,'LOG_TEMPLATE_CACHE_CLEARED','a:2:{i:0;s:12:\"andreahalsey\";i:1;s:9:\"All files\";}'),(256,0,2,0,0,0,'71.71.122.166',1329229910,'LOG_TEMPLATE_CACHE_CLEARED','a:2:{i:0;s:12:\"andreahalsey\";i:1;s:9:\"All files\";}'),(257,0,2,0,0,0,'71.71.122.166',1329229947,'LOG_TEMPLATE_CACHE_CLEARED','a:2:{i:0;s:12:\"andreahalsey\";i:1;s:9:\"All files\";}'),(258,0,2,0,0,0,'71.71.122.166',1329230213,'LOG_TEMPLATE_CACHE_CLEARED','a:2:{i:0;s:12:\"andreahalsey\";i:1;s:9:\"All files\";}'),(259,0,2,0,0,0,'71.71.122.166',1329230268,'LOG_TEMPLATE_CACHE_CLEARED','a:2:{i:0;s:12:\"andreahalsey\";i:1;s:9:\"All files\";}'),(260,0,2,0,0,0,'71.71.122.166',1329230290,'LOG_TEMPLATE_CACHE_CLEARED','a:2:{i:0;s:12:\"andreahalsey\";i:1;s:9:\"All files\";}'),(261,0,2,0,0,0,'71.71.122.166',1329230361,'LOG_TEMPLATE_CACHE_CLEARED','a:2:{i:0;s:12:\"andreahalsey\";i:1;s:9:\"All files\";}'),(262,0,2,0,0,0,'71.71.122.166',1329230650,'LOG_TEMPLATE_CACHE_CLEARED','a:2:{i:0;s:12:\"andreahalsey\";i:1;s:9:\"All files\";}'),(263,0,2,0,0,0,'71.71.122.166',1329230832,'LOG_TEMPLATE_CACHE_CLEARED','a:2:{i:0;s:12:\"andreahalsey\";i:1;s:9:\"All files\";}'),(264,0,2,0,0,0,'71.71.122.166',1329231087,'LOG_TEMPLATE_CACHE_CLEARED','a:2:{i:0;s:12:\"andreahalsey\";i:1;s:9:\"All files\";}'),(265,0,2,0,0,0,'71.71.122.166',1329231222,'LOG_TEMPLATE_CACHE_CLEARED','a:2:{i:0;s:12:\"andreahalsey\";i:1;s:9:\"All files\";}'),(266,0,2,0,0,0,'71.71.122.166',1329231442,'LOG_TEMPLATE_CACHE_CLEARED','a:2:{i:0;s:12:\"andreahalsey\";i:1;s:9:\"All files\";}'),(267,0,2,0,0,0,'71.71.122.166',1329231739,'LOG_FORUM_EDIT','a:1:{i:0;s:21:\"Discuss Your Business\";}'),(268,0,2,0,0,0,'71.71.122.166',1329231995,'LOG_FORUM_EDIT','a:1:{i:0;s:32:\"Discuss and Learn About Business\";}'),(269,0,2,0,0,0,'71.71.122.166',1329232135,'LOG_FORUM_EDIT','a:1:{i:0;s:35:\"Inspire and Share Photography Ideas\";}'),(270,0,2,0,0,0,'71.71.122.166',1329232174,'LOG_FORUM_EDIT','a:1:{i:0;s:19:\"A List of Resources\";}'),(271,0,2,0,0,0,'71.71.122.166',1329232198,'LOG_FORUM_EDIT','a:1:{i:0;s:19:\"Help with Templates\";}'),(272,0,2,0,0,0,'71.71.122.166',1329232237,'LOG_FORUM_EDIT','a:1:{i:0;s:13:\"Misc Business\";}'),(273,0,2,0,0,0,'71.71.122.166',1329232255,'LOG_FORUM_EDIT','a:1:{i:0;s:14:\"Misc. Business\";}'),(274,0,2,0,0,0,'71.71.122.166',1329232301,'LOG_FORUM_ADD','a:1:{i:0;s:22:\"Sales &amp; Projection\";}'),(275,0,2,0,0,0,'71.71.122.166',1329232301,'LOG_FORUM_COPIED_PERMISSIONS','a:2:{i:0;s:32:\"Discuss and Learn About Business\";i:1;s:22:\"Sales &amp; Projection\";}'),(276,0,2,0,0,0,'71.71.122.166',1329232309,'LOG_FORUM_MOVE_UP','a:2:{i:0;s:22:\"Sales &amp; Projection\";i:1;s:14:\"Misc. Business\";}'),(277,0,2,0,0,0,'71.71.122.166',1329232311,'LOG_FORUM_MOVE_UP','a:2:{i:0;s:22:\"Sales &amp; Projection\";i:1;s:16:\"Customer Service\";}'),(278,0,2,0,0,0,'71.71.122.166',1329232315,'LOG_FORUM_MOVE_UP','a:2:{i:0;s:22:\"Sales &amp; Projection\";i:1;s:8:\"Workflow\";}'),(279,0,2,0,0,0,'71.71.122.166',1329232323,'LOG_FORUM_MOVE_UP','a:2:{i:0;s:22:\"Sales &amp; Projection\";i:1;s:8:\"Products\";}'),(280,0,2,0,0,0,'71.71.122.166',1329232377,'LOG_FORUM_EDIT','a:1:{i:0;s:9:\"Resources\";}'),(281,0,2,0,0,0,'71.71.122.166',1329232404,'LOG_FORUM_ADD','a:1:{i:0;s:23:\"Actions &amp; Templates\";}'),(282,0,2,0,0,0,'71.71.122.166',1329232404,'LOG_FORUM_COPIED_PERMISSIONS','a:2:{i:0;s:9:\"Resources\";i:1;s:23:\"Actions &amp; Templates\";}'),(283,0,2,0,0,0,'71.71.122.166',1329232475,'LOG_FORUM_DEL_FORUM','a:1:{i:0;s:8:\"Branding\";}'),(284,0,2,0,0,0,'71.71.122.166',1329232481,'LOG_FORUM_DEL_FORUM','a:1:{i:0;s:7:\"Clients\";}'),(285,0,2,0,0,0,'71.71.122.166',1329232530,'LOG_FORUM_ADD','a:1:{i:0;s:8:\"Branding\";}'),(286,0,2,0,0,0,'71.71.122.166',1329232530,'LOG_FORUM_COPIED_PERMISSIONS','a:2:{i:0;s:32:\"Discuss and Learn About Business\";i:1;s:8:\"Branding\";}'),(287,0,2,0,0,0,'71.71.122.166',1329232534,'LOG_FORUM_MOVE_UP','a:2:{i:0;s:8:\"Branding\";i:1;s:14:\"Misc. Business\";}'),(288,0,2,0,0,0,'71.71.122.166',1329232538,'LOG_FORUM_MOVE_UP','a:2:{i:0;s:8:\"Branding\";i:1;s:16:\"Customer Service\";}'),(289,0,2,0,0,0,'71.71.122.166',1329232540,'LOG_FORUM_MOVE_UP','a:2:{i:0;s:8:\"Branding\";i:1;s:8:\"Workflow\";}'),(290,0,2,0,0,0,'71.71.122.166',1329232543,'LOG_FORUM_MOVE_UP','a:2:{i:0;s:8:\"Branding\";i:1;s:8:\"Products\";}'),(291,0,2,0,0,0,'71.71.122.166',1329232545,'LOG_FORUM_MOVE_UP','a:2:{i:0;s:8:\"Branding\";i:1;s:22:\"Sales &amp; Projection\";}'),(292,0,2,0,0,0,'71.71.122.166',1329232547,'LOG_FORUM_MOVE_UP','a:2:{i:0;s:8:\"Branding\";i:1;s:7:\"Pricing\";}'),(293,0,2,0,0,0,'71.71.122.166',1329232561,'LOG_FORUM_MOVE_UP','a:2:{i:0;s:7:\"Pricing\";i:1;s:8:\"Branding\";}'),(294,0,2,0,0,0,'71.71.122.166',1329232563,'LOG_FORUM_MOVE_UP','a:2:{i:0;s:7:\"Pricing\";i:1;s:26:\"Marketing &amp; Promotions\";}'),(295,0,2,0,0,0,'71.71.122.166',1329232565,'LOG_FORUM_MOVE_UP','a:2:{i:0;s:22:\"Sales &amp; Projection\";i:1;s:8:\"Branding\";}'),(296,0,2,0,0,0,'71.71.122.166',1329232569,'LOG_FORUM_MOVE_UP','a:2:{i:0;s:8:\"Branding\";i:1;s:22:\"Sales &amp; Projection\";}'),(297,0,2,0,0,0,'71.71.122.166',1329232573,'LOG_FORUM_MOVE_UP','a:2:{i:0;s:22:\"Sales &amp; Projection\";i:1;s:8:\"Branding\";}'),(298,0,2,0,0,0,'71.71.122.166',1329232644,'LOG_FORUM_ADD','a:1:{i:0;s:15:\"Friday Critique\";}'),(299,0,2,0,0,0,'71.71.122.166',1329232644,'LOG_FORUM_COPIED_PERMISSIONS','a:2:{i:0;s:35:\"Inspire and Share Photography Ideas\";i:1;s:15:\"Friday Critique\";}'),(300,0,2,0,0,0,'71.71.122.166',1329232773,'LOG_TEMPLATE_CACHE_CLEARED','a:2:{i:0;s:12:\"andreahalsey\";i:1;s:9:\"All files\";}'),(301,0,2,0,0,0,'71.71.122.166',1329232851,'LOG_TEMPLATE_CACHE_CLEARED','a:2:{i:0;s:12:\"andreahalsey\";i:1;s:9:\"All files\";}'),(302,0,2,0,0,0,'71.71.122.166',1329232942,'LOG_TEMPLATE_CACHE_CLEARED','a:2:{i:0;s:12:\"andreahalsey\";i:1;s:9:\"All files\";}'),(303,0,2,0,0,0,'71.71.122.166',1329233180,'LOG_TEMPLATE_CACHE_CLEARED','a:2:{i:0;s:12:\"andreahalsey\";i:1;s:9:\"All files\";}'),(304,0,2,0,0,0,'71.71.122.166',1329233520,'LOG_FORUM_ADD','a:1:{i:0;s:22:\"Shout Out (Say Hello!)\";}'),(305,0,2,0,0,0,'71.71.122.166',1329233520,'LOG_FORUM_COPIED_PERMISSIONS','a:2:{i:0;s:9:\"Chit Chat\";i:1;s:22:\"Shout Out (Say Hello!)\";}'),(306,0,2,0,0,0,'71.71.122.166',1329233530,'LOG_FORUM_MOVE_UP','a:2:{i:0;s:22:\"Shout Out (Say Hello!)\";i:1;s:13:\"Business Talk\";}'),(307,0,2,0,0,0,'71.71.122.166',1329233534,'LOG_FORUM_MOVE_UP','a:2:{i:0;s:22:\"Shout Out (Say Hello!)\";i:1;s:13:\"Personal Talk\";}'),(308,0,2,0,0,0,'71.71.122.166',1329233551,'LOG_FORUM_EDIT','a:1:{i:0;s:24:\"Shout Out ( Say Hello! )\";}'),(309,0,2,0,0,0,'71.71.122.166',1329233586,'LOG_FORUM_ADD','a:1:{i:0;s:10:\"Ask Andrea\";}'),(310,0,2,0,0,0,'71.71.122.166',1329233586,'LOG_FORUM_COPIED_PERMISSIONS','a:2:{i:0;s:9:\"Chit Chat\";i:1;s:10:\"Ask Andrea\";}'),(311,0,2,0,0,0,'71.71.122.166',1329233607,'LOG_FORUM_MOVE_UP','a:2:{i:0;s:9:\"Chit Chat\";i:1;s:20:\"For Trade &amp; Sale\";}'),(312,0,2,0,0,0,'71.71.122.166',1329233627,'LOG_FORUM_EDIT','a:1:{i:0;s:19:\"Places to Chit Chat\";}'),(313,0,2,0,0,0,'71.71.122.166',1329233799,'LOG_FORUM_ADD','a:1:{i:0;s:18:\"Promote Stuff Here\";}'),(314,0,2,0,0,0,'71.71.122.166',1329233799,'LOG_FORUM_COPIED_PERMISSIONS','a:2:{i:0;s:20:\"For Trade &amp; Sale\";i:1;s:18:\"Promote Stuff Here\";}'),(315,0,2,0,0,0,'71.71.122.166',1329233837,'LOG_FORUM_EDIT','a:1:{i:0;s:13:\"Template Help\";}'),(316,0,2,0,0,0,'71.71.122.166',1329233876,'LOG_FORUM_DEL_FORUMS','a:1:{i:0;s:19:\"Help with Templates\";}'),(317,0,2,0,0,0,'71.71.122.166',1329233891,'LOG_FORUM_EDIT','a:1:{i:0;s:7:\"Actions\";}'),(318,0,2,0,0,0,'71.71.122.166',1329233912,'LOG_FORUM_ADD','a:1:{i:0;s:25:\"Templates &amp; Designers\";}'),(319,0,2,0,0,0,'71.71.122.166',1329233912,'LOG_FORUM_COPIED_PERMISSIONS','a:2:{i:0;s:9:\"Resources\";i:1;s:25:\"Templates &amp; Designers\";}'),(320,0,2,0,0,0,'71.71.122.166',1329233931,'LOG_FORUM_EDIT','a:1:{i:0;s:36:\"The Designer Concept : Template Help\";}'),(321,0,2,0,0,0,'71.71.122.166',1329233937,'LOG_FORUM_MOVE_UP','a:2:{i:0;s:36:\"The Designer Concept : Template Help\";i:1;s:7:\"Actions\";}'),(322,0,2,0,0,0,'71.71.122.166',1329233939,'LOG_FORUM_MOVE_UP','a:2:{i:0;s:36:\"The Designer Concept : Template Help\";i:1;s:7:\"Vendors\";}'),(323,0,2,0,0,0,'71.71.122.166',1329233971,'LOG_FORUM_ADD','a:1:{i:0;s:10:\"Photo Labs\";}'),(324,0,2,0,0,0,'71.71.122.166',1329233971,'LOG_FORUM_COPIED_PERMISSIONS','a:2:{i:0;s:9:\"Resources\";i:1;s:10:\"Photo Labs\";}'),(325,0,2,0,0,0,'71.71.122.166',1329233982,'LOG_FORUM_MOVE_UP','a:2:{i:0;s:10:\"Photo Labs\";i:1;s:25:\"Templates &amp; Designers\";}'),(326,0,2,0,0,0,'71.71.122.166',1329233986,'LOG_FORUM_MOVE_UP','a:2:{i:0;s:10:\"Photo Labs\";i:1;s:7:\"Actions\";}'),(327,0,2,0,0,0,'71.71.122.166',1329234036,'LOG_FORUM_ADD','a:1:{i:0;s:20:\"Websites &amp; Blogs\";}'),(328,0,2,0,0,0,'71.71.122.166',1329234036,'LOG_FORUM_COPIED_PERMISSIONS','a:2:{i:0;s:9:\"Resources\";i:1;s:20:\"Websites &amp; Blogs\";}'),(329,0,2,0,0,0,'71.71.122.166',1329234096,'LOG_FORUM_DEL_POSTS','a:1:{i:0;s:14:\"Misc. Business\";}'),(330,0,2,0,0,0,'71.71.122.166',1329234138,'LOG_FORUM_ADD','a:1:{i:0;s:6:\"Studio\";}'),(331,0,2,0,0,0,'71.71.122.166',1329234138,'LOG_FORUM_COPIED_PERMISSIONS','a:2:{i:0;s:32:\"Discuss and Learn About Business\";i:1;s:6:\"Studio\";}'),(332,0,2,0,0,0,'71.71.122.166',1329234149,'LOG_FORUM_ADD','a:1:{i:0;s:11:\"Legal Stuff\";}'),(333,0,2,0,0,0,'71.71.122.166',1329234149,'LOG_FORUM_COPIED_PERMISSIONS','a:2:{i:0;s:32:\"Discuss and Learn About Business\";i:1;s:11:\"Legal Stuff\";}'),(334,0,2,0,0,0,'71.71.122.166',1329235976,'LOG_ADMIN_AUTH_SUCCESS',''),(335,0,2,0,0,0,'71.71.122.166',1329235990,'LOG_TEMPLATE_CACHE_CLEARED','a:2:{i:0;s:12:\"andreahalsey\";i:1;s:9:\"All files\";}'),(336,0,2,0,0,0,'71.71.122.166',1329236015,'LOG_TEMPLATE_CACHE_CLEARED','a:2:{i:0;s:12:\"andreahalsey\";i:1;s:9:\"All files\";}'),(337,0,2,0,0,0,'71.71.122.166',1329236125,'LOG_TEMPLATE_CACHE_CLEARED','a:2:{i:0;s:12:\"andreahalsey\";i:1;s:9:\"All files\";}'),(338,0,2,0,0,0,'71.71.122.166',1329236238,'LOG_TEMPLATE_CACHE_CLEARED','a:2:{i:0;s:12:\"andreahalsey\";i:1;s:9:\"All files\";}'),(339,0,2,0,0,0,'71.71.122.166',1329236665,'LOG_IMAGESET_REFRESHED','a:1:{i:0;s:12:\"andreahalsey\";}'),(340,0,2,0,0,0,'71.71.122.166',1329236737,'LOG_IMAGESET_REFRESHED','a:1:{i:0;s:12:\"andreahalsey\";}'),(341,0,2,0,0,0,'71.71.122.166',1329236916,'LOG_IMAGESET_REFRESHED','a:1:{i:0;s:12:\"andreahalsey\";}'),(342,0,2,0,0,0,'71.71.122.166',1329237280,'LOG_TEMPLATE_CACHE_CLEARED','a:2:{i:0;s:12:\"andreahalsey\";i:1;s:9:\"All files\";}'),(343,0,2,0,0,0,'71.71.122.166',1329237425,'LOG_CONFIG_FEATURES',''),(344,0,2,0,0,0,'71.71.122.166',1329237440,'LOG_CONFIG_FEATURES',''),(345,0,2,0,0,0,'71.71.122.166',1329238085,'LOG_TEMPLATE_CACHE_CLEARED','a:2:{i:0;s:12:\"andreahalsey\";i:1;s:9:\"All files\";}'),(346,0,2,0,0,0,'71.71.122.166',1329238139,'LOG_CONFIG_FEATURES',''),(347,0,2,0,0,0,'71.71.122.166',1329238252,'LOG_ADMIN_AUTH_SUCCESS',''),(348,0,2,0,0,0,'71.71.122.166',1329238333,'LOG_CONFIG_LOAD',''),(349,0,2,0,0,0,'71.71.122.166',1329238408,'LOG_CONFIG_LOAD',''),(350,0,2,0,0,0,'71.71.122.166',1329238462,'LOG_CONFIG_FEATURES',''),(351,0,2,0,0,0,'71.71.122.166',1329238640,'LOG_ADMIN_AUTH_SUCCESS',''),(352,0,2,0,0,0,'71.71.122.166',1329238711,'LOG_USER_DELETED','a:1:{i:0;s:13:\"Andrea Halsey\";}'),(353,0,2,0,0,0,'71.71.122.166',1329238987,'LOG_ADMIN_AUTH_SUCCESS',''),(354,0,2,0,0,0,'71.71.122.166',1329239043,'LOG_ACL_ADD_FORUM_LOCAL_F_','a:2:{i:0;s:598:\"Branding, Products, Friday Critique, Discuss and Learn About Business, Pricing, Resources, Inspire and Share Photography Ideas, Workflow, Marketing &amp; Promotions, The Designer Concept : Template Help, Templates &amp; Designers, Customer Service, Photography Inspiration, Photography Discussions, Post Processing, Cameras &amp; Equipment, For Trade &amp; Sale, Equipment For Sale, Prop Swap, Vendors, Places to Chit Chat, Personal Talk, Business Talk, Sales &amp; Projection, Studio, Actions, Shout Out ( Say Hello! ), Ask Andrea, Promote Stuff Here, Photo Labs, Websites &amp; Blogs, Legal Stuff\";i:1;s:41:\"<span class=\"sep\">Registered users</span>\";}'),(355,0,2,0,0,0,'71.71.122.166',1329239208,'LOG_ADMIN_AUTH_SUCCESS',''),(356,0,2,0,0,0,'71.71.122.166',1329239220,'LOG_TEMPLATE_CACHE_CLEARED','a:2:{i:0;s:12:\"andreahalsey\";i:1;s:9:\"All files\";}'),(357,0,2,0,0,0,'71.71.122.166',1329239297,'LOG_ADMIN_AUTH_SUCCESS',''),(358,0,2,0,0,0,'71.71.122.166',1329239317,'LOG_IMAGESET_REFRESHED','a:1:{i:0;s:12:\"andreahalsey\";}'),(359,0,2,0,0,0,'71.71.122.166',1329239416,'LOG_ADMIN_AUTH_SUCCESS',''),(360,0,2,0,0,0,'71.71.122.166',1329239428,'LOG_TEMPLATE_CACHE_CLEARED','a:2:{i:0;s:12:\"andreahalsey\";i:1;s:9:\"All files\";}'),(361,0,2,0,0,0,'71.71.122.166',1329243797,'LOG_ADMIN_AUTH_SUCCESS',''),(362,0,2,0,0,0,'71.71.122.166',1329243815,'LOG_FORUM_EDIT','a:1:{i:0;s:17:\"Discuss and Learn\";}'),(363,0,2,0,0,0,'71.71.122.166',1329243823,'LOG_FORUM_EDIT','a:1:{i:0;s:17:\"Inspire and Share\";}'),(364,0,2,0,0,0,'71.71.122.166',1329250025,'LOG_ADMIN_AUTH_SUCCESS',''),(365,0,2,0,0,0,'71.71.122.166',1329250036,'LOG_TEMPLATE_CACHE_CLEARED','a:2:{i:0;s:12:\"andreahalsey\";i:1;s:9:\"All files\";}'),(366,0,2,0,0,0,'71.71.122.166',1329250053,'LOG_TEMPLATE_CACHE_CLEARED','a:2:{i:0;s:12:\"andreahalsey\";i:1;s:9:\"All files\";}'),(367,0,2,0,0,0,'71.71.122.166',1329250174,'LOG_TEMPLATE_CACHE_CLEARED','a:2:{i:0;s:12:\"andreahalsey\";i:1;s:9:\"All files\";}'),(368,0,2,0,0,0,'71.71.122.166',1329250235,'LOG_TEMPLATE_CACHE_CLEARED','a:2:{i:0;s:12:\"andreahalsey\";i:1;s:9:\"All files\";}'),(369,0,2,0,0,0,'71.71.122.166',1329250287,'LOG_TEMPLATE_CACHE_CLEARED','a:2:{i:0;s:12:\"andreahalsey\";i:1;s:9:\"All files\";}'),(370,0,2,0,0,0,'71.71.122.166',1329250310,'LOG_TEMPLATE_CACHE_CLEARED','a:2:{i:0;s:12:\"andreahalsey\";i:1;s:9:\"All files\";}'),(371,0,2,0,0,0,'71.71.122.166',1329251749,'LOG_TEMPLATE_CACHE_CLEARED','a:2:{i:0;s:12:\"andreahalsey\";i:1;s:9:\"All files\";}'),(372,0,2,0,0,0,'71.71.122.166',1329251778,'LOG_TEMPLATE_CACHE_CLEARED','a:2:{i:0;s:12:\"andreahalsey\";i:1;s:9:\"All files\";}'),(373,0,2,0,0,0,'71.71.122.166',1329251900,'LOG_TEMPLATE_CACHE_CLEARED','a:2:{i:0;s:12:\"andreahalsey\";i:1;s:9:\"All files\";}'),(374,0,2,0,0,0,'71.71.122.166',1329251946,'LOG_TEMPLATE_CACHE_CLEARED','a:2:{i:0;s:12:\"andreahalsey\";i:1;s:9:\"All files\";}'),(375,0,2,0,0,0,'71.71.122.166',1329252043,'LOG_TEMPLATE_CACHE_CLEARED','a:2:{i:0;s:12:\"andreahalsey\";i:1;s:9:\"All files\";}'),(376,0,2,0,0,0,'71.71.122.166',1329252080,'LOG_TEMPLATE_CACHE_CLEARED','a:2:{i:0;s:12:\"andreahalsey\";i:1;s:9:\"All files\";}'),(377,0,2,0,0,0,'71.71.122.166',1329252144,'LOG_TEMPLATE_CACHE_CLEARED','a:2:{i:0;s:12:\"andreahalsey\";i:1;s:9:\"All files\";}'),(378,0,2,0,0,0,'71.71.122.166',1329252361,'LOG_TEMPLATE_CACHE_CLEARED','a:2:{i:0;s:12:\"andreahalsey\";i:1;s:9:\"All files\";}'),(379,0,2,0,0,0,'71.71.122.166',1329252396,'LOG_TEMPLATE_CACHE_CLEARED','a:2:{i:0;s:12:\"andreahalsey\";i:1;s:9:\"All files\";}'),(380,0,2,0,0,0,'71.71.122.166',1329252420,'LOG_TEMPLATE_CACHE_CLEARED','a:2:{i:0;s:12:\"andreahalsey\";i:1;s:9:\"All files\";}'),(381,0,2,0,0,0,'71.71.122.166',1329252490,'LOG_TEMPLATE_CACHE_CLEARED','a:2:{i:0;s:12:\"andreahalsey\";i:1;s:9:\"All files\";}'),(382,0,2,0,0,0,'71.71.122.166',1329252745,'LOG_ADMIN_AUTH_SUCCESS',''),(383,0,2,0,0,0,'71.71.122.166',1329252756,'LOG_TEMPLATE_CACHE_CLEARED','a:2:{i:0;s:12:\"andreahalsey\";i:1;s:9:\"All files\";}'),(384,0,2,0,0,0,'71.71.122.166',1329265170,'LOG_ADMIN_AUTH_FAIL',''),(385,0,2,0,0,0,'71.71.122.166',1329265172,'LOG_ADMIN_AUTH_SUCCESS',''),(386,0,2,0,0,0,'71.71.122.166',1329265188,'LOG_TEMPLATE_CACHE_CLEARED','a:2:{i:0;s:12:\"andreahalsey\";i:1;s:9:\"All files\";}'),(387,0,2,0,0,0,'71.71.122.166',1329265416,'LOG_TEMPLATE_CACHE_CLEARED','a:2:{i:0;s:12:\"andreahalsey\";i:1;s:9:\"All files\";}'),(388,0,2,0,0,0,'71.71.122.166',1329265763,'LOG_TEMPLATE_CACHE_CLEARED','a:2:{i:0;s:12:\"andreahalsey\";i:1;s:9:\"All files\";}'),(389,0,2,0,0,0,'71.71.122.166',1329266775,'LOG_ADMIN_AUTH_SUCCESS',''),(390,0,2,0,0,0,'71.71.122.166',1329266788,'LOG_TEMPLATE_CACHE_CLEARED','a:2:{i:0;s:12:\"andreahalsey\";i:1;s:9:\"All files\";}'),(391,0,2,0,0,0,'71.71.122.166',1329268464,'LOG_TEMPLATE_CACHE_CLEARED','a:2:{i:0;s:12:\"andreahalsey\";i:1;s:9:\"All files\";}'),(392,0,2,0,0,0,'71.71.122.166',1329268643,'LOG_TEMPLATE_CACHE_CLEARED','a:2:{i:0;s:12:\"andreahalsey\";i:1;s:9:\"All files\";}'),(393,0,2,0,0,0,'71.71.122.166',1329268684,'LOG_TEMPLATE_CACHE_CLEARED','a:2:{i:0;s:12:\"andreahalsey\";i:1;s:9:\"All files\";}'),(394,0,2,0,0,0,'71.71.122.166',1329268726,'LOG_TEMPLATE_CACHE_CLEARED','a:2:{i:0;s:12:\"andreahalsey\";i:1;s:9:\"All files\";}'),(395,0,2,0,0,0,'71.71.122.166',1329268770,'LOG_TEMPLATE_CACHE_CLEARED','a:2:{i:0;s:12:\"andreahalsey\";i:1;s:9:\"All files\";}'),(396,0,2,0,0,0,'71.71.122.166',1329269235,'LOG_TEMPLATE_CACHE_CLEARED','a:2:{i:0;s:12:\"andreahalsey\";i:1;s:9:\"All files\";}'),(397,0,2,0,0,0,'71.71.122.166',1329269385,'LOG_TEMPLATE_CACHE_CLEARED','a:2:{i:0;s:12:\"andreahalsey\";i:1;s:9:\"All files\";}'),(398,0,2,0,0,0,'71.71.122.166',1329269793,'LOG_TEMPLATE_CACHE_CLEARED','a:2:{i:0;s:12:\"andreahalsey\";i:1;s:9:\"All files\";}'),(399,0,2,0,0,0,'71.71.122.166',1329269863,'LOG_TEMPLATE_CACHE_CLEARED','a:2:{i:0;s:12:\"andreahalsey\";i:1;s:9:\"All files\";}'),(400,0,2,0,0,0,'71.71.122.166',1329269956,'LOG_TEMPLATE_CACHE_CLEARED','a:2:{i:0;s:12:\"andreahalsey\";i:1;s:9:\"All files\";}'),(401,0,2,0,0,0,'71.71.122.166',1329270243,'LOG_ADMIN_AUTH_SUCCESS',''),(402,0,2,0,0,0,'71.71.122.166',1329270258,'LOG_TEMPLATE_CACHE_CLEARED','a:2:{i:0;s:12:\"andreahalsey\";i:1;s:9:\"All files\";}'),(403,0,2,0,0,0,'71.71.122.166',1329270316,'LOG_TEMPLATE_CACHE_CLEARED','a:2:{i:0;s:12:\"andreahalsey\";i:1;s:9:\"All files\";}'),(404,0,2,0,0,0,'71.71.122.166',1329271378,'LOG_TEMPLATE_CACHE_CLEARED','a:2:{i:0;s:12:\"andreahalsey\";i:1;s:9:\"All files\";}'),(405,0,2,0,0,0,'71.71.122.166',1329271454,'LOG_TEMPLATE_CACHE_CLEARED','a:2:{i:0;s:12:\"andreahalsey\";i:1;s:9:\"All files\";}'),(406,0,2,0,0,0,'71.71.122.166',1329271536,'LOG_TEMPLATE_CACHE_CLEARED','a:2:{i:0;s:12:\"andreahalsey\";i:1;s:9:\"All files\";}'),(407,0,2,0,0,0,'71.71.122.166',1329271590,'LOG_TEMPLATE_CACHE_CLEARED','a:2:{i:0;s:12:\"andreahalsey\";i:1;s:9:\"All files\";}'),(408,0,2,0,0,0,'71.71.122.166',1329271755,'LOG_TEMPLATE_CACHE_CLEARED','a:2:{i:0;s:12:\"andreahalsey\";i:1;s:9:\"All files\";}'),(409,0,2,0,0,0,'71.71.122.166',1329271795,'LOG_TEMPLATE_CACHE_CLEARED','a:2:{i:0;s:12:\"andreahalsey\";i:1;s:9:\"All files\";}'),(410,0,2,0,0,0,'71.71.122.166',1329271829,'LOG_TEMPLATE_CACHE_CLEARED','a:2:{i:0;s:12:\"andreahalsey\";i:1;s:9:\"All files\";}'),(411,0,2,0,0,0,'71.71.122.166',1329272168,'LOG_ADMIN_AUTH_SUCCESS',''),(412,0,2,0,0,0,'71.71.122.166',1329272238,'LOG_TEMPLATE_CACHE_CLEARED','a:2:{i:0;s:12:\"andreahalsey\";i:1;s:9:\"All files\";}'),(413,0,2,0,0,0,'71.71.122.166',1329272279,'LOG_TEMPLATE_CACHE_CLEARED','a:2:{i:0;s:12:\"andreahalsey\";i:1;s:9:\"All files\";}'),(414,0,2,0,0,0,'71.71.122.166',1329272643,'LOG_ADMIN_AUTH_SUCCESS',''),(415,0,2,0,0,0,'71.71.122.166',1329272659,'LOG_TEMPLATE_CACHE_CLEARED','a:2:{i:0;s:12:\"andreahalsey\";i:1;s:9:\"All files\";}'),(416,0,2,0,0,0,'71.71.122.166',1329279382,'LOG_ADMIN_AUTH_SUCCESS',''),(417,0,2,0,0,0,'71.71.122.166',1329279412,'LOG_TEMPLATE_CACHE_CLEARED','a:2:{i:0;s:12:\"andreahalsey\";i:1;s:9:\"All files\";}'),(418,0,2,0,0,0,'71.71.122.166',1329279737,'LOG_ADMIN_AUTH_SUCCESS',''),(419,0,2,0,0,0,'71.71.122.166',1329279762,'LOG_TEMPLATE_CACHE_CLEARED','a:2:{i:0;s:12:\"andreahalsey\";i:1;s:9:\"All files\";}'),(420,0,2,0,0,0,'71.71.122.166',1329280257,'LOG_ADMIN_AUTH_SUCCESS',''),(421,0,2,0,0,0,'71.71.122.166',1329280270,'LOG_TEMPLATE_CACHE_CLEARED','a:2:{i:0;s:12:\"andreahalsey\";i:1;s:9:\"All files\";}'),(422,0,2,0,0,0,'71.71.122.166',1329280336,'LOG_TEMPLATE_CACHE_CLEARED','a:2:{i:0;s:12:\"andreahalsey\";i:1;s:9:\"All files\";}'),(423,0,2,0,0,0,'71.71.122.166',1329280501,'LOG_ADMIN_AUTH_SUCCESS',''),(424,0,2,0,0,0,'71.71.122.166',1329280520,'LOG_TEMPLATE_CACHE_CLEARED','a:2:{i:0;s:12:\"andreahalsey\";i:1;s:9:\"All files\";}'),(425,0,2,0,0,0,'71.71.122.166',1329280649,'LOG_ADMIN_AUTH_SUCCESS',''),(426,0,2,0,0,0,'71.71.122.166',1329280665,'LOG_TEMPLATE_CACHE_CLEARED','a:2:{i:0;s:12:\"andreahalsey\";i:1;s:9:\"All files\";}'),(427,0,2,0,0,0,'71.71.122.166',1329281304,'LOG_ADMIN_AUTH_SUCCESS',''),(428,0,2,0,0,0,'71.71.122.166',1329281320,'LOG_TEMPLATE_CACHE_CLEARED','a:2:{i:0;s:12:\"andreahalsey\";i:1;s:9:\"All files\";}'),(429,0,2,0,0,0,'71.71.122.166',1329281399,'LOG_ADMIN_AUTH_SUCCESS',''),(430,0,2,0,0,0,'71.71.122.166',1329281410,'LOG_TEMPLATE_CACHE_CLEARED','a:2:{i:0;s:12:\"andreahalsey\";i:1;s:9:\"All files\";}'),(431,0,2,0,0,0,'71.71.122.166',1329281515,'LOG_ADMIN_AUTH_SUCCESS',''),(432,0,2,0,0,0,'71.71.122.166',1329281526,'LOG_TEMPLATE_CACHE_CLEARED','a:2:{i:0;s:12:\"andreahalsey\";i:1;s:9:\"All files\";}'),(433,0,2,0,0,0,'71.71.122.166',1329281574,'LOG_ADMIN_AUTH_SUCCESS',''),(434,0,2,0,0,0,'71.71.122.166',1329281585,'LOG_TEMPLATE_CACHE_CLEARED','a:2:{i:0;s:12:\"andreahalsey\";i:1;s:9:\"All files\";}'),(435,0,2,0,0,0,'71.71.122.166',1329281881,'LOG_ADMIN_AUTH_SUCCESS',''),(436,0,2,0,0,0,'71.71.122.166',1329281898,'LOG_TEMPLATE_CACHE_CLEARED','a:2:{i:0;s:12:\"andreahalsey\";i:1;s:9:\"All files\";}'),(437,0,2,0,0,0,'71.71.122.166',1329282077,'LOG_ADMIN_AUTH_SUCCESS',''),(438,0,2,0,0,0,'71.71.122.166',1329282087,'LOG_TEMPLATE_CACHE_CLEARED','a:2:{i:0;s:12:\"andreahalsey\";i:1;s:9:\"All files\";}'),(439,0,2,0,0,0,'71.71.122.166',1329282155,'LOG_ADMIN_AUTH_SUCCESS',''),(440,0,2,0,0,0,'71.71.122.166',1329282167,'LOG_TEMPLATE_CACHE_CLEARED','a:2:{i:0;s:12:\"andreahalsey\";i:1;s:9:\"All files\";}'),(441,0,2,0,0,0,'71.71.122.166',1329282206,'LOG_TEMPLATE_CACHE_CLEARED','a:2:{i:0;s:12:\"andreahalsey\";i:1;s:9:\"All files\";}'),(442,0,2,0,0,0,'71.71.122.166',1329282272,'LOG_ADMIN_AUTH_SUCCESS',''),(443,0,2,0,0,0,'71.71.122.166',1329282299,'LOG_ADMIN_AUTH_SUCCESS',''),(444,0,2,0,0,0,'71.71.122.166',1329282309,'LOG_TEMPLATE_CACHE_CLEARED','a:2:{i:0;s:12:\"andreahalsey\";i:1;s:9:\"All files\";}'),(445,0,2,0,0,0,'71.71.122.166',1329282565,'LOG_ADMIN_AUTH_SUCCESS',''),(446,0,2,0,0,0,'71.71.122.166',1329282578,'LOG_TEMPLATE_CACHE_CLEARED','a:2:{i:0;s:12:\"andreahalsey\";i:1;s:9:\"All files\";}'),(447,0,2,0,0,0,'71.71.122.166',1329282772,'LOG_ADMIN_AUTH_SUCCESS',''),(448,0,2,0,0,0,'71.71.122.166',1329282782,'LOG_TEMPLATE_CACHE_CLEARED','a:2:{i:0;s:12:\"andreahalsey\";i:1;s:9:\"All files\";}'),(449,0,2,0,0,0,'71.71.122.166',1329283213,'LOG_ADMIN_AUTH_SUCCESS',''),(450,0,2,0,0,0,'71.71.122.166',1329283748,'LOG_ADMIN_AUTH_SUCCESS',''),(451,0,2,0,0,0,'71.71.122.166',1329283757,'LOG_TEMPLATE_CACHE_CLEARED','a:2:{i:0;s:12:\"andreahalsey\";i:1;s:9:\"All files\";}'),(452,0,2,0,0,0,'71.71.122.166',1329285152,'LOG_ADMIN_AUTH_SUCCESS',''),(453,0,2,0,0,0,'71.71.122.166',1329285161,'LOG_TEMPLATE_CACHE_CLEARED','a:2:{i:0;s:12:\"andreahalsey\";i:1;s:9:\"All files\";}'),(454,0,2,0,0,0,'71.71.122.166',1329286100,'LOG_ADMIN_AUTH_SUCCESS',''),(455,0,2,0,0,0,'71.71.122.166',1329286111,'LOG_TEMPLATE_CACHE_CLEARED','a:2:{i:0;s:12:\"andreahalsey\";i:1;s:9:\"All files\";}'),(456,0,2,0,0,0,'71.71.122.166',1329286148,'LOG_TEMPLATE_CACHE_CLEARED','a:2:{i:0;s:12:\"andreahalsey\";i:1;s:9:\"All files\";}'),(457,0,2,0,0,0,'71.71.122.166',1329286196,'LOG_TEMPLATE_CACHE_CLEARED','a:2:{i:0;s:12:\"andreahalsey\";i:1;s:9:\"All files\";}'),(458,0,2,0,0,0,'71.71.122.166',1329312461,'LOG_ADMIN_AUTH_SUCCESS',''),(459,0,2,0,0,0,'71.71.122.166',1329312487,'LOG_TEMPLATE_CACHE_CLEARED','a:2:{i:0;s:12:\"andreahalsey\";i:1;s:9:\"All files\";}'),(460,0,2,0,0,0,'71.71.122.166',1329312547,'LOG_TEMPLATE_CACHE_CLEARED','a:2:{i:0;s:12:\"andreahalsey\";i:1;s:9:\"All files\";}'),(461,0,2,0,0,0,'71.71.122.166',1329313530,'LOG_TEMPLATE_CACHE_CLEARED','a:2:{i:0;s:12:\"andreahalsey\";i:1;s:9:\"All files\";}'),(462,0,2,0,0,0,'71.71.122.166',1329313573,'LOG_TEMPLATE_CACHE_CLEARED','a:2:{i:0;s:12:\"andreahalsey\";i:1;s:9:\"All files\";}'),(463,0,2,0,0,0,'71.71.122.166',1329313619,'LOG_TEMPLATE_CACHE_CLEARED','a:2:{i:0;s:12:\"andreahalsey\";i:1;s:9:\"All files\";}'),(464,0,2,0,0,0,'71.71.122.166',1329313646,'LOG_TEMPLATE_CACHE_CLEARED','a:2:{i:0;s:12:\"andreahalsey\";i:1;s:9:\"All files\";}'),(465,0,2,0,0,0,'71.71.122.166',1329313667,'LOG_TEMPLATE_CACHE_CLEARED','a:2:{i:0;s:12:\"andreahalsey\";i:1;s:9:\"All files\";}'),(466,0,2,0,0,0,'71.71.122.166',1329313688,'LOG_TEMPLATE_CACHE_CLEARED','a:2:{i:0;s:12:\"andreahalsey\";i:1;s:9:\"All files\";}'),(467,0,2,0,0,0,'71.71.122.166',1329314486,'LOG_TEMPLATE_CACHE_CLEARED','a:2:{i:0;s:12:\"andreahalsey\";i:1;s:9:\"All files\";}'),(468,0,2,0,0,0,'71.71.122.166',1329314739,'LOG_ADMIN_AUTH_SUCCESS',''),(469,0,2,0,0,0,'71.71.122.166',1329314751,'LOG_TEMPLATE_CACHE_CLEARED','a:2:{i:0;s:12:\"andreahalsey\";i:1;s:9:\"All files\";}'),(470,0,2,0,0,0,'71.71.122.166',1329314797,'LOG_TEMPLATE_CACHE_CLEARED','a:2:{i:0;s:12:\"andreahalsey\";i:1;s:9:\"All files\";}'),(471,0,2,0,0,0,'71.71.122.166',1329314877,'LOG_TEMPLATE_CACHE_CLEARED','a:2:{i:0;s:12:\"andreahalsey\";i:1;s:9:\"All files\";}'),(472,0,2,0,0,0,'71.71.122.166',1329314931,'LOG_TEMPLATE_CACHE_CLEARED','a:2:{i:0;s:12:\"andreahalsey\";i:1;s:9:\"All files\";}'),(473,0,2,0,0,0,'71.71.122.166',1329314939,'LOG_IMAGESET_REFRESHED','a:1:{i:0;s:12:\"andreahalsey\";}'),(474,0,2,0,0,0,'71.71.122.166',1329314997,'LOG_TEMPLATE_CACHE_CLEARED','a:2:{i:0;s:12:\"andreahalsey\";i:1;s:9:\"All files\";}'),(475,0,2,0,0,0,'71.71.122.166',1329315271,'LOG_TEMPLATE_CACHE_CLEARED','a:2:{i:0;s:12:\"andreahalsey\";i:1;s:9:\"All files\";}'),(476,0,2,0,0,0,'71.71.122.166',1329315462,'LOG_TEMPLATE_CACHE_CLEARED','a:2:{i:0;s:12:\"andreahalsey\";i:1;s:9:\"All files\";}'),(477,0,2,0,0,0,'71.71.122.166',1329315622,'LOG_TEMPLATE_CACHE_CLEARED','a:2:{i:0;s:12:\"andreahalsey\";i:1;s:9:\"All files\";}'),(478,0,2,0,0,0,'71.71.122.166',1329315680,'LOG_TEMPLATE_CACHE_CLEARED','a:2:{i:0;s:12:\"andreahalsey\";i:1;s:9:\"All files\";}'),(479,0,2,0,0,0,'71.71.122.166',1329315952,'LOG_TEMPLATE_CACHE_CLEARED','a:2:{i:0;s:12:\"andreahalsey\";i:1;s:9:\"All files\";}'),(480,0,2,0,0,0,'71.71.122.166',1329315974,'LOG_TEMPLATE_CACHE_CLEARED','a:2:{i:0;s:12:\"andreahalsey\";i:1;s:9:\"All files\";}'),(481,0,2,0,0,0,'71.71.122.166',1329316121,'LOG_TEMPLATE_CACHE_CLEARED','a:2:{i:0;s:12:\"andreahalsey\";i:1;s:9:\"All files\";}'),(482,0,2,0,0,0,'71.71.122.166',1329316160,'LOG_TEMPLATE_CACHE_CLEARED','a:2:{i:0;s:12:\"andreahalsey\";i:1;s:9:\"All files\";}'),(483,0,2,0,0,0,'71.71.122.166',1329316779,'LOG_ADMIN_AUTH_SUCCESS',''),(484,0,2,0,0,0,'71.71.122.166',1329316805,'LOG_FORUM_ADD','a:1:{i:0;s:12:\"Studio Share\";}'),(485,0,2,0,0,0,'71.71.122.166',1329316808,'LOG_FORUM_COPIED_PERMISSIONS','a:2:{i:0;s:17:\"Inspire and Share\";i:1;s:12:\"Studio Share\";}'),(486,0,2,0,0,0,'71.71.122.166',1329316824,'LOG_FORUM_ADD','a:1:{i:0;s:15:\"Packaging Share\";}'),(487,0,2,0,0,0,'71.71.122.166',1329316824,'LOG_FORUM_COPIED_PERMISSIONS','a:2:{i:0;s:17:\"Inspire and Share\";i:1;s:15:\"Packaging Share\";}'),(488,0,2,0,0,0,'71.71.122.166',1329316838,'LOG_FORUM_ADD','a:1:{i:0;s:12:\"Design Share\";}'),(489,0,2,0,0,0,'71.71.122.166',1329316838,'LOG_FORUM_COPIED_PERMISSIONS','a:2:{i:0;s:17:\"Inspire and Share\";i:1;s:12:\"Design Share\";}'),(490,0,2,0,0,0,'71.71.122.166',1329316848,'LOG_FORUM_MOVE_UP','a:2:{i:0;s:15:\"Packaging Share\";i:1;s:12:\"Studio Share\";}'),(491,0,2,0,0,0,'71.71.122.166',1329316851,'LOG_FORUM_MOVE_UP','a:2:{i:0;s:15:\"Packaging Share\";i:1;s:15:\"Friday Critique\";}'),(492,0,2,0,0,0,'71.71.122.166',1329316855,'LOG_FORUM_MOVE_UP','a:2:{i:0;s:15:\"Packaging Share\";i:1;s:23:\"Cameras &amp; Equipment\";}'),(493,0,2,0,0,0,'71.71.122.166',1329316858,'LOG_FORUM_MOVE_UP','a:2:{i:0;s:15:\"Packaging Share\";i:1;s:15:\"Post Processing\";}'),(494,0,2,0,0,0,'71.71.122.166',1329316860,'LOG_FORUM_MOVE_UP','a:2:{i:0;s:15:\"Packaging Share\";i:1;s:23:\"Photography Discussions\";}'),(495,0,2,0,0,0,'71.71.122.166',1329316861,'LOG_FORUM_MOVE_UP','a:2:{i:0;s:15:\"Packaging Share\";i:1;s:23:\"Photography Inspiration\";}'),(496,0,2,0,0,0,'71.71.122.166',1329316867,'LOG_FORUM_MOVE_UP','a:2:{i:0;s:12:\"Design Share\";i:1;s:12:\"Studio Share\";}'),(497,0,2,0,0,0,'71.71.122.166',1329316869,'LOG_FORUM_MOVE_UP','a:2:{i:0;s:12:\"Design Share\";i:1;s:15:\"Friday Critique\";}'),(498,0,2,0,0,0,'71.71.122.166',1329316871,'LOG_FORUM_MOVE_UP','a:2:{i:0;s:12:\"Design Share\";i:1;s:23:\"Cameras &amp; Equipment\";}'),(499,0,2,0,0,0,'71.71.122.166',1329316872,'LOG_FORUM_MOVE_UP','a:2:{i:0;s:12:\"Design Share\";i:1;s:15:\"Post Processing\";}'),(500,0,2,0,0,0,'71.71.122.166',1329316873,'LOG_FORUM_MOVE_UP','a:2:{i:0;s:12:\"Design Share\";i:1;s:23:\"Photography Discussions\";}'),(501,0,2,0,0,0,'71.71.122.166',1329316875,'LOG_FORUM_MOVE_UP','a:2:{i:0;s:12:\"Design Share\";i:1;s:23:\"Photography Inspiration\";}'),(502,0,2,0,0,0,'71.71.122.166',1329316893,'LOG_FORUM_ADD','a:1:{i:0;s:11:\"Photo Share\";}'),(503,0,2,0,0,0,'71.71.122.166',1329316893,'LOG_FORUM_COPIED_PERMISSIONS','a:2:{i:0;s:17:\"Inspire and Share\";i:1;s:11:\"Photo Share\";}'),(504,0,2,0,0,0,'71.71.122.166',1329316903,'LOG_FORUM_MOVE_UP','a:2:{i:0;s:11:\"Photo Share\";i:1;s:12:\"Studio Share\";}'),(505,0,2,0,0,0,'71.71.122.166',1329316904,'LOG_FORUM_MOVE_UP','a:2:{i:0;s:11:\"Photo Share\";i:1;s:15:\"Friday Critique\";}'),(506,0,2,0,0,0,'71.71.122.166',1329316906,'LOG_FORUM_MOVE_UP','a:2:{i:0;s:11:\"Photo Share\";i:1;s:23:\"Cameras &amp; Equipment\";}'),(507,0,2,0,0,0,'71.71.122.166',1329316908,'LOG_FORUM_MOVE_UP','a:2:{i:0;s:11:\"Photo Share\";i:1;s:15:\"Post Processing\";}'),(508,0,2,0,0,0,'71.71.122.166',1329316912,'LOG_FORUM_MOVE_UP','a:2:{i:0;s:11:\"Photo Share\";i:1;s:23:\"Photography Discussions\";}'),(509,0,2,0,0,0,'71.71.122.166',1329316916,'LOG_FORUM_MOVE_UP','a:2:{i:0;s:11:\"Photo Share\";i:1;s:23:\"Photography Inspiration\";}'),(510,0,2,0,0,0,'71.71.122.166',1329316925,'LOG_FORUM_MOVE_UP','a:2:{i:0;s:12:\"Studio Share\";i:1;s:15:\"Friday Critique\";}'),(511,0,2,0,0,0,'71.71.122.166',1329316938,'LOG_FORUM_MOVE_UP','a:2:{i:0;s:12:\"Studio Share\";i:1;s:23:\"Cameras &amp; Equipment\";}'),(512,0,2,0,0,0,'71.71.122.166',1329316940,'LOG_FORUM_MOVE_UP','a:2:{i:0;s:12:\"Studio Share\";i:1;s:15:\"Post Processing\";}'),(513,0,2,0,0,0,'71.71.122.166',1329316942,'LOG_FORUM_MOVE_UP','a:2:{i:0;s:12:\"Studio Share\";i:1;s:23:\"Photography Discussions\";}'),(514,0,2,0,0,0,'71.71.122.166',1329316945,'LOG_FORUM_MOVE_UP','a:2:{i:0;s:12:\"Studio Share\";i:1;s:23:\"Photography Inspiration\";}'),(515,0,2,0,0,0,'71.71.122.166',1329316999,'LOG_FORUM_MOVE_UP','a:2:{i:0;s:23:\"Photography Inspiration\";i:1;s:12:\"Studio Share\";}'),(516,0,2,0,0,0,'71.71.122.166',1329317000,'LOG_FORUM_MOVE_UP','a:2:{i:0;s:23:\"Photography Inspiration\";i:1;s:11:\"Photo Share\";}'),(517,0,2,0,0,0,'71.71.122.166',1329317002,'LOG_FORUM_MOVE_UP','a:2:{i:0;s:23:\"Photography Inspiration\";i:1;s:12:\"Design Share\";}'),(518,0,2,0,0,0,'71.71.122.166',1329317003,'LOG_FORUM_MOVE_UP','a:2:{i:0;s:23:\"Photography Inspiration\";i:1;s:15:\"Packaging Share\";}'),(519,0,2,0,0,0,'71.71.122.166',1329317018,'LOG_FORUM_DEL_POSTS','a:1:{i:0;s:23:\"Photography Discussions\";}'),(520,0,2,0,0,0,'71.71.122.166',1329317033,'LOG_FORUM_MOVE_UP','a:2:{i:0;s:12:\"Studio Share\";i:1;s:11:\"Photo Share\";}'),(521,0,2,0,0,0,'71.71.122.166',1329317095,'LOG_FORUM_DEL_POSTS','a:1:{i:0;s:11:\"Photo Share\";}'),(522,0,2,0,0,0,'71.71.122.166',1329317176,'LOG_TEMPLATE_CACHE_CLEARED','a:2:{i:0;s:12:\"andreahalsey\";i:1;s:9:\"All files\";}'),(523,0,2,0,0,0,'71.71.122.166',1329317212,'LOG_TEMPLATE_CACHE_CLEARED','a:2:{i:0;s:12:\"andreahalsey\";i:1;s:9:\"All files\";}'),(524,0,2,0,0,0,'71.71.122.166',1329317288,'LOG_TEMPLATE_CACHE_CLEARED','a:2:{i:0;s:12:\"andreahalsey\";i:1;s:9:\"All files\";}'),(525,0,2,0,0,0,'71.71.122.166',1329317975,'LOG_ADMIN_AUTH_SUCCESS',''),(526,0,2,0,0,0,'71.71.122.166',1329318027,'LOG_MODULE_DISABLE','a:1:{i:0;s:7:\"Display\";}'),(527,0,2,0,0,0,'71.71.122.166',1329318028,'LOG_MODULE_DISABLE','a:1:{i:0;s:7:\"Posting\";}'),(528,0,2,0,0,0,'71.71.122.166',1329318166,'LOG_TEMPLATE_CACHE_CLEARED','a:2:{i:0;s:12:\"andreahalsey\";i:1;s:9:\"All files\";}'),(529,0,2,0,0,0,'71.71.122.166',1329318188,'LOG_TEMPLATE_CACHE_CLEARED','a:2:{i:0;s:12:\"andreahalsey\";i:1;s:9:\"All files\";}'),(530,0,2,0,0,0,'71.71.122.166',1329318290,'LOG_MODULE_DISABLE','a:1:{i:0;s:16:\"Private messages\";}'),(531,0,2,0,0,0,'71.71.122.166',1329318305,'LOG_MODULE_ENABLE','a:1:{i:0;s:16:\"Private messages\";}'),(532,0,2,0,0,0,'71.71.122.166',1329318342,'LOG_MODULE_DISABLE','a:1:{i:0;s:11:\"Attachments\";}'),(533,0,2,0,0,0,'71.71.122.166',1329318543,'LOG_TEMPLATE_CACHE_CLEARED','a:2:{i:0;s:12:\"andreahalsey\";i:1;s:9:\"All files\";}'),(534,0,2,0,0,0,'71.71.122.166',1329318605,'LOG_TEMPLATE_CACHE_CLEARED','a:2:{i:0;s:12:\"andreahalsey\";i:1;s:9:\"All files\";}'),(535,0,2,0,0,0,'71.71.122.166',1329319036,'LOG_TEMPLATE_CACHE_CLEARED','a:2:{i:0;s:12:\"andreahalsey\";i:1;s:9:\"All files\";}'),(536,0,2,0,0,0,'71.71.122.166',1329319225,'LOG_MODULE_DISABLE','a:1:{i:0;s:21:\"Private Message Popup\";}'),(537,0,2,0,0,0,'71.71.122.166',1329319245,'LOG_MODULE_ENABLE','a:1:{i:0;s:21:\"Private Message Popup\";}'),(538,0,2,0,0,0,'71.71.122.166',1329319246,'LOG_MODULE_DISABLE','a:1:{i:0;s:29:\"Rules, folders &amp; settings\";}'),(539,0,2,0,0,0,'71.71.122.166',1329319363,'LOG_TEMPLATE_CACHE_CLEARED','a:2:{i:0;s:12:\"andreahalsey\";i:1;s:9:\"All files\";}'),(540,0,2,0,0,0,'71.71.122.166',1329319423,'LOG_TEMPLATE_CACHE_CLEARED','a:2:{i:0;s:12:\"andreahalsey\";i:1;s:9:\"All files\";}'),(541,0,2,0,0,0,'71.71.122.166',1329319712,'LOG_TEMPLATE_CACHE_CLEARED','a:2:{i:0;s:12:\"andreahalsey\";i:1;s:9:\"All files\";}'),(542,0,2,0,0,0,'71.71.122.166',1329320028,'LOG_TEMPLATE_CACHE_CLEARED','a:2:{i:0;s:12:\"andreahalsey\";i:1;s:9:\"All files\";}'),(543,0,2,0,0,0,'71.71.122.166',1329320612,'LOG_ADMIN_AUTH_SUCCESS',''),(544,0,2,0,0,0,'71.71.122.166',1329334417,'LOG_ADMIN_AUTH_SUCCESS',''),(545,0,2,0,0,0,'71.71.122.166',1329334566,'LOG_CONFIG_FEATURES',''),(546,0,2,0,0,0,'71.71.122.166',1329335132,'LOG_TEMPLATE_CACHE_CLEARED','a:2:{i:0;s:12:\"andreahalsey\";i:1;s:9:\"All files\";}'),(547,0,2,0,0,0,'71.71.122.166',1329335155,'LOG_TEMPLATE_CACHE_CLEARED','a:2:{i:0;s:12:\"andreahalsey\";i:1;s:9:\"All files\";}'),(548,0,2,0,0,0,'71.71.122.166',1329335244,'LOG_TEMPLATE_CACHE_CLEARED','a:2:{i:0;s:12:\"andreahalsey\";i:1;s:9:\"All files\";}'),(549,0,2,0,0,0,'71.71.122.166',1329335280,'LOG_TEMPLATE_CACHE_CLEARED','a:2:{i:0;s:12:\"andreahalsey\";i:1;s:9:\"All files\";}'),(550,0,2,0,0,0,'71.71.122.166',1329335355,'LOG_TEMPLATE_CACHE_CLEARED','a:2:{i:0;s:12:\"andreahalsey\";i:1;s:9:\"All files\";}'),(551,0,2,0,0,0,'71.71.122.166',1329335374,'LOG_TEMPLATE_CACHE_CLEARED','a:2:{i:0;s:12:\"andreahalsey\";i:1;s:9:\"All files\";}'),(552,0,2,0,0,0,'71.71.122.166',1329335402,'LOG_TEMPLATE_CACHE_CLEARED','a:2:{i:0;s:12:\"andreahalsey\";i:1;s:9:\"All files\";}'),(553,0,2,0,0,0,'71.71.122.166',1329335456,'LOG_TEMPLATE_CACHE_CLEARED','a:2:{i:0;s:12:\"andreahalsey\";i:1;s:9:\"All files\";}'),(554,0,2,0,0,0,'71.71.122.166',1329335592,'LOG_TEMPLATE_CACHE_CLEARED','a:2:{i:0;s:12:\"andreahalsey\";i:1;s:9:\"All files\";}'),(555,0,2,0,0,0,'71.71.122.166',1329335629,'LOG_TEMPLATE_CACHE_CLEARED','a:2:{i:0;s:12:\"andreahalsey\";i:1;s:9:\"All files\";}'),(556,0,2,0,0,0,'71.71.122.166',1329335713,'LOG_TEMPLATE_CACHE_CLEARED','a:2:{i:0;s:12:\"andreahalsey\";i:1;s:9:\"All files\";}'),(557,0,2,0,0,0,'71.71.122.166',1329335781,'LOG_TEMPLATE_CACHE_CLEARED','a:2:{i:0;s:12:\"andreahalsey\";i:1;s:9:\"All files\";}'),(558,0,2,0,0,0,'71.71.122.166',1329335830,'LOG_TEMPLATE_CACHE_CLEARED','a:2:{i:0;s:12:\"andreahalsey\";i:1;s:9:\"All files\";}'),(559,0,2,0,0,0,'71.71.122.166',1329335864,'LOG_TEMPLATE_CACHE_CLEARED','a:2:{i:0;s:12:\"andreahalsey\";i:1;s:9:\"All files\";}'),(560,0,2,0,0,0,'71.71.122.166',1329335877,'LOG_TEMPLATE_CACHE_CLEARED','a:2:{i:0;s:12:\"andreahalsey\";i:1;s:9:\"All files\";}'),(561,0,2,0,0,0,'71.71.122.166',1329335990,'LOG_TEMPLATE_CACHE_CLEARED','a:2:{i:0;s:12:\"andreahalsey\";i:1;s:9:\"All files\";}'),(562,0,2,0,0,0,'71.71.122.166',1329336042,'LOG_TEMPLATE_CACHE_CLEARED','a:2:{i:0;s:12:\"andreahalsey\";i:1;s:9:\"All files\";}'),(563,0,2,0,0,0,'71.71.122.166',1329336110,'LOG_TEMPLATE_CACHE_CLEARED','a:2:{i:0;s:12:\"andreahalsey\";i:1;s:9:\"All files\";}'),(564,0,2,0,0,0,'71.71.122.166',1329336147,'LOG_TEMPLATE_CACHE_CLEARED','a:2:{i:0;s:12:\"andreahalsey\";i:1;s:9:\"All files\";}'),(565,0,2,0,0,0,'71.71.122.166',1329336161,'LOG_TEMPLATE_CACHE_CLEARED','a:2:{i:0;s:12:\"andreahalsey\";i:1;s:9:\"All files\";}'),(566,0,2,0,0,0,'71.71.122.166',1329336179,'LOG_TEMPLATE_CACHE_CLEARED','a:2:{i:0;s:12:\"andreahalsey\";i:1;s:9:\"All files\";}'),(567,0,2,0,0,0,'71.71.122.166',1329336214,'LOG_TEMPLATE_CACHE_CLEARED','a:2:{i:0;s:12:\"andreahalsey\";i:1;s:9:\"All files\";}'),(568,0,2,0,0,0,'71.71.122.166',1329336227,'LOG_TEMPLATE_CACHE_CLEARED','a:2:{i:0;s:12:\"andreahalsey\";i:1;s:9:\"All files\";}'),(569,0,2,0,0,0,'71.71.122.166',1329336254,'LOG_TEMPLATE_CACHE_CLEARED','a:2:{i:0;s:12:\"andreahalsey\";i:1;s:9:\"All files\";}'),(570,0,2,0,0,0,'71.71.122.166',1329336274,'LOG_TEMPLATE_CACHE_CLEARED','a:2:{i:0;s:12:\"andreahalsey\";i:1;s:9:\"All files\";}'),(571,0,2,0,0,0,'71.71.122.166',1329336319,'LOG_TEMPLATE_CACHE_CLEARED','a:2:{i:0;s:12:\"andreahalsey\";i:1;s:9:\"All files\";}'),(572,0,2,0,0,0,'71.71.122.166',1329336359,'LOG_TEMPLATE_CACHE_CLEARED','a:2:{i:0;s:12:\"andreahalsey\";i:1;s:9:\"All files\";}'),(573,0,2,0,0,0,'71.71.122.166',1329336436,'LOG_TEMPLATE_CACHE_CLEARED','a:2:{i:0;s:12:\"andreahalsey\";i:1;s:9:\"All files\";}'),(574,0,2,0,0,0,'71.71.122.166',1329336519,'LOG_TEMPLATE_CACHE_CLEARED','a:2:{i:0;s:12:\"andreahalsey\";i:1;s:9:\"All files\";}'),(575,0,2,0,0,0,'71.71.122.166',1329336591,'LOG_TEMPLATE_CACHE_CLEARED','a:2:{i:0;s:12:\"andreahalsey\";i:1;s:9:\"All files\";}'),(576,0,2,0,0,0,'71.71.122.166',1329336660,'LOG_TEMPLATE_CACHE_CLEARED','a:2:{i:0;s:12:\"andreahalsey\";i:1;s:9:\"All files\";}'),(577,0,2,0,0,0,'71.71.122.166',1329336771,'LOG_TEMPLATE_CACHE_CLEARED','a:2:{i:0;s:12:\"andreahalsey\";i:1;s:9:\"All files\";}'),(578,0,2,0,0,0,'71.71.122.166',1329336826,'LOG_TEMPLATE_CACHE_CLEARED','a:2:{i:0;s:12:\"andreahalsey\";i:1;s:9:\"All files\";}'),(579,0,2,0,0,0,'71.71.122.166',1329336951,'LOG_TEMPLATE_CACHE_CLEARED','a:2:{i:0;s:12:\"andreahalsey\";i:1;s:9:\"All files\";}'),(580,0,2,0,0,0,'71.71.122.166',1329337001,'LOG_TEMPLATE_CACHE_CLEARED','a:2:{i:0;s:12:\"andreahalsey\";i:1;s:9:\"All files\";}'),(581,0,2,0,0,0,'71.71.122.166',1329337119,'LOG_TEMPLATE_CACHE_CLEARED','a:2:{i:0;s:12:\"andreahalsey\";i:1;s:9:\"All files\";}'),(582,0,2,0,0,0,'71.71.122.166',1329337152,'LOG_TEMPLATE_CACHE_CLEARED','a:2:{i:0;s:12:\"andreahalsey\";i:1;s:9:\"All files\";}'),(583,0,2,0,0,0,'71.71.122.166',1329337236,'LOG_TEMPLATE_CACHE_CLEARED','a:2:{i:0;s:12:\"andreahalsey\";i:1;s:9:\"All files\";}'),(584,0,2,0,0,0,'71.71.122.166',1329337300,'LOG_TEMPLATE_CACHE_CLEARED','a:2:{i:0;s:12:\"andreahalsey\";i:1;s:9:\"All files\";}'),(585,0,2,0,0,0,'71.71.122.166',1329337362,'LOG_TEMPLATE_CACHE_CLEARED','a:2:{i:0;s:12:\"andreahalsey\";i:1;s:9:\"All files\";}'),(586,0,2,0,0,0,'71.71.122.166',1329337467,'LOG_TEMPLATE_CACHE_CLEARED','a:2:{i:0;s:12:\"andreahalsey\";i:1;s:9:\"All files\";}'),(587,0,2,0,0,0,'71.71.122.166',1329337490,'LOG_TEMPLATE_CACHE_CLEARED','a:2:{i:0;s:12:\"andreahalsey\";i:1;s:9:\"All files\";}'),(588,0,2,0,0,0,'71.71.122.166',1329337580,'LOG_TEMPLATE_CACHE_CLEARED','a:2:{i:0;s:12:\"andreahalsey\";i:1;s:9:\"All files\";}'),(589,0,2,0,0,0,'71.71.122.166',1329337666,'LOG_TEMPLATE_CACHE_CLEARED','a:2:{i:0;s:12:\"andreahalsey\";i:1;s:9:\"All files\";}'),(590,0,2,0,0,0,'71.71.122.166',1329337719,'LOG_TEMPLATE_CACHE_CLEARED','a:2:{i:0;s:12:\"andreahalsey\";i:1;s:9:\"All files\";}'),(591,0,2,0,0,0,'71.71.122.166',1329337762,'LOG_TEMPLATE_CACHE_CLEARED','a:2:{i:0;s:12:\"andreahalsey\";i:1;s:9:\"All files\";}'),(592,0,2,0,0,0,'71.71.122.166',1329337795,'LOG_TEMPLATE_CACHE_CLEARED','a:2:{i:0;s:12:\"andreahalsey\";i:1;s:9:\"All files\";}'),(593,0,2,0,0,0,'71.71.122.166',1329337871,'LOG_TEMPLATE_CACHE_CLEARED','a:2:{i:0;s:12:\"andreahalsey\";i:1;s:9:\"All files\";}'),(594,0,2,0,0,0,'71.71.122.166',1329338840,'LOG_TEMPLATE_CACHE_CLEARED','a:2:{i:0;s:12:\"andreahalsey\";i:1;s:9:\"All files\";}'),(595,0,2,0,0,0,'71.71.122.166',1329398353,'LOG_ADMIN_AUTH_SUCCESS',''),(596,0,2,0,0,0,'71.71.122.166',1329398493,'LOG_CONFIG_AVATAR',''),(597,0,2,0,0,0,'71.71.122.166',1329398871,'LOG_ADMIN_AUTH_SUCCESS',''),(598,0,2,0,0,0,'71.71.122.166',1329398885,'LOG_CONFIG_AVATAR',''),(599,0,2,0,0,0,'71.71.122.166',1329399301,'LOG_ADMIN_AUTH_SUCCESS',''),(600,0,2,0,0,0,'71.71.122.166',1329399313,'LOG_TEMPLATE_CACHE_CLEARED','a:2:{i:0;s:12:\"andreahalsey\";i:1;s:9:\"All files\";}'),(601,0,2,0,0,0,'71.71.122.166',1329399402,'LOG_TEMPLATE_CACHE_CLEARED','a:2:{i:0;s:12:\"andreahalsey\";i:1;s:9:\"All files\";}'),(602,0,2,0,0,0,'71.71.122.166',1329399644,'LOG_ADMIN_AUTH_SUCCESS',''),(603,0,2,0,0,0,'71.71.122.166',1329399656,'LOG_TEMPLATE_CACHE_CLEARED','a:2:{i:0;s:12:\"andreahalsey\";i:1;s:9:\"All files\";}'),(604,0,2,0,0,0,'71.71.122.166',1329399724,'LOG_TEMPLATE_CACHE_CLEARED','a:2:{i:0;s:12:\"andreahalsey\";i:1;s:9:\"All files\";}'),(605,0,2,0,0,0,'71.71.122.166',1329399750,'LOG_TEMPLATE_CACHE_CLEARED','a:2:{i:0;s:12:\"andreahalsey\";i:1;s:9:\"All files\";}'),(606,0,2,0,0,0,'71.71.122.166',1329400123,'LOG_ADMIN_AUTH_SUCCESS',''),(607,0,2,0,0,0,'71.71.122.166',1329400181,'LOG_CONFIG_LOAD',''),(608,0,2,0,0,0,'71.71.122.166',1329400414,'LOG_CONFIG_LOAD',''),(609,0,2,0,0,0,'71.71.122.166',1329426647,'LOG_ADMIN_AUTH_SUCCESS',''),(610,0,2,0,0,0,'71.71.122.166',1329426656,'LOG_TEMPLATE_CACHE_CLEARED','a:2:{i:0;s:12:\"andreahalsey\";i:1;s:9:\"All files\";}'),(611,0,2,0,0,0,'71.71.122.166',1329428537,'LOG_ADMIN_AUTH_SUCCESS',''),(612,0,2,0,0,0,'71.71.122.166',1329428545,'LOG_TEMPLATE_CACHE_CLEARED','a:2:{i:0;s:12:\"andreahalsey\";i:1;s:9:\"All files\";}'),(613,0,2,0,0,0,'71.71.122.166',1329428634,'LOG_ADMIN_AUTH_SUCCESS',''),(614,0,2,0,0,0,'71.71.122.166',1329428641,'LOG_TEMPLATE_CACHE_CLEARED','a:2:{i:0;s:12:\"andreahalsey\";i:1;s:9:\"All files\";}'),(615,0,2,0,0,0,'71.71.122.166',1329428690,'LOG_ADMIN_AUTH_SUCCESS',''),(616,0,2,0,0,0,'71.71.122.166',1329428705,'LOG_TEMPLATE_CACHE_CLEARED','a:2:{i:0;s:12:\"andreahalsey\";i:1;s:9:\"All files\";}'),(617,0,2,0,0,0,'71.71.122.166',1329428839,'LOG_ADMIN_AUTH_SUCCESS',''),(618,0,2,0,0,0,'71.71.122.166',1329428852,'LOG_TEMPLATE_CACHE_CLEARED','a:2:{i:0;s:12:\"andreahalsey\";i:1;s:9:\"All files\";}'),(619,0,2,0,0,0,'71.71.122.166',1329429111,'LOG_ADMIN_AUTH_SUCCESS',''),(620,0,2,0,0,0,'71.71.122.166',1329429119,'LOG_TEMPLATE_CACHE_CLEARED','a:2:{i:0;s:12:\"andreahalsey\";i:1;s:9:\"All files\";}'),(621,0,2,0,0,0,'71.71.122.166',1329429205,'LOG_ADMIN_AUTH_SUCCESS',''),(622,0,2,0,0,0,'71.71.122.166',1329429219,'LOG_TEMPLATE_CACHE_CLEARED','a:2:{i:0;s:12:\"andreahalsey\";i:1;s:9:\"All files\";}'),(623,0,2,0,0,0,'71.71.122.166',1329429489,'LOG_ADMIN_AUTH_SUCCESS',''),(624,0,2,0,0,0,'71.71.122.166',1329429536,'LOG_CONFIG_LOAD',''),(625,0,2,0,0,0,'71.71.122.166',1329431132,'LOG_ADMIN_AUTH_SUCCESS',''),(626,0,2,0,0,0,'71.71.122.166',1329431142,'LOG_TEMPLATE_CACHE_CLEARED','a:2:{i:0;s:12:\"andreahalsey\";i:1;s:9:\"All files\";}'),(627,0,2,0,0,0,'71.71.122.166',1329433284,'LOG_ADMIN_AUTH_SUCCESS',''),(628,0,2,0,0,0,'71.71.122.166',1329433295,'LOG_TEMPLATE_CACHE_CLEARED','a:2:{i:0;s:12:\"andreahalsey\";i:1;s:9:\"All files\";}'),(629,0,2,0,0,0,'71.71.122.166',1329433304,'LOG_IMAGESET_REFRESHED','a:1:{i:0;s:12:\"andreahalsey\";}'),(630,0,2,0,0,0,'71.71.122.166',1329433652,'LOG_TEMPLATE_CACHE_CLEARED','a:2:{i:0;s:12:\"andreahalsey\";i:1;s:9:\"All files\";}'),(631,0,2,0,0,0,'71.71.122.166',1329433664,'LOG_IMAGESET_REFRESHED','a:1:{i:0;s:12:\"andreahalsey\";}'),(632,0,2,0,0,0,'71.71.122.166',1329436114,'LOG_ADMIN_AUTH_SUCCESS',''),(633,0,2,0,0,0,'71.71.122.166',1329436352,'LOG_GROUP_UPDATED','a:1:{i:0;s:14:\"Administrators\";}'),(634,0,2,0,0,0,'71.71.122.166',1329436372,'LOG_GROUP_UPDATED','a:1:{i:0;s:14:\"Administrators\";}'),(635,0,2,0,0,0,'71.71.122.166',1329436399,'LOG_GROUP_UPDATED','a:1:{i:0;s:17:\"Global moderators\";}'),(636,0,2,0,0,0,'71.71.122.166',1329436442,'LOG_GROUP_DEFAULTS','a:2:{i:0;s:17:\"Global moderators\";i:1;s:12:\"AndreaHalsey\";}'),(637,0,2,0,0,0,'71.71.122.166',1329436442,'LOG_MODS_ADDED','a:2:{i:0;s:17:\"Global moderators\";i:1;s:12:\"AndreaHalsey\";}'),(638,3,55,0,0,55,'71.71.122.166',1329524114,'LOG_USER_NEW_PASSWORD','a:1:{i:0;s:12:\"AndreaHalsey\";}'),(639,1,2,4,2,0,'71.71.122.166',1329608163,'LOG_DELETE_TOPIC','a:2:{i:0;s:7:\"Testing\";i:1;s:5:\"admin\";}'),(640,1,2,4,3,0,'71.71.122.166',1329608163,'LOG_DELETE_TOPIC','a:2:{i:0;s:28:\"Here is another post, yay!!!\";i:1;s:12:\"AndreaHalsey\";}'),(641,1,2,4,4,0,'71.71.122.166',1329608163,'LOG_DELETE_TOPIC','a:2:{i:0;s:4:\"asdf\";i:1;s:5:\"admin\";}'),(642,0,2,0,0,0,'71.71.122.166',1329612020,'LOG_ADMIN_AUTH_SUCCESS',''),(643,0,2,0,0,0,'71.71.122.166',1329612211,'LOG_CONFIG_REGISTRATION',''),(644,0,2,0,0,0,'71.71.122.166',1329612456,'LOG_ADMIN_AUTH_SUCCESS',''),(645,0,2,0,0,0,'71.71.122.166',1329612681,'LOG_CONFIG_REGISTRATION',''),(646,0,2,0,0,0,'71.71.122.166',1329614600,'LOG_CONFIG_REGISTRATION',''),(647,0,2,0,0,0,'71.71.122.166',1329616413,'LOG_MODULE_ADD','a:1:{i:0;s:8:\"Add User\";}'),(648,0,2,0,0,0,'71.71.122.166',1329616525,'LOG_USER_ADDED','a:1:{i:0;s:10:\"EvieCurley\";}'),(649,3,55,0,0,55,'71.71.122.166',1329631660,'LOG_USER_NEW_PASSWORD','a:1:{i:0;s:12:\"AndreaHalsey\";}'),(650,0,2,0,0,0,'71.71.122.166',1329641574,'LOG_ADMIN_AUTH_SUCCESS',''),(651,3,57,0,0,57,'24.167.165.214',1329664359,'LOG_USER_NEW_PASSWORD','a:1:{i:0;s:10:\"EvieCurley\";}'),(652,0,2,0,0,0,'71.71.122.166',1329699168,'LOG_ADMIN_AUTH_SUCCESS',''),(653,0,2,0,0,0,'71.71.122.166',1329755534,'LOG_ADMIN_AUTH_SUCCESS',''),(654,0,2,0,0,0,'71.71.122.166',1329755556,'LOG_CONFIG_SETTINGS',''),(655,0,2,0,0,0,'71.71.122.166',1330649492,'LOG_ADMIN_AUTH_SUCCESS',''),(656,0,2,0,0,0,'71.71.122.166',1330649542,'LOG_USER_ADDED','a:1:{i:0;s:11:\"AngelaWeeks\";}'),(657,0,2,0,0,0,'71.71.122.166',1330649571,'LOG_USER_ADDED','a:1:{i:0;s:9:\"BethWiley\";}'),(658,0,2,0,0,0,'71.71.122.166',1330649591,'LOG_USER_ADDED','a:1:{i:0;s:5:\"Carol\";}'),(659,0,2,0,0,0,'71.71.122.166',1330649610,'LOG_USER_ADDED','a:1:{i:0;s:7:\"Crystal\";}'),(660,0,2,0,0,0,'71.71.122.166',1330649631,'LOG_USER_ADDED','a:1:{i:0;s:12:\"JanetPliszka\";}'),(661,0,2,0,0,0,'71.71.122.166',1330649656,'LOG_USER_ADDED','a:1:{i:0;s:12:\"JenniferRess\";}'),(662,0,2,0,0,0,'71.71.122.166',1330649694,'LOG_USER_ADDED','a:1:{i:0;s:13:\"JuliaFranzosa\";}'),(663,0,2,0,0,0,'71.71.122.166',1330649714,'LOG_USER_ADDED','a:1:{i:0;s:13:\"LynneBerridge\";}'),(664,0,2,0,0,0,'71.71.122.166',1330649729,'LOG_USER_ADDED','a:1:{i:0;s:12:\"TraciThorson\";}'),(665,0,2,0,0,0,'71.71.122.166',1330649746,'LOG_USER_ADDED','a:1:{i:0;s:13:\"YvonneNiemann\";}'),(666,3,58,0,0,58,'68.185.207.124',1330657480,'LOG_USER_NEW_PASSWORD','a:1:{i:0;s:11:\"AngelaWeeks\";}'),(667,3,67,0,0,67,'75.54.29.204',1330700059,'LOG_USER_NEW_PASSWORD','a:1:{i:0;s:13:\"YvonneNiemann\";}'),(668,3,66,0,0,66,'66.72.176.14',1330895525,'LOG_USER_NEW_PASSWORD','a:1:{i:0;s:12:\"TraciThorson\";}'),(669,0,2,0,0,0,'71.71.122.166',1330953638,'LOG_ADMIN_AUTH_SUCCESS',''),(670,0,2,0,0,0,'71.71.122.166',1330953710,'LOG_FORUM_ADD','a:1:{i:0;s:39:\"The Designer Concept: New and Coming Up\";}'),(671,0,2,0,0,0,'71.71.122.166',1330953710,'LOG_FORUM_COPIED_PERMISSIONS','a:2:{i:0;s:9:\"Resources\";i:1;s:39:\"The Designer Concept: New and Coming Up\";}'),(672,0,2,0,0,0,'71.71.122.166',1330953723,'LOG_FORUM_MOVE_UP','a:2:{i:0;s:39:\"The Designer Concept: New and Coming Up\";i:1;s:20:\"Websites &amp; Blogs\";}'),(673,0,2,0,0,0,'71.71.122.166',1330953725,'LOG_FORUM_MOVE_UP','a:2:{i:0;s:39:\"The Designer Concept: New and Coming Up\";i:1;s:25:\"Templates &amp; Designers\";}'),(674,0,2,0,0,0,'71.71.122.166',1330953728,'LOG_FORUM_MOVE_UP','a:2:{i:0;s:39:\"The Designer Concept: New and Coming Up\";i:1;s:7:\"Actions\";}'),(675,0,2,0,0,0,'71.71.122.166',1330953730,'LOG_FORUM_MOVE_UP','a:2:{i:0;s:39:\"The Designer Concept: New and Coming Up\";i:1;s:10:\"Photo Labs\";}'),(676,0,2,0,0,0,'71.71.122.166',1330953734,'LOG_FORUM_MOVE_UP','a:2:{i:0;s:39:\"The Designer Concept: New and Coming Up\";i:1;s:7:\"Vendors\";}'),(677,0,2,0,0,0,'71.71.122.166',1330953736,'LOG_FORUM_MOVE_UP','a:2:{i:0;s:39:\"The Designer Concept: New and Coming Up\";i:1;s:36:\"The Designer Concept : Template Help\";}'),(678,0,2,0,0,0,'71.71.122.166',1330953754,'LOG_FORUM_EDIT','a:1:{i:0;s:40:\"The Designer Concept : New and Coming Up\";}'),(679,0,2,0,0,0,'71.71.122.166',1331044278,'LOG_ADMIN_AUTH_SUCCESS',''),(680,1,2,4,5,0,'71.71.122.166',1331044328,'LOG_DELETE_POST','a:2:{i:0;s:60:\"Re: Post in this forum with your Pricing questions and comme\";i:1;s:5:\"admin\";}'),(681,0,2,0,0,0,'71.71.122.166',1331094897,'LOG_ADMIN_AUTH_SUCCESS',''),(682,0,2,0,0,0,'71.71.122.166',1331094916,'LOG_USER_ADDED','a:1:{i:0;s:14:\"AnnetteGoodman\";}'),(683,0,2,0,0,0,'71.71.122.166',1331332477,'LOG_ADMIN_AUTH_SUCCESS',''),(684,0,2,0,0,0,'71.71.122.166',1331332500,'LOG_USER_ADDED','a:1:{i:0;s:13:\"DeniseSchmidt\";}'),(685,3,68,0,0,68,'71.68.61.69',1331485608,'LOG_USER_NEW_PASSWORD','a:1:{i:0;s:14:\"AnnetteGoodman\";}'),(686,0,2,0,0,0,'71.71.122.166',1331489692,'LOG_ADMIN_AUTH_SUCCESS',''),(687,3,2,0,0,69,'71.71.122.166',1331489746,'LOG_USER_UPDATE_NAME','a:2:{i:0;s:13:\"DeniseSchmidt\";i:1;s:16:\"DeniseMarieOlson\";}'),(688,0,2,0,0,0,'71.71.122.166',1331489746,'LOG_USER_USER_UPDATE','a:1:{i:0;s:16:\"DeniseMarieOlson\";}'),(689,1,55,38,13,0,'71.71.122.166',1331672076,'LOG_MOVE','a:2:{i:0;s:12:\"Design Share\";i:1;s:25:\"Templates &amp; Designers\";}'),(690,0,2,0,0,0,'71.71.122.166',1331672098,'LOG_ADMIN_AUTH_SUCCESS',''),(691,0,2,0,0,0,'71.71.122.166',1331672140,'LOG_FORUM_EDIT','a:1:{i:0;s:22:\"Templates &amp; Design\";}'),(692,0,2,0,0,0,'71.23.108.198',1332858394,'LOG_ADMIN_AUTH_SUCCESS',''),(693,0,2,0,0,0,'71.23.108.198',1332858445,'LOG_USER_ADDED','a:1:{i:0;s:12:\"MelanieSikma\";}'),(694,0,2,0,0,0,'71.71.122.166',1333551582,'LOG_ADMIN_AUTH_SUCCESS',''),(695,0,2,0,0,0,'71.71.122.166',1333551609,'LOG_USER_ADDED','a:1:{i:0;s:14:\"BrandyAnderson\";}'),(696,0,2,0,0,0,'71.23.108.198',1336152163,'LOG_ADMIN_AUTH_SUCCESS',''),(697,0,2,0,0,0,'71.23.108.198',1336152564,'LOG_MASS_EMAIL','a:1:{i:0;s:9:\"All users\";}'),(698,3,1,0,0,70,'98.100.167.246',1337103323,'LOG_USER_NEW_PASSWORD','a:1:{i:0;s:12:\"MelanieSikma\";}'),(699,3,70,0,0,70,'98.100.167.246',1337103361,'LOG_USER_NEW_PASSWORD','a:1:{i:0;s:12:\"MelanieSikma\";}'),(700,3,1,0,0,66,'66.72.176.14',1339535343,'LOG_USER_NEW_PASSWORD','a:1:{i:0;s:12:\"TraciThorson\";}'),(701,0,2,0,0,0,'71.71.122.166',1339598992,'LOG_ADMIN_AUTH_SUCCESS',''),(702,0,2,0,0,0,'71.71.122.166',1339599052,'LOG_USER_ADDED','a:1:{i:0;s:10:\"ErinFekety\";}');

--
-- Table structure for table `phpbb_login_attempts`
--

CREATE TABLE `phpbb_login_attempts` (
  `attempt_ip` varchar(40) NOT NULL DEFAULT '',
  `attempt_browser` varchar(150) NOT NULL DEFAULT '',
  `attempt_forwarded_for` varchar(255) NOT NULL DEFAULT '',
  `attempt_time` int(11) unsigned NOT NULL DEFAULT '0',
  `user_id` mediumint(8) unsigned NOT NULL DEFAULT '0',
  `username` varchar(255) NOT NULL DEFAULT '0',
  `username_clean` varchar(255) NOT NULL DEFAULT '0',
  KEY `att_ip` (`attempt_ip`,`attempt_time`),
  KEY `att_for` (`attempt_forwarded_for`,`attempt_time`),
  KEY `att_time` (`attempt_time`),
  KEY `user_id` (`user_id`)
) ENGINE=MyISAM DEFAULT CHARSET=latin1;

--
-- Dumping data for table `phpbb_login_attempts`
--

INSERT INTO `phpbb_login_attempts` VALUES ('66.57.253.158','Mozilla/5.0 (Macintosh; Intel Mac OS X 10_8_4) AppleWebKit/536.30.1 (KHTML, like Gecko) Version/6.0.5 Safari/536.30.1','',1376677486,0,'aew@aewileyphotography.com','aew@aewileyphotography.com'),('66.57.253.158','Mozilla/5.0 (Macintosh; Intel Mac OS X 10_8_4) AppleWebKit/536.30.1 (KHTML, like Gecko) Version/6.0.5 Safari/536.30.1','',1376677253,0,'aewiley','aewiley'),('66.57.253.158','Mozilla/5.0 (Macintosh; Intel Mac OS X 10_8_4) AppleWebKit/536.30.1 (KHTML, like Gecko) Version/6.0.5 Safari/536.30.1','',1376677080,0,'aewiley','aewiley'),('37.147.148.99','Mozilla/4.0 (compatible; MSIE 7.0; AOL 8.0; Windows NT 5.1; .NET CLR 2.0.50727; .NET CLR 1.1.4322; .NET CLR 3.0.04506.30)','',1377046528,0,'Maksanolonok','maksanolonok'),('2.94.36.136','Mozilla/4.0 (compatible; MSIE 7.0; AOL 8.0; Windows NT 5.1; .NET CLR 2.0.50727; .NET CLR 1.1.4322; .NET CLR 3.0.04506.30)','',1377357668,0,'Maksanolonok','maksanolonok'),('109.111.19.109','Mozilla/4.0 (compatible; MSIE 7.0; AOL 8.0; Windows NT 5.1; .NET CLR 2.0.50727; .NET CLR 1.1.4322; .NET CLR 3.0.04506.30)','',1379257114,0,'AndreyK45','andreyk45'),('109.111.10.220','Mozilla/4.0 (compatible; MSIE 7.0; AOL 8.0; Windows NT 5.1; .NET CLR 2.0.50727; .NET CLR 1.1.4322; .NET CLR 3.0.04506.30)','',1379692871,0,'AndreyK45','andreyk45'),('31.44.10.5','Mozilla/4.0 (compatible; MSIE 7.0; AOL 8.0; Windows NT 5.1; .NET CLR 2.0.50727; .NET CLR 1.1.4322; .NET CLR 3.0.04506.30)','',1380362319,0,'furskinsru','furskinsru'),('5.9.178.82','Mozilla/4.0 (compatible; MSIE 7.0; AOL 8.0; Windows NT 5.1; .NET CLR 2.0.50727; .NET CLR 1.1.4322; .NET CLR 3.0.04506.30)','',1383331817,0,'Svetlana123','svetlana123'),('80.80.206.222','Mozilla/4.0 (compatible; MSIE 7.0; AOL 8.0; Windows NT 5.1; .NET CLR 2.0.50727; .NET CLR 1.1.4322; .NET CLR 3.0.04506.30)','',1384071078,0,'MisterBoss124','misterboss124'),('80.80.204.50','Mozilla/4.0 (compatible; MSIE 7.0; AOL 8.0; Windows NT 5.1; .NET CLR 2.0.50727; .NET CLR 1.1.4322; .NET CLR 3.0.04506.30)','',1384622307,0,'MisterBoss124','misterboss124'),('91.210.102.45','Mozilla/4.0 (compatible; MSIE 7.0; AOL 8.0; Windows NT 5.1; .NET CLR 2.0.50727; .NET CLR 1.1.4322; .NET CLR 3.0.04506.30)','',1387371972,0,'SuperrMax932','superrmax932'),('91.210.101.161','Mozilla/4.0 (compatible; MSIE 7.0; AOL 8.0; Windows NT 5.1; .NET CLR 2.0.50727; .NET CLR 1.1.4322; .NET CLR 3.0.04506.30)','',1388418168,0,'SuperrMax932','superrmax932'),('109.111.6.125','Mozilla/5.0 (Windows NT 5.2; WOW64; rv:16.0) Gecko/20100101 Firefox/16.0','',1390097630,0,'MisterBinnX','misterbinnx'),('109.111.10.15','Mozilla/5.0 (Windows NT 6.2; WOW64) AppleWebKit/537.11 (KHTML, like Gecko) Chrome/23.0.1271.91 Safari/537.11','',1390151752,0,'MisterBinnX','misterbinnx'),('178.187.72.103','Opera/9.80 (Windows NT 6.0; U; ru) Presto/2.10.289 Version/12.02','',1393288280,0,'aromanitKt','aromanitkt'),('69.204.208.250','Mozilla/5.0 (Windows NT 6.3; WOW64) AppleWebKit/537.36 (KHTML, like Gecko) Chrome/33.0.1750.154 Safari/537.36','',1395927090,0,'mommyandmephoto@gmail.com','mommyandmephoto@gmail.com'),('46.166.199.137','Mozilla/5.0 (Windows NT 6.1; WOW64; rv:26.0) Gecko/20100101 Firefox/26.0','',1398578272,0,'AndreyTum','andreytum');

--
-- Table structure for table `phpbb_moderator_cache`
--

CREATE TABLE `phpbb_moderator_cache` (
  `forum_id` mediumint(8) unsigned NOT NULL DEFAULT '0',
  `user_id` mediumint(8) unsigned NOT NULL DEFAULT '0',
  `username` varchar(255) NOT NULL DEFAULT '',
  `group_id` mediumint(8) unsigned NOT NULL DEFAULT '0',
  `group_name` varchar(255) NOT NULL DEFAULT '',
  `display_on_index` tinyint(1) unsigned NOT NULL DEFAULT '1',
  KEY `disp_idx` (`display_on_index`),
  KEY `forum_id` (`forum_id`)
) ENGINE=MyISAM DEFAULT CHARSET=latin1;

--
-- Dumping data for table `phpbb_moderator_cache`
--


--
-- Table structure for table `phpbb_modules`
--

CREATE TABLE `phpbb_modules` (
  `module_id` mediumint(8) unsigned NOT NULL AUTO_INCREMENT,
  `module_enabled` tinyint(1) unsigned NOT NULL DEFAULT '1',
  `module_display` tinyint(1) unsigned NOT NULL DEFAULT '1',
  `module_basename` varchar(255) NOT NULL DEFAULT '',
  `module_class` varchar(10) NOT NULL DEFAULT '',
  `parent_id` mediumint(8) unsigned NOT NULL DEFAULT '0',
  `left_id` mediumint(8) unsigned NOT NULL DEFAULT '0',
  `right_id` mediumint(8) unsigned NOT NULL DEFAULT '0',
  `module_langname` varchar(255) NOT NULL DEFAULT '',
  `module_mode` varchar(255) NOT NULL DEFAULT '',
  `module_auth` varchar(255) NOT NULL DEFAULT '',
  PRIMARY KEY (`module_id`),
  KEY `left_right_id` (`left_id`,`right_id`),
  KEY `module_enabled` (`module_enabled`),
  KEY `class_left_id` (`module_class`,`left_id`)
) ENGINE=MyISAM AUTO_INCREMENT=200 DEFAULT CHARSET=latin1;

--
-- Dumping data for table `phpbb_modules`
--

INSERT INTO `phpbb_modules` VALUES (1,1,1,'','acp',0,1,64,'ACP_CAT_GENERAL','',''),(2,1,1,'','acp',1,4,17,'ACP_QUICK_ACCESS','',''),(3,1,1,'','acp',1,18,41,'ACP_BOARD_CONFIGURATION','',''),(4,1,1,'','acp',1,42,49,'ACP_CLIENT_COMMUNICATION','',''),(5,1,1,'','acp',1,50,63,'ACP_SERVER_CONFIGURATION','',''),(6,1,1,'','acp',0,65,84,'ACP_CAT_FORUMS','',''),(7,1,1,'','acp',6,66,71,'ACP_MANAGE_FORUMS','',''),(8,1,1,'','acp',6,72,83,'ACP_FORUM_BASED_PERMISSIONS','',''),(9,1,1,'','acp',0,85,110,'ACP_CAT_POSTING','',''),(10,1,1,'','acp',9,86,99,'ACP_MESSAGES','',''),(11,1,1,'','acp',9,100,109,'ACP_ATTACHMENTS','',''),(12,1,1,'','acp',0,111,168,'ACP_CAT_USERGROUP','',''),(13,1,1,'','acp',12,112,147,'ACP_CAT_USERS','',''),(14,1,1,'','acp',12,148,155,'ACP_GROUPS','',''),(15,1,1,'','acp',12,156,167,'ACP_USER_SECURITY','',''),(16,1,1,'','acp',0,169,218,'ACP_CAT_PERMISSIONS','',''),(17,1,1,'','acp',16,172,181,'ACP_GLOBAL_PERMISSIONS','',''),(18,1,1,'','acp',16,182,193,'ACP_FORUM_BASED_PERMISSIONS','',''),(19,1,1,'','acp',16,194,203,'ACP_PERMISSION_ROLES','',''),(20,1,1,'','acp',16,204,217,'ACP_PERMISSION_MASKS','',''),(21,1,1,'','acp',0,219,232,'ACP_CAT_STYLES','',''),(22,1,1,'','acp',21,220,223,'ACP_STYLE_MANAGEMENT','',''),(23,1,1,'','acp',21,224,231,'ACP_STYLE_COMPONENTS','',''),(24,1,1,'','acp',0,233,252,'ACP_CAT_MAINTENANCE','',''),(25,1,1,'','acp',24,234,243,'ACP_FORUM_LOGS','',''),(26,1,1,'','acp',24,244,251,'ACP_CAT_DATABASE','',''),(27,1,1,'','acp',0,253,278,'ACP_CAT_SYSTEM','',''),(28,1,1,'','acp',27,254,257,'ACP_AUTOMATION','',''),(29,1,1,'','acp',27,258,269,'ACP_GENERAL_TASKS','',''),(30,1,1,'','acp',27,270,277,'ACP_MODULE_MANAGEMENT','',''),(31,1,1,'','acp',0,279,280,'ACP_CAT_DOT_MODS','',''),(32,1,1,'attachments','acp',3,19,20,'ACP_ATTACHMENT_SETTINGS','attach','acl_a_attach'),(33,1,1,'attachments','acp',11,101,102,'ACP_ATTACHMENT_SETTINGS','attach','acl_a_attach'),(34,1,1,'attachments','acp',11,103,104,'ACP_MANAGE_EXTENSIONS','extensions','acl_a_attach'),(35,1,1,'attachments','acp',11,105,106,'ACP_EXTENSION_GROUPS','ext_groups','acl_a_attach'),(36,1,1,'attachments','acp',11,107,108,'ACP_ORPHAN_ATTACHMENTS','orphan','acl_a_attach'),(37,1,1,'ban','acp',15,157,158,'ACP_BAN_EMAILS','email','acl_a_ban'),(38,1,1,'ban','acp',15,159,160,'ACP_BAN_IPS','ip','acl_a_ban'),(39,1,1,'ban','acp',15,161,162,'ACP_BAN_USERNAMES','user','acl_a_ban'),(40,1,1,'bbcodes','acp',10,87,88,'ACP_BBCODES','bbcodes','acl_a_bbcode'),(41,1,1,'board','acp',3,21,22,'ACP_BOARD_SETTINGS','settings','acl_a_board'),(42,1,1,'board','acp',3,23,24,'ACP_BOARD_FEATURES','features','acl_a_board'),(43,1,1,'board','acp',3,25,26,'ACP_AVATAR_SETTINGS','avatar','acl_a_board'),(44,1,1,'board','acp',3,27,28,'ACP_MESSAGE_SETTINGS','message','acl_a_board'),(45,1,1,'board','acp',10,89,90,'ACP_MESSAGE_SETTINGS','message','acl_a_board'),(46,1,1,'board','acp',3,29,30,'ACP_POST_SETTINGS','post','acl_a_board'),(47,1,1,'board','acp',10,91,92,'ACP_POST_SETTINGS','post','acl_a_board'),(48,1,1,'board','acp',3,31,32,'ACP_SIGNATURE_SETTINGS','signature','acl_a_board'),(49,1,1,'board','acp',3,33,34,'ACP_FEED_SETTINGS','feed','acl_a_board'),(50,1,1,'board','acp',3,35,36,'ACP_REGISTER_SETTINGS','registration','acl_a_board'),(51,1,1,'board','acp',4,43,44,'ACP_AUTH_SETTINGS','auth','acl_a_server'),(52,1,1,'board','acp',4,45,46,'ACP_EMAIL_SETTINGS','email','acl_a_server'),(53,1,1,'board','acp',5,51,52,'ACP_COOKIE_SETTINGS','cookie','acl_a_server'),(54,1,1,'board','acp',5,53,54,'ACP_SERVER_SETTINGS','server','acl_a_server'),(55,1,1,'board','acp',5,55,56,'ACP_SECURITY_SETTINGS','security','acl_a_server'),(56,1,1,'board','acp',5,57,58,'ACP_LOAD_SETTINGS','load','acl_a_server'),(57,1,1,'bots','acp',29,259,260,'ACP_BOTS','bots','acl_a_bots'),(58,1,1,'captcha','acp',3,37,38,'ACP_VC_SETTINGS','visual','acl_a_board'),(59,1,0,'captcha','acp',3,39,40,'ACP_VC_CAPTCHA_DISPLAY','img','acl_a_board'),(60,1,1,'database','acp',26,245,246,'ACP_BACKUP','backup','acl_a_backup'),(61,1,1,'database','acp',26,247,248,'ACP_RESTORE','restore','acl_a_backup'),(62,1,1,'disallow','acp',15,163,164,'ACP_DISALLOW_USERNAMES','usernames','acl_a_names'),(63,1,1,'email','acp',29,261,262,'ACP_MASS_EMAIL','email','acl_a_email && cfg_email_enable'),(64,1,1,'forums','acp',7,67,68,'ACP_MANAGE_FORUMS','manage','acl_a_forum'),(65,1,1,'groups','acp',14,149,150,'ACP_GROUPS_MANAGE','manage','acl_a_group'),(66,1,1,'icons','acp',10,93,94,'ACP_ICONS','icons','acl_a_icons'),(67,1,1,'icons','acp',10,95,96,'ACP_SMILIES','smilies','acl_a_icons'),(68,1,1,'inactive','acp',13,115,116,'ACP_INACTIVE_USERS','list','acl_a_user'),(69,1,1,'jabber','acp',4,47,48,'ACP_JABBER_SETTINGS','settings','acl_a_jabber'),(70,1,1,'language','acp',29,263,264,'ACP_LANGUAGE_PACKS','lang_packs','acl_a_language'),(71,1,1,'logs','acp',25,235,236,'ACP_ADMIN_LOGS','admin','acl_a_viewlogs'),(72,1,1,'logs','acp',25,237,238,'ACP_MOD_LOGS','mod','acl_a_viewlogs'),(73,1,1,'logs','acp',25,239,240,'ACP_USERS_LOGS','users','acl_a_viewlogs'),(74,1,1,'logs','acp',25,241,242,'ACP_CRITICAL_LOGS','critical','acl_a_viewlogs'),(75,1,1,'main','acp',1,2,3,'ACP_INDEX','main',''),(76,1,1,'modules','acp',30,271,272,'ACP','acp','acl_a_modules'),(77,1,1,'modules','acp',30,273,274,'UCP','ucp','acl_a_modules'),(78,1,1,'modules','acp',30,275,276,'MCP','mcp','acl_a_modules'),(79,1,1,'permission_roles','acp',19,195,196,'ACP_ADMIN_ROLES','admin_roles','acl_a_roles && acl_a_aauth'),(80,1,1,'permission_roles','acp',19,197,198,'ACP_USER_ROLES','user_roles','acl_a_roles && acl_a_uauth'),(81,1,1,'permission_roles','acp',19,199,200,'ACP_MOD_ROLES','mod_roles','acl_a_roles && acl_a_mauth'),(82,1,1,'permission_roles','acp',19,201,202,'ACP_FORUM_ROLES','forum_roles','acl_a_roles && acl_a_fauth'),(83,1,1,'permissions','acp',16,170,171,'ACP_PERMISSIONS','intro','acl_a_authusers || acl_a_authgroups || acl_a_viewauth'),(84,1,0,'permissions','acp',20,205,206,'ACP_PERMISSION_TRACE','trace','acl_a_viewauth'),(85,1,1,'permissions','acp',18,183,184,'ACP_FORUM_PERMISSIONS','setting_forum_local','acl_a_fauth && (acl_a_authusers || acl_a_authgroups)'),(86,1,1,'permissions','acp',18,185,186,'ACP_FORUM_PERMISSIONS_COPY','setting_forum_copy','acl_a_fauth && acl_a_authusers && acl_a_authgroups && acl_a_mauth'),(87,1,1,'permissions','acp',18,187,188,'ACP_FORUM_MODERATORS','setting_mod_local','acl_a_mauth && (acl_a_authusers || acl_a_authgroups)'),(88,1,1,'permissions','acp',17,173,174,'ACP_USERS_PERMISSIONS','setting_user_global','acl_a_authusers && (acl_a_aauth || acl_a_mauth || acl_a_uauth)'),(89,1,1,'permissions','acp',13,117,118,'ACP_USERS_PERMISSIONS','setting_user_global','acl_a_authusers && (acl_a_aauth || acl_a_mauth || acl_a_uauth)'),(90,1,1,'permissions','acp',18,189,190,'ACP_USERS_FORUM_PERMISSIONS','setting_user_local','acl_a_authusers && (acl_a_mauth || acl_a_fauth)'),(91,1,1,'permissions','acp',13,119,120,'ACP_USERS_FORUM_PERMISSIONS','setting_user_local','acl_a_authusers && (acl_a_mauth || acl_a_fauth)'),(92,1,1,'permissions','acp',17,175,176,'ACP_GROUPS_PERMISSIONS','setting_group_global','acl_a_authgroups && (acl_a_aauth || acl_a_mauth || acl_a_uauth)'),(93,1,1,'permissions','acp',14,151,152,'ACP_GROUPS_PERMISSIONS','setting_group_global','acl_a_authgroups && (acl_a_aauth || acl_a_mauth || acl_a_uauth)'),(94,1,1,'permissions','acp',18,191,192,'ACP_GROUPS_FORUM_PERMISSIONS','setting_group_local','acl_a_authgroups && (acl_a_mauth || acl_a_fauth)'),(95,1,1,'permissions','acp',14,153,154,'ACP_GROUPS_FORUM_PERMISSIONS','setting_group_local','acl_a_authgroups && (acl_a_mauth || acl_a_fauth)'),(96,1,1,'permissions','acp',17,177,178,'ACP_ADMINISTRATORS','setting_admin_global','acl_a_aauth && (acl_a_authusers || acl_a_authgroups)'),(97,1,1,'permissions','acp',17,179,180,'ACP_GLOBAL_MODERATORS','setting_mod_global','acl_a_mauth && (acl_a_authusers || acl_a_authgroups)'),(98,1,1,'permissions','acp',20,207,208,'ACP_VIEW_ADMIN_PERMISSIONS','view_admin_global','acl_a_viewauth'),(99,1,1,'permissions','acp',20,209,210,'ACP_VIEW_USER_PERMISSIONS','view_user_global','acl_a_viewauth'),(100,1,1,'permissions','acp',20,211,212,'ACP_VIEW_GLOBAL_MOD_PERMISSIONS','view_mod_global','acl_a_viewauth'),(101,1,1,'permissions','acp',20,213,214,'ACP_VIEW_FORUM_MOD_PERMISSIONS','view_mod_local','acl_a_viewauth'),(102,1,1,'permissions','acp',20,215,216,'ACP_VIEW_FORUM_PERMISSIONS','view_forum_local','acl_a_viewauth'),(103,1,1,'php_info','acp',29,265,266,'ACP_PHP_INFO','info','acl_a_phpinfo'),(104,1,1,'profile','acp',13,121,122,'ACP_CUSTOM_PROFILE_FIELDS','profile','acl_a_profile'),(105,1,1,'prune','acp',7,69,70,'ACP_PRUNE_FORUMS','forums','acl_a_prune'),(106,1,1,'prune','acp',15,165,166,'ACP_PRUNE_USERS','users','acl_a_userdel'),(107,1,1,'ranks','acp',13,123,124,'ACP_MANAGE_RANKS','ranks','acl_a_ranks'),(108,1,1,'reasons','acp',29,267,268,'ACP_MANAGE_REASONS','main','acl_a_reasons'),(109,1,1,'search','acp',5,59,60,'ACP_SEARCH_SETTINGS','settings','acl_a_search'),(110,1,1,'search','acp',26,249,250,'ACP_SEARCH_INDEX','index','acl_a_search'),(111,1,1,'send_statistics','acp',5,61,62,'ACP_SEND_STATISTICS','send_statistics','acl_a_server'),(112,1,1,'styles','acp',22,221,222,'ACP_STYLES','style','acl_a_styles'),(113,1,1,'styles','acp',23,225,226,'ACP_TEMPLATES','template','acl_a_styles'),(114,1,1,'styles','acp',23,227,228,'ACP_THEMES','theme','acl_a_styles'),(115,1,1,'styles','acp',23,229,230,'ACP_IMAGESETS','imageset','acl_a_styles'),(116,1,1,'update','acp',28,255,256,'ACP_VERSION_CHECK','version_check','acl_a_board'),(117,1,1,'users','acp',13,113,114,'ACP_MANAGE_USERS','overview','acl_a_user'),(118,1,0,'users','acp',13,125,126,'ACP_USER_FEEDBACK','feedback','acl_a_user'),(119,1,0,'users','acp',13,127,128,'ACP_USER_WARNINGS','warnings','acl_a_user'),(120,1,0,'users','acp',13,129,130,'ACP_USER_PROFILE','profile','acl_a_user'),(121,1,0,'users','acp',13,131,132,'ACP_USER_PREFS','prefs','acl_a_user'),(122,1,0,'users','acp',13,133,134,'ACP_USER_AVATAR','avatar','acl_a_user'),(123,1,0,'users','acp',13,135,136,'ACP_USER_RANK','rank','acl_a_user'),(124,1,0,'users','acp',13,137,138,'ACP_USER_SIG','sig','acl_a_user'),(125,1,0,'users','acp',13,139,140,'ACP_USER_GROUPS','groups','acl_a_user && acl_a_group'),(126,1,0,'users','acp',13,141,142,'ACP_USER_PERM','perm','acl_a_user && acl_a_viewauth'),(127,1,0,'users','acp',13,143,144,'ACP_USER_ATTACH','attach','acl_a_user'),(128,1,1,'words','acp',10,97,98,'ACP_WORDS','words','acl_a_words'),(129,1,1,'users','acp',2,5,6,'ACP_MANAGE_USERS','overview','acl_a_user'),(130,1,1,'groups','acp',2,7,8,'ACP_GROUPS_MANAGE','manage','acl_a_group'),(131,1,1,'forums','acp',2,9,10,'ACP_MANAGE_FORUMS','manage','acl_a_forum'),(132,1,1,'logs','acp',2,11,12,'ACP_MOD_LOGS','mod','acl_a_viewlogs'),(133,1,1,'bots','acp',2,13,14,'ACP_BOTS','bots','acl_a_bots'),(134,1,1,'php_info','acp',2,15,16,'ACP_PHP_INFO','info','acl_a_phpinfo'),(135,1,1,'permissions','acp',8,73,74,'ACP_FORUM_PERMISSIONS','setting_forum_local','acl_a_fauth && (acl_a_authusers || acl_a_authgroups)'),(136,1,1,'permissions','acp',8,75,76,'ACP_FORUM_PERMISSIONS_COPY','setting_forum_copy','acl_a_fauth && acl_a_authusers && acl_a_authgroups && acl_a_mauth'),(137,1,1,'permissions','acp',8,77,78,'ACP_FORUM_MODERATORS','setting_mod_local','acl_a_mauth && (acl_a_authusers || acl_a_authgroups)'),(138,1,1,'permissions','acp',8,79,80,'ACP_USERS_FORUM_PERMISSIONS','setting_user_local','acl_a_authusers && (acl_a_mauth || acl_a_fauth)'),(139,1,1,'permissions','acp',8,81,82,'ACP_GROUPS_FORUM_PERMISSIONS','setting_group_local','acl_a_authgroups && (acl_a_mauth || acl_a_fauth)'),(140,1,1,'','mcp',0,1,10,'MCP_MAIN','',''),(141,1,1,'','mcp',0,11,18,'MCP_QUEUE','',''),(142,1,1,'','mcp',0,19,32,'MCP_REPORTS','',''),(143,1,1,'','mcp',0,33,38,'MCP_NOTES','',''),(144,1,1,'','mcp',0,39,48,'MCP_WARN','',''),(145,1,1,'','mcp',0,49,56,'MCP_LOGS','',''),(146,1,1,'','mcp',0,57,64,'MCP_BAN','',''),(147,1,1,'ban','mcp',146,58,59,'MCP_BAN_USERNAMES','user','acl_m_ban'),(148,1,1,'ban','mcp',146,60,61,'MCP_BAN_IPS','ip','acl_m_ban'),(149,1,1,'ban','mcp',146,62,63,'MCP_BAN_EMAILS','email','acl_m_ban'),(150,1,1,'logs','mcp',145,50,51,'MCP_LOGS_FRONT','front','acl_m_ || aclf_m_'),(151,1,1,'logs','mcp',145,52,53,'MCP_LOGS_FORUM_VIEW','forum_logs','acl_m_,$id'),(152,1,1,'logs','mcp',145,54,55,'MCP_LOGS_TOPIC_VIEW','topic_logs','acl_m_,$id'),(153,1,1,'main','mcp',140,2,3,'MCP_MAIN_FRONT','front',''),(154,1,1,'main','mcp',140,4,5,'MCP_MAIN_FORUM_VIEW','forum_view','acl_m_,$id'),(155,1,1,'main','mcp',140,6,7,'MCP_MAIN_TOPIC_VIEW','topic_view','acl_m_,$id'),(156,1,1,'main','mcp',140,8,9,'MCP_MAIN_POST_DETAILS','post_details','acl_m_,$id || (!$id && aclf_m_)'),(157,1,1,'notes','mcp',143,34,35,'MCP_NOTES_FRONT','front',''),(158,1,1,'notes','mcp',143,36,37,'MCP_NOTES_USER','user_notes',''),(159,1,1,'pm_reports','mcp',142,20,21,'MCP_PM_REPORTS_OPEN','pm_reports','aclf_m_report'),(160,1,1,'pm_reports','mcp',142,22,23,'MCP_PM_REPORTS_CLOSED','pm_reports_closed','aclf_m_report'),(161,1,1,'pm_reports','mcp',142,24,25,'MCP_PM_REPORT_DETAILS','pm_report_details','aclf_m_report'),(162,1,1,'queue','mcp',141,12,13,'MCP_QUEUE_UNAPPROVED_TOPICS','unapproved_topics','aclf_m_approve'),(163,1,1,'queue','mcp',141,14,15,'MCP_QUEUE_UNAPPROVED_POSTS','unapproved_posts','aclf_m_approve'),(164,1,1,'queue','mcp',141,16,17,'MCP_QUEUE_APPROVE_DETAILS','approve_details','acl_m_approve,$id || (!$id && aclf_m_approve)'),(165,1,1,'reports','mcp',142,26,27,'MCP_REPORTS_OPEN','reports','aclf_m_report'),(166,1,1,'reports','mcp',142,28,29,'MCP_REPORTS_CLOSED','reports_closed','aclf_m_report'),(167,1,1,'reports','mcp',142,30,31,'MCP_REPORT_DETAILS','report_details','acl_m_report,$id || (!$id && aclf_m_report)'),(168,1,1,'warn','mcp',144,40,41,'MCP_WARN_FRONT','front','aclf_m_warn'),(169,1,1,'warn','mcp',144,42,43,'MCP_WARN_LIST','list','aclf_m_warn'),(170,1,1,'warn','mcp',144,44,45,'MCP_WARN_USER','warn_user','aclf_m_warn'),(171,1,1,'warn','mcp',144,46,47,'MCP_WARN_POST','warn_post','acl_m_warn && acl_f_read,$id'),(172,1,1,'','ucp',0,1,12,'UCP_MAIN','',''),(173,1,1,'','ucp',0,13,22,'UCP_PROFILE','',''),(174,1,1,'','ucp',0,23,30,'UCP_PREFS','',''),(175,1,1,'','ucp',0,31,42,'UCP_PM','',''),(176,1,1,'','ucp',0,43,48,'UCP_USERGROUPS','',''),(177,1,1,'','ucp',0,49,54,'UCP_ZEBRA','',''),(178,0,1,'attachments','ucp',172,10,11,'UCP_MAIN_ATTACHMENTS','attachments','acl_u_attach'),(179,1,1,'groups','ucp',176,44,45,'UCP_USERGROUPS_MEMBER','membership',''),(180,1,1,'groups','ucp',176,46,47,'UCP_USERGROUPS_MANAGE','manage',''),(181,1,1,'main','ucp',172,2,3,'UCP_MAIN_FRONT','front',''),(182,1,1,'main','ucp',172,4,5,'UCP_MAIN_SUBSCRIBED','subscribed',''),(183,1,1,'main','ucp',172,6,7,'UCP_MAIN_BOOKMARKS','bookmarks','cfg_allow_bookmarks'),(184,1,1,'main','ucp',172,8,9,'UCP_MAIN_DRAFTS','drafts',''),(185,1,0,'pm','ucp',175,32,33,'UCP_PM_VIEW','view','cfg_allow_privmsg'),(186,1,1,'pm','ucp',175,34,35,'UCP_PM_COMPOSE','compose','cfg_allow_privmsg'),(187,1,1,'pm','ucp',175,36,37,'UCP_PM_DRAFTS','drafts','cfg_allow_privmsg'),(188,0,1,'pm','ucp',175,38,39,'UCP_PM_OPTIONS','options','cfg_allow_privmsg'),(189,1,0,'pm','ucp',175,40,41,'UCP_PM_POPUP_TITLE','popup','cfg_allow_privmsg'),(190,1,1,'prefs','ucp',174,24,25,'UCP_PREFS_PERSONAL','personal',''),(191,0,1,'prefs','ucp',174,26,27,'UCP_PREFS_POST','post',''),(192,0,1,'prefs','ucp',174,28,29,'UCP_PREFS_VIEW','view',''),(193,1,1,'profile','ucp',173,14,15,'UCP_PROFILE_PROFILE_INFO','profile_info',''),(194,1,1,'profile','ucp',173,16,17,'UCP_PROFILE_SIGNATURE','signature',''),(195,1,1,'profile','ucp',173,18,19,'UCP_PROFILE_AVATAR','avatar','cfg_allow_avatar && (cfg_allow_avatar_local || cfg_allow_avatar_remote || cfg_allow_avatar_upload || cfg_allow_avatar_remote_upload)'),(196,1,1,'profile','ucp',173,20,21,'UCP_PROFILE_REG_DETAILS','reg_details',''),(197,1,1,'zebra','ucp',177,50,51,'UCP_ZEBRA_FRIENDS','friends',''),(198,1,1,'zebra','ucp',177,52,53,'UCP_ZEBRA_FOES','foes',''),(199,1,1,'add_user','acp',13,145,146,'ADD_USER','add_user','acl_a_add_user');

--
-- Table structure for table `phpbb_poll_options`
--

CREATE TABLE `phpbb_poll_options` (
  `poll_option_id` tinyint(4) NOT NULL DEFAULT '0',
  `topic_id` mediumint(8) unsigned NOT NULL DEFAULT '0',
  `poll_option_text` text NOT NULL,
  `poll_option_total` mediumint(8) unsigned NOT NULL DEFAULT '0',
  KEY `poll_opt_id` (`poll_option_id`),
  KEY `topic_id` (`topic_id`)
) ENGINE=MyISAM DEFAULT CHARSET=latin1;

--
-- Dumping data for table `phpbb_poll_options`
--


--
-- Table structure for table `phpbb_poll_votes`
--

CREATE TABLE `phpbb_poll_votes` (
  `topic_id` mediumint(8) unsigned NOT NULL DEFAULT '0',
  `poll_option_id` tinyint(4) NOT NULL DEFAULT '0',
  `vote_user_id` mediumint(8) unsigned NOT NULL DEFAULT '0',
  `vote_user_ip` varchar(40) NOT NULL DEFAULT '',
  KEY `topic_id` (`topic_id`),
  KEY `vote_user_id` (`vote_user_id`),
  KEY `vote_user_ip` (`vote_user_ip`)
) ENGINE=MyISAM DEFAULT CHARSET=latin1;

--
-- Dumping data for table `phpbb_poll_votes`
--


--
-- Table structure for table `phpbb_posts`
--

CREATE TABLE `phpbb_posts` (
  `post_id` mediumint(8) unsigned NOT NULL AUTO_INCREMENT,
  `topic_id` mediumint(8) unsigned NOT NULL DEFAULT '0',
  `forum_id` mediumint(8) unsigned NOT NULL DEFAULT '0',
  `poster_id` mediumint(8) unsigned NOT NULL DEFAULT '0',
  `icon_id` mediumint(8) unsigned NOT NULL DEFAULT '0',
  `poster_ip` varchar(40) NOT NULL DEFAULT '',
  `post_time` int(11) unsigned NOT NULL DEFAULT '0',
  `post_approved` tinyint(1) unsigned NOT NULL DEFAULT '1',
  `post_reported` tinyint(1) unsigned NOT NULL DEFAULT '0',
  `enable_bbcode` tinyint(1) unsigned NOT NULL DEFAULT '1',
  `enable_smilies` tinyint(1) unsigned NOT NULL DEFAULT '1',
  `enable_magic_url` tinyint(1) unsigned NOT NULL DEFAULT '1',
  `enable_sig` tinyint(1) unsigned NOT NULL DEFAULT '1',
  `post_username` varchar(255) NOT NULL DEFAULT '',
  `post_subject` varchar(255) CHARACTER SET utf8 NOT NULL DEFAULT '',
  `post_text` mediumtext NOT NULL,
  `post_checksum` varchar(32) NOT NULL DEFAULT '',
  `post_attachment` tinyint(1) unsigned NOT NULL DEFAULT '0',
  `bbcode_bitfield` varchar(255) NOT NULL DEFAULT '',
  `bbcode_uid` varchar(8) NOT NULL DEFAULT '',
  `post_postcount` tinyint(1) unsigned NOT NULL DEFAULT '1',
  `post_edit_time` int(11) unsigned NOT NULL DEFAULT '0',
  `post_edit_reason` varchar(255) NOT NULL DEFAULT '',
  `post_edit_user` mediumint(8) unsigned NOT NULL DEFAULT '0',
  `post_edit_count` smallint(4) unsigned NOT NULL DEFAULT '0',
  `post_edit_locked` tinyint(1) unsigned NOT NULL DEFAULT '0',
  PRIMARY KEY (`post_id`),
  KEY `forum_id` (`forum_id`),
  KEY `topic_id` (`topic_id`),
  KEY `poster_ip` (`poster_ip`),
  KEY `poster_id` (`poster_id`),
  KEY `post_approved` (`post_approved`),
  KEY `post_username` (`post_username`),
  KEY `tid_post_time` (`topic_id`,`post_time`)
) ENGINE=MyISAM AUTO_INCREMENT=95 DEFAULT CHARSET=latin1;

--
-- Dumping data for table `phpbb_posts`
--

INSERT INTO `phpbb_posts` VALUES (9,5,4,62,0,'70.75.24.136',1330657446,1,0,1,0,1,1,'','Re: Post in this forum with your Pricing questions and comme','My constant struggle with pricing is \nA). What is a good balance of a variety of beautiful products without overwhelming a client with too many choice?\nB). What are winning collections for both clients and our studio. \n\nIf anyone has suggestions for that, I would so appreciate insight!\n\nTo answer questions that Andrea posted... I think markup depends if you have a studio space or not.   I remember reading in the PPA that studio based should up prices fourfold (and that includes total price of product, shipping, duty for us Cdn folk)    Home based businesses were suggested to go up threefold.','9ddcc51d968f9dccac353877580b63fd',0,'','3qayqy07',1,0,'',0,0,0),(8,5,4,55,0,'71.71.122.166',1329631852,1,0,1,0,1,1,'','Post in this forum with your Pricing questions and comments.','Some examples to get us started:\n\nWhat is the best way to display pricing?\n\nHow much should a product be marked up?\n\nHow do I make the transition to increase my prices?\n\nJust remember to be specific, and share if you have something to add!','6fa14fcfa47ff104f8ab0323e8660de8',0,'','n3zpmxbw',1,0,'',0,0,0),(10,5,4,62,0,'70.75.24.136',1330658165,1,0,1,0,1,1,'','Re: Post in this forum with your Pricing questions and comme','Transitioning to new pricing... After announcing when new prices our coming into effect,  I\'d suggest giving existing clients one month ( or whatever time frame you feel comfortable with) to pay a sitting fee to lock in at existing prices.    In that way you are informing them of the change, giving them an opportunity to get pricing as they know it now but not surprising them with higher prices  when they try to book with you later.','f4a7cd1b44e95c366d52c3c45c934950',0,'','t89hjjcj',1,0,'',0,0,0),(11,5,4,65,0,'80.176.133.157',1330697940,1,0,1,0,1,1,'','Re: Post in this forum with your Pricing questions and comme','Hi to you all!\n\nI currently use a panodia portfolio for my pricelist, I keep it in sections relating to the type of photography (e.g babies has it own section as does boudoir), I\'ve seen some photographers use menu covers, like in a restaurant, just wondering how everyone else works?\n\nAlso do you give full pricelists to clients to take away, or more simplistic price guides? Or perhaps nothing at all!?\n\nI like to give clients lots of option, but am aware too many choices confuses and leads to no desicion making at all.\n\nI also like giving clients upfront price information but sometimes that\'s not the best thing to do for good sales, but if I don\'t give it out (in the right format or at the right time) I feel I\'m hiding my pricing, and how on earth can clients buy if they don\'t know how much things are?\n\nWhat works best for you &amp; why?\n\nThanks\nLynne','69e5d59ed00c9b60371372c733e40fb0',0,'','3qvn29wj',1,0,'',0,0,0),(12,5,4,57,0,'24.167.165.214',1330714782,1,0,1,0,1,1,'','Re: Post in this forum with your Pricing questions and comme','Lynne, I\'m in the process of completely revamping my pricing so I don\'t have a set in stone method yet but right now, I\'m still offering a digital version of my pricing to them prior to the session.  Part of my 2012 re-org is moving to in-person ordering so, probably after their session, I will drop a simple card in the mail with my collections on it and a reminder of their ordering appointment.  I don\'t think I am going to include a la carte pricing with that so they aren\'t thinking in those terms.  They will still have access to the full digital version, but the one in their hand will only have collections on it.\n\nThis is something that is being implemented now so hopefully, I\'ll have some feedback on it soon and can give you more info on how that works for clients!!','b3e4b54bfb643e95943d68c674f76943',0,'','2k6t056y',1,0,'',0,0,0),(13,6,31,57,0,'24.167.165.214',1330714897,1,0,1,0,1,1,'','Anyone here doing in-person ordering?','I\'m curious to know if anyone here is doing in-person ordering.  If so, what software/equip are you using for these sessions?  How long do they last?  Did you see a big jump in orders once you switched from online to in-person?','ffb6dc21cb86a73f531c9f99658ed252',0,'','1uubtahz',1,0,'',0,0,0),(14,7,44,57,0,'24.167.165.214',1330715191,1,0,1,0,1,1,'','Packaging, what do you use?','recently, I was reading something on branding and it had some AMAZING ideas for how to do things to create major impact for your clients without necessarily being a bank buster for us.  It really got me thinking about how I package my clients\' orders and I\'m excited to change up what I do.  Up to this point, it has been pretty hodge podge, nothing consistent from client to client.  \n\nDo you have something you\'re using consistently to convey a feeling about your company to your clients?','f1ceaee53e4ded6f00ca963d5f512535',0,'','33rjqoef',1,0,'',0,0,0),(15,7,44,67,0,'75.54.29.204',1330723945,1,0,1,0,1,1,'','Re: Packaging, what do you use?','Yes, I have my branding tied into everything I do - including packaging. I don\'t have any pictures, but I use brown vogue bags with some gold toile tissue paper. I put a wax seal with my monogram that\'s melted into ribbon on the front of the bag as well as my brown boxes and envelopes inside the bag. Each box and envelope is also wrapped with a champagne ribbon bow. It\'s completely me and goes with my branding very well. I get a lot of compliments from clients when they receive their orders and most say they are afraid to open everything as they don\'t want to mess up the prettiness.','ac3d03f80aecccd8f7a2179456cf27c6',0,'','3nngjkva',1,0,'',0,0,0),(16,5,4,67,0,'75.54.29.204',1330724781,1,0,1,0,1,1,'','Re: Post in this forum with your Pricing questions and comme','Currently, I take my COGs and multiply that by 4.25, which gives me my prices. I increase my prices every year at the end of summer right before I get into my busiest season. I don\'t give a heads up on when I change my rates, it\'s just something I do. I\'ve never had a complaint. When a repeat client contacts me for a session after a rate increase, I just let them know there have been a few changes since their last session and send them my rate catalog.\n\nI have starting prices on my website and if requested, I will send a PDF of my rates, but that doesn\'t happen often. Once someone books with me, I send them my PDF of rates so that they have it, but I find most don\'t read it, which I\'m fine with. At their session, I give each client a rate card along with other materials, but I don\'t have everything on my rate card -  just the things that I want them to buy. I do all my ordering online, so they don\'t receive rates again until they order. \n\nI offer three print collections that are geared around albums and then I offer two digital collections. I only offer two different albums now as I felt that I was giving too many options and clients were having problems making a decision. Much better now. I only offer things that I would want myself, fit my mission statement/business plan and work well with my style of photography. I\'m very selective in what I sell.','05a9d03b35b47b7e6b129e1762907788',0,'','1ippo7a8',1,0,'',0,0,0),(17,7,44,57,0,'24.167.165.214',1330726995,1,0,1,0,1,1,'','Re: Packaging, what do you use?','ooooh, a wax seal is really nice!  Very different and cool.  it all sounds so pretty!  My colors recently changed this year and I\'m going with gray, cream, and a pop of yellow.  I\'m just trying to work out how I want to work all of that together.\n\nI am thinking about getting some little camera charms to hang on my packages, too!','e1adbcf1c639f99b109998e1b408f903',0,'','vxi2xjdy',1,0,'',0,0,0),(18,8,36,65,0,'80.176.133.157',1330756845,1,0,1,0,1,1,'','Downloads','I\'ve just downloaded some of the templates, and they look lovely :-)\nBut I just thought you should know that three of the member downloads seem to be corrupt, these are:\nthe flipbook\nthe 5x7 luxe\nthe accordian album\n\nPerhaps it\'s just me, but in case it\'s not, I thought you should know before you get too busy with new members!\nLynne','069e5413690d06ba760e4ba429bdf666',0,'','cwl08d03',1,0,'',0,0,0),(19,5,4,65,0,'80.176.133.157',1330757476,1,0,1,0,1,1,'','Re: thanks Evie','[quote=&quot;EvieCurley&quot;:196noxmf]Lynne, I\'m in the process of completely revamping my pricing so I don\'t have a set in stone method yet but right now, I\'m still offering a digital version of my pricing to them prior to the session.  Part of my 2012 re-org is moving to in-person ordering so, probably after their session, I will drop a simple card in the mail with my collections on it and a reminder of their ordering appointment.  I don\'t think I am going to include a la carte pricing with that so they aren\'t thinking in those terms.  They will still have access to the full digital version, but the one in their hand will only have collections on it.\n\nThis is something that is being implemented now so hopefully, I\'ll have some feedback on it soon and can give you more info on how that works for clients!![/quote:196noxmf]\n\nThanks for responding!\nWith your digital version, is that a pdf that you email? ( I have a hidden section for pricing on my website, which is a pain to look after, and most clients forget about it, so not sure if it\'s worth the trouble looking after!)\n\n95% of my ordering sessions are in person, and it\'s so much better - I used to do online galleries years ago and never got the sales that I should have - Plus I LOVE watching clients reatins when seeing the images! \nYesterday I had a lady view her boudoir images, and she was blown away, she\'d had some dramtic weight loss and wasn;t expecing to like anything, but she loved most of them and was in tears! Happy ones :-) you miss that with other methods, and that\'s so rewarding in itself.\n\nMy mission is to make all my clients cry - tears of joy!\n\nLynne','2f07f0c5a259b742a59dafe5126f1b56',0,'gA==','196noxmf',1,0,'',0,0,0),(20,6,31,65,0,'80.176.133.157',1330757564,1,0,1,0,1,1,'','Re: Anyone here doing in-person ordering?','HI Evie, \nJust replied to you on the pricing forum!\nYes I do! It\'s the best thing to change your business for the better!\n\nI use Pro Select from time exposure for the viewing software.\n\nViewing times are generally 40mins - but it does depend on the client(s) some are in and out in 20, they know exactly what they want, others if it a generation family and you have sisters mothers granmothers all ordering, and they\'re trying to combine a package can take a little longer, and hour and a half is probably the longest for me.\n\nOccasionally I have a client who can\'t decide, this happens more often with baby clients, they want to show the grandparents etc.... so I will do my best to advise them of the best things to order to get what they want and how it might be possible to  add to a combination package with the grandparents, inevitably this means I need to do an online gallery as well - which I normally charge £45 to do which is credited to an order so long as it\'s made in the next 7 days, I feel that\'s fair.\n\nAnd yes my orders jumped up, it did take a little while for me to get into the swing of it and work out how to do everything, and I\'m still tweaking! Always on the look out on how to improve the system I have.\n\nLynne','0e37bbe99ee4a6b98d68b31522bff8ab',0,'','1qekk46o',1,0,'',0,0,0),(21,8,36,65,0,'80.176.133.157',1330759677,1,0,1,0,1,1,'','Re: Downloads','Just have to say- I LOVE the custom wall galleries, that download alone is worth the membership for me!\nI\'ve been looking for lovely furniture silhouettes for ages to create my own wall groups, as the houses here in the UK are a tad smaller than the US a lot of the large WOW groups you find ready made just aren\'t suitable for the British home.\n\nSo thank you very much :-)','3e8e292c0724f9fd53452550513c85c6',0,'','c4pnj4ac',1,0,'',0,0,0),(22,6,31,57,0,'24.167.165.214',1330911803,1,0,1,0,1,1,'','Re: Anyone here doing in-person ordering?','thanks for your reply!  I am definitely planning to get pro select asap.  I will be having my first in-person ordering session within the next month or so and am nervous about doing it!!','941e8e4e74510893a1516de6d5eda7e8',0,'','1u9hx87q',1,0,'',0,0,0),(23,5,4,57,0,'24.167.165.214',1330911967,1,0,1,0,1,1,'','Re: Post in this forum with your Pricing questions and comme','Hey Lynne!  yes, it is a pdf that I send through email.  I will probably put it on my server and include a link so people can download it as well.\n\nYou know, I\'m worried about making people cry.  LOL  I\'m the kind of person who has to cry along with them!!!  We\'ll all be bawling at their viewing!!!','8de6b27d5c32363022729f6175c2811d',0,'','9x2l17dj',1,0,'',0,0,0),(24,8,36,55,0,'71.71.122.166',1330953572,1,0,1,0,1,1,'','Re: Downloads','Hey there! Thanks so much for the heads up, I will get those downloads fixed ASAP.\n\nAnd so glad to hear you like the custom wall galleries!!! I def think everyone will get a kick out of making collections that are best sellers for their own biz.\n\nIf you make something snazzy, please share with us I\'d love to see!\n~A','5c21a12de0e13046f71f7cf2b7b390e1',0,'','34cii9gn',1,0,'',0,0,0),(25,6,31,62,0,'70.75.24.136',1331013017,1,0,1,0,1,1,'','Re: Anyone here doing in-person ordering?','I have had the proselect software for some time now and just need to make some time to sit down and figure it out.  \n\nIn the meantime I have just shown my slideshow in person and talked about the order.  For the most part sales have definitely gone up.  \n\nWhat I am finding is increasing my sales is offering suggestions and mock ups of wall displays using canvas, frames and organic bloom frames.   People are seeing them and just not able to say no!!!   I use the Ariana falerni photographer wall guides for that.','a48bd665072297778d803121145169bc',0,'','3qvivtk1',1,0,'',0,0,0),(26,5,4,62,0,'70.75.24.136',1331013369,1,0,1,0,1,1,'','Re: Post in this forum with your Pricing questions and comme','Yvonne\nWhich albums are you using. I currently use dream album but am also looking for a less expensive option for the client.  I thinking can still make the profit be similar for myself but the COGS for the album just makes it an expensive option for the client and I don\'t sell as many albums as I\'d like because of that.  Do you have a great quality suggestion for that second tier album?\n\nThanks!!!','f89505564f6c891901238a2a591f53a8',0,'','13ho1hp0',1,0,'',0,0,0),(27,8,36,62,0,'70.75.24.136',1331013478,1,0,1,0,1,1,'','Re: Downloads','I hadn\'t even checked out your wall galleries yet Andrea!! Will do so right away!!','72f71590c453416dae103c0bf8146f32',0,'','895ow2s4',1,0,'',0,0,0),(28,9,25,62,0,'70.75.24.136',1331014223,1,0,1,0,1,1,'','1st year birthday bash','Hi everyone!\nWe opened up a studio in Calgary a year ago.  It has been a fabulous year -- very nice to separate home and business!\n\nWe are coming up on our first birthday for the studio space.  We have an open house party planned that we are looking forward to.  It\'s similar to our grand opening which was face painting , the most amazing ballon artist you\'ve seen, food from q local vendor , lots of chatter and good company!   I am wondering if anyone has ideas for a lead up to the bday. I focus on kids, families babies and newborns.    Ideas could be:\n \n- offers and giveaways leading up to day\n- offers from the businesses we have partnerships with\n\nThose don\'t sound very crazy unique or different!!!   It\'s getting late... My mind is turning down the creativity dial!!  Thanks!\n\n\nAndrea:  I loved your voting on line for your 2010 clients and thought I could do something like the first year contest.  Could you share how you put that together?   That would be  super fun I think!!','f2ab4612b2dfe384726561b30ef59718',0,'','1uxed8xb',1,0,'',0,0,0),(31,9,25,55,0,'71.71.122.166',1331045149,1,0,1,0,1,1,'','Re: 1st year birthday bash','Hey there! Basically you can set up a poll to do this, using images instead of text options. I had a big party for my 3 year a couple years ago, it was such a blast! And one thing I did was block out some time for a &quot;modeling&quot; contest. I took pics at the party with a local boutique clothing line (owner brought all the clothing options and helped prepare their outfits as it was advertising for her line). Then, I picked one pic each and set them all up on a poll and let people vote afterwards. I probably only took 2-5 pics just to get one good one of each kid.\n\nPersonally, I\'m not sure an online giveaway leading up to the party is the best use of those assets. I would think maybe slowly making announcements about who will be at the party and what the prize would be, then offering people to sign up for &quot;tickets&quot; online. Not sure how this could work but maybe even just say... I dunno posting a comment or something gets them a ticket, then the giveaway and winners are announced at the party. Does that make sense?\n\nThe idea of course is that giving them away ahead of time, or even announcing the prizes at the party both won\'t actually draw people in. Finding a way to use every asset you have to bring people in can make it a huge success :)\n\nHTH!','656e0112e4ea8f15b8839394e0d20525',0,'','2brwb2oj',1,0,'',0,0,0),(32,10,6,55,0,'71.71.122.166',1331045312,1,0,1,0,1,1,'','What\'s your BEST seller?','I\'d love to hear what everyone\'s BEST seller is! What makes it so desirable and how do you use it to make great sales and happy clients?','ff8065381e183cbd42b9ef1c453a7066',0,'','55599pd0',1,0,'',0,0,0),(33,6,31,65,0,'80.176.133.157',1331073134,1,0,1,0,1,1,'','Re: Anyone here doing in-person ordering?','[quote=&quot;EvieCurley&quot;:3f88t4mc]thanks for your reply!  I am definitely planning to get pro select asap.  I will be having my first in-person ordering session within the next month or so and am nervous about doing it!![/quote:3f88t4mc]\n\nHi Evie,\nDon\'t be nervous! - just try to keep it simple first few times around until you\'re comfortable and know how you want to make the presentation your own. Be honest with your clients and tell them it\'s new to you most people will understand and cut you a lot of slack :-)\n\nI tend to get everyone comfortable, get them all a dink of their choice (nibbles are optional, I\'ve heard some photographers make cookies - although I can\'t cook!)\n\nI then explain to them what\'s about to happen:-\n\nI tell them they get to see all their images, that there will be music, that they are welcome to comment, laugh, cry as we all watch - (so they know they don\'t have to sit in slience - and you can guage their reactions to images better this way) tell them that they DON\'T have to choose straight away - that we will go through them again after they\'ve seen them all - that way they\'ll relax and enjoy the show.\n\nBefore I switch off the light, I ask them to grab their cups of tea &amp; coffee\'s - I read somewhere that if people hold a warm drink in thair hands they\'re are more open to like what they see and therefore purchase more - no idea if it actually works, but it avoids spilt drinks and cold coffee!\n\nOh, If I have made any mock up of frames and image groupings I tell them before the show that they\'ll see some examples of how their images could be displayed at the end, which ones I liked the best etc......\n\nOnce they\'ve seen them I like to explain the rating system :-) | :-| | :-( the three faces and get them to tell me which category to put each image - LOVE | OK LIKE | DON\'T LIKE\n\nI tell them that they should go with their first instincts, and that we can go through the category a second time if they\'re unsure about anything. then step through each image large on screen one at a time and wait for their response - if there are a few similar imae and theire having trouble I will offer my opinon to help.\n\nOnce you know what they LOVE, you can steer them to the right product for them, if there\'s alot, it\'s an album / set of digital files, if it\'s not so many, perhaps a wall group.... only you know what you sell!\n\nIt\'s taken me a while, but I now try to get clients to email me a picture of a wall in their home and then use the room view options to show them how frames &amp; groupngs will look - but I would keep things simple for now!\n\nSet up some simple price lists, anything complicated can be done on paper for the moment!\nMake sure you calabrate your sceen, so you can show them actual sizes.\n\nGood Luck!\nLet hope you get them crying - an feel free to cry along with them - I do  :-) (just a little)\nLynne','5c9e739e467cf936d35cb0475d455f20',0,'gA==','3f88t4mc',1,0,'',0,0,0),(30,5,4,55,0,'71.71.122.166',1331044164,1,0,1,0,1,1,'','Re: Post in this forum with your Pricing questions and comme','[quote=&quot;JanetPliszka&quot;:7o5w4my8]My constant struggle with pricing is \nA). What is a good balance of a variety of beautiful products without overwhelming a client with too many choice?\nB). What are winning collections for both clients and our studio. \n\nIf anyone has suggestions for that, I would so appreciate insight!\n\nTo answer questions that Andrea posted... I think markup depends if you have a studio space or not.   I remember reading in the PPA that studio based should up prices fourfold (and that includes total price of product, shipping, duty for us Cdn folk)    Home based businesses were suggested to go up threefold.[/quote:7o5w4my8]\n\nHey girl!\n\nI do admittedly have tons of options, I keep my A la Carte list to the side but I present just the collections to clients at first to prevent that overwhelmed feeling. I broke them down into main categories:\n\nPremium Collections:\n3 collections that feature our best album, best wall piece, and all full res files. These are top prices between $2-3K bc its got the best of the best.\n\nAlbum Collections:\nThis is the lower-end version of the collections above. It has a lower-end album, a wall print, and 5x7 sized digital files (only a selection, not all of them). These range between $800 - $1800\n\nDigital Collections:\nFor clients who just want digital I sell them as full res files, with a credit towards print/product purchases \n\nWall Collections:\nCustomized wall galleries bundled for a discount pricing\n\nAnd basically I ask the clients... which would you like to focus on? An album, digital files, or wall pieces? This gives them actual tangible pieces to consider rather than the number of images or price. I have been using this model for years now with great success. I do find myself tweaking here and there but the basic logic is the same.','a328961fd24beb592a3a187e0fa96159',0,'gA==','7o5w4my8',1,0,'',0,0,0),(34,8,36,65,0,'80.176.133.157',1331073217,1,0,1,0,1,1,'','Re: Downloads','[quote=&quot;AndreaHalsey&quot;:3u3fjnas]Hey there! Thanks so much for the heads up, I will get those downloads fixed ASAP.\n\nAnd so glad to hear you like the custom wall galleries!!! I def think everyone will get a kick out of making collections that are best sellers for their own biz.\n\nIf you make something snazzy, please share with us I\'d love to see!\n~A[/quote:3u3fjnas]\n\nThanks Andrea\nWill do :-)','03c1340e53cf56e6a4a196c608ece997',0,'gA==','3u3fjnas',1,0,'',0,0,0),(35,10,6,65,0,'80.176.133.157',1331073925,1,0,1,0,1,1,'','Re: What\'s your BEST seller?','[quote=&quot;AndreaHalsey&quot;:vn243z1z]I\'d love to hear what everyone\'s BEST seller is! What makes it so desirable and how do you use it to make great sales and happy clients?[/quote:vn243z1z]\n\nFor baby clients\nI have my \'Super 10\' collection:\n\nThey choose ten images\n\n*They get a 6x4 print of each image in a gift box \n- they get two copies of each image so 20 in total which is great for grandparents!\n*All 10 as low res digital files for the web \n- watermarked so all their friends know who took the photos!\n*Four as 9x6 images art mounted into a 12x10 mount\n*One as a 12x8 image mounted into a 16x12 art mount.\n\nIt\'s roughly half my a la carte pricing - seems to be my most popular print collection.\n\nIt\'s tailored for baby clients who want copies for grandparents and they want to show off their new addition on facebook.\n\nI try to make collections for my clients based on what they want.\n\nLook forward to hearing what other peoples are\nLynne','e170f9cacf0b6f73fafd1bb971d282e2',0,'gA==','vn243z1z',1,0,'',0,0,0),(36,10,6,67,0,'75.54.29.204',1331219950,1,0,1,0,1,1,'','Re: What\'s your BEST seller?','My best sellers are my albums. I offer two different ones and it really seems split on which people prefer. One is more traditional with matted pages and the other is more modern with customized designed pages. Pretty much every client buys one or the other.','d0c357089bc5786e781c15fced2848d0',0,'','3gudw9jq',1,0,'',0,0,0),(37,5,4,67,0,'75.54.29.204',1331220088,1,0,1,0,1,1,'','Re: Post in this forum with your Pricing questions and comme','[quote=&quot;JanetPliszka&quot;:10dpchg7]Yvonne\nWhich albums are you using. I currently use dream album but am also looking for a less expensive option for the client.  I thinking can still make the profit be similar for myself but the COGS for the album just makes it an expensive option for the client and I don\'t sell as many albums as I\'d like because of that.  Do you have a great quality suggestion for that second tier album?\n\nThanks!!![/quote:10dpchg7]\n\nI currently use Seldex albums for the matted option and H&amp;H Black Tie albums for my customized designed albums. Both are very high quality. I don\'t really consider my album offerings on a tier though as they are completely different. I only offer what I consider to be top quality.','bd62ecf3fb1c65f665cd34c429b394da',0,'gA==','10dpchg7',1,0,'',0,0,0),(38,7,44,67,0,'75.54.29.204',1331220149,1,0,1,0,1,1,'','Re: Packaging, what do you use?','[quote=&quot;EvieCurley&quot;:2ty4x8ru]ooooh, a wax seal is really nice!  Very different and cool.  it all sounds so pretty!  My colors recently changed this year and I\'m going with gray, cream, and a pop of yellow.  I\'m just trying to work out how I want to work all of that together.\n\nI am thinking about getting some little camera charms to hang on my packages, too![/quote:2ty4x8ru]\n\nLove your new colors Evie. I think the camera charms would be a nice touch with your style as well.','39829a0498772aa9917ff15f4189f326',0,'gA==','2ty4x8ru',1,0,'',0,0,0),(39,5,4,55,0,'71.71.122.166',1331332705,1,0,1,0,1,1,'','Re: Post in this forum with your Pricing questions and comme','Janet, for me I am using Dream Album as my top &quot;premium&quot; album and Finao as my secondary album. I feel like they go so nicely together and recently I got the custom cover Elements and it is BEAUTIFUL!!','bfec2c61f61c25797a3075544a9531e5',0,'','33nkey06',1,0,'',0,0,0),(40,10,6,55,0,'71.71.122.166',1331332854,1,0,1,0,1,1,'','Re: What\'s your BEST seller?','Very cool!\n\nMy best seller is a Baby Plan which is $595 or $795 for 3 or 5 sessions in the year. I have only had maybe 1 or 2 people not get the plan - every other newborn has signed up for a plan!\n\nLike you Janet, Albums are def my top seller but some of my clients (no clue why) just don\'t like albums. I don\'t know if its because they are very traditional or not but if they don\'t do an album they tend to do a digital file / custom framed print or wall collection.','140156c99119f6110ec97a3e43586812',0,'','2dfx9mjx',1,0,'',0,0,0),(41,11,16,55,0,'71.71.122.166',1331332961,1,0,1,0,1,1,'','Client Gifts','I\'d love to start a list of ideas for client gifts that we can all come and get ideas for when our brains go numb!\n\nI know accordion books are very popular gifts, but what are some other ideas? And what are some ideas to make it very personal for each client?','640f6bd56d6813312b34227c4d9cb765',0,'','3o35yx5y',1,0,'',0,0,0),(42,12,47,55,0,'71.71.122.166',1331333693,1,0,1,0,1,1,'','Some ideas for new templates!','I\'d love to hear if anyone has some ideas for new templates to be released in the coming months. All new templates are available for download free for members! So let me know your ideas and maybe it\'ll get on the list!','f72b2836e34a7194d87e369c29917280',0,'','nxno9rc7',1,0,'',0,0,0),(43,12,47,67,0,'75.54.29.204',1331337598,1,0,1,0,1,1,'','Re: Some ideas for new templates!','I would love a pricing/boutique guide that can be printed out magazine size.','736d9215778913de3b2a6ecc2607cbc2',0,'','1luduhjp',1,0,'',0,0,0),(44,6,31,57,0,'24.167.165.214',1331355194,1,0,1,0,1,1,'','Re: Anyone here doing in-person ordering?','thank you!!!','7d9c9d2129be892ba0d0ee1b4df2e76d',0,'','2fwmiunm',1,0,'',0,0,0),(45,12,47,68,0,'71.68.61.69',1331591562,1,0,1,0,1,1,'','Re: Some ideas for new templates!','I would love to see Mini Session templates.','2f3a1a382dc2eeb4c0b8c8dcb934c759',0,'','2frnx433',1,0,'',0,0,0),(46,13,38,68,0,'71.68.61.69',1331667043,1,0,1,0,1,1,'','Fonts','What are your favorite fonts?','b22acdd9f665aabdc26b339a46b1ab7f',0,'','2tbdxp7h',1,0,'',0,0,0),(47,12,47,55,0,'71.71.122.166',1331670582,1,0,1,0,1,1,'','Re: Some ideas for new templates!','Sounds fun! Annette, by mini-session templates do you mean like a fill-out sheet or something else?','f6e86490dd69432f41109726a1252a2f',0,'','9n5y6g5p',1,0,'',0,0,0),(48,13,38,55,0,'71.71.122.166',1331672566,1,0,1,0,1,1,'','Re: Fonts','I purchase all my commercial fonts from Fonts.com - I LOVE that place! I signed up for their newsletter and just get giddy when I get an email. I am a bit of a font freak (wannabe) lol.\n\nAs for standard web-fonts, I use Arial, Georgia, and Century Gothic which each cover standard fonts and can be manipulated for cool effects. For instance Arial in all-caps is pretty cool and then Georgia in italics is like its own other font. With CSS you can manipulate all kinds of things with the fonts - even the spacing between the letters. I love it!\n\nOtherwise, all fonts for commercial purposes must be purchased and licensed just like all our stuff does. Kind of a bummer, but I find that you can get just top-quality fonts that way so to me it isn\'t a big deal.\n\nOh, and one place you can get some fonts to play with is fontgarden.com That is definitely my favorite font site and if I remember correctly they have some really good prices for commercial use :)','ac0c3531d8b2e0da9b5e5a59604fee52',0,'','156fdwht',1,0,'',0,0,0),(49,12,47,68,0,'71.68.61.69',1331673677,1,0,1,0,1,1,'','Re: Some ideas for new templates!','I\'m thinking flyers, marketing materials to send out to your clients.  I already have the time/date sheet.  \n\n[quote=&quot;AndreaHalsey&quot;:14e0bp22]Sounds fun! Annette, by mini-session templates do you mean like a fill-out sheet or something else?[/quote:14e0bp22]','6f6c501107a4d6c655fb121116ce5c98',0,'gA==','14e0bp22',1,0,'',0,0,0),(50,13,38,68,0,'71.68.61.69',1331673852,1,0,1,0,1,1,'','Re: Fonts','I love fonts too.  There is such an art to putting the right fonts together.  I get overwhelmed looking at them though :)\n\n[quote=&quot;AndreaHalsey&quot;:10hqkc2p]I purchase all my commercial fonts from Fonts.com - I LOVE that place! I signed up for their newsletter and just get giddy when I get an email. I am a bit of a font freak (wannabe) lol.\n\nAs for standard web-fonts, I use Arial, Georgia, and Century Gothic which each cover standard fonts and can be manipulated for cool effects. For instance Arial in all-caps is pretty cool and then Georgia in italics is like its own other font. With CSS you can manipulate all kinds of things with the fonts - even the spacing between the letters. I love it!\n\nOtherwise, all fonts for commercial purposes must be purchased and licensed just like all our stuff does. Kind of a bummer, but I find that you can get just top-quality fonts that way so to me it isn\'t a big deal.\n\nOh, and one place you can get some fonts to play with is fontgarden.com That is definitely my favorite font site and if I remember correctly they have some really good prices for commercial use :)[/quote:10hqkc2p]','b9192213826beac3529dafa38979d031',0,'gA==','10hqkc2p',1,0,'',0,0,0),(51,12,47,55,0,'71.71.122.166',1331684852,1,0,1,0,1,1,'','Re: Some ideas for new templates!','Sounds like a fun idea! I will definitely add these to my project list ^_^','e006392330b043b989f87d33190882d3',0,'','zkrjuakn',1,0,'',0,0,0),(52,15,25,68,0,'71.68.61.69',1332419198,1,0,1,0,1,1,'','Getting Clients','What marketing/networking have you done to attract new clients?  I would love everyone\'s input :)\n\nMy Facebook page isn\'t doing it for me.','d516f98b8f51fd17bc3ecc0a4a502f83',0,'','1gqs4g60',1,0,'',0,0,0),(53,11,16,65,0,'80.176.133.157',1332854289,1,0,1,0,1,1,'','Re: Client Gifts','I do lovely wooden jigsaws of a great image for my baby &amp; children clients when the circumstance arises :-)','b9f87f0488a33d13ffa1414e982b8958',0,'','5wo5usn3',1,0,'',0,0,0),(54,11,16,68,0,'71.68.61.69',1332951439,1,0,1,0,1,1,'','Re: Client Gifts','Not sure of the cost.  iPhone covers??','3c3a5d02455a8d75e0e49320bbd8c0fb',0,'','2wp05h0x',1,0,'',0,0,0),(55,16,11,68,0,'71.68.61.69',1334154297,1,0,1,0,1,1,'','Video Tutorials','Andrea,\n\nHave you thought about offering video tutorials and critiquing to members of your forum?  Or, to the ones that have done 1:1 mentoring?? \n\nJust an idea :)\n\nAnnette','140891965413edee0f1ce667bd8cdaa5',0,'','1bc9ip88',1,0,'',0,0,0),(56,11,16,57,0,'24.163.23.183',1334524181,1,0,1,0,1,1,'','Re: Client Gifts','I think it\'s nice to get them things that aren\'t always photography related, too.  A gift certificate to a store is always nice.','207a347ce7cce23207740e5665bcceca',0,'','26aag8zi',1,0,'',0,0,0),(57,15,25,57,0,'24.163.23.183',1334524261,1,0,1,0,1,1,'','Re: Getting Clients','I\'m trying to work my existing clients for referrals.  I have tried other things in the past but they just haven\'t been as successful as getting referrals from happy past clients.','515d2c364df3a50cb18c2ed1164bc4d1',0,'','2qw3gylc',1,0,'',0,0,0),(58,15,25,55,0,'71.23.108.198',1334688351,1,0,1,0,1,1,'','Re: Getting Clients','I think if anyone is telling you that there is one thing you can &quot;do&quot; to go out there and get clients is selling something! LOL, Sorry but I just haven\'t found that there is any other way to build a business other than doing something slowly and professionally. \n\nThe key thing to understand is that everything is interconnected. You can\'t build a client base without great referrals, you can\'t have great referrals unless you have great customer service, you can\'t have great customer service without having great services and products to offer and satisfy your clients. \n\nHere is the process in a nutshell of what has been successful for me:\n\n1) Have a great, unique website only showing the best of your work.\n2) If you have a blog (which I\'m finding isn\'t necessary), post only one or two photos regularly from a session. Do not worry about being content or image heavy. Yes, more postings will get your website more recognized but also will clutter up your information and the visuals for your potential clients.\n3) Make great connections with local businesses so you can draw on them for support and also offer your own skills in return.\n4) Have a well thought-out list of products and services you want to offer to clients.\n5) Present them professionally packaged with simple, classy packaging and branding.\n6) Excellent customer service (this does NOT mean never say no, this means be on top of everything and use the *phone* as often as possible).\n7) Meet with clients before a session.\n8) Order with clients personally after a session.\n\nThe end result is happy clients who are thrilled with the services and products you offered and are happy to tell others about you.\n\nNow, there ARE some ways to draw in clients and get attention - I don\'t see them as essential as building a client base but is definitely worth the effort to get your name out there to a new group of people and if you\'re lucky, you will find a great new set of clients!\n\nSome ideas are:\nPortrait Parties - Having a mom sponsor a set of mini-sessions where she will get her session spot and/or product for free by inviting some of her friends along who are paying for spots.\n\nSilent Auctions - Donating a specific dollar amount to local charities or organizations.\n\nNetworking - Finding an artist or business in a related field to co-host a mutual event, thus mixing your clients with theirs and theirs with yours.\n\nFun Offers/Giveaways - Hosting a giveaway game on your blog or somewhere local that offers a fun way for people to get involved and invested in your brand.\n\nModel Contests - Getting attention by asking potential clients to submit photos for a specific purpose, this could be to keep on record for future modeling needs, to offer as small mini sessions, to combine with a fun offer/giveaway. This could also be done fashion-show style and mixed in with a good networking idea.\n\nSponsoring Events - You can sponsor related events which will often get you a special spot at the event to display your work and information.\n\nDisplay Trade - Offering and approaching local businesses to trade family/kids sessions for a chance to display those images in the place of business. For example, OBGYN/Midwife/Dr displaying their own client\'s newborn images by offering sessions to their favorite clients or latest newborns. \n\n-- If there are any more I can think of I will come back here and post em! Also, if there are any cool ideas or tidbits you would like to add, please share!','a54abdfacec83d04eedd689c9d2bc2a8',0,'','17lhh1xt',1,0,'',0,0,0),(59,16,11,55,0,'71.23.108.198',1334688663,1,0,1,0,1,1,'','Re: Video Tutorials','I would love to do this! I have it in my list of plans but I know the first thing I would need is TOPICS! So I would love to hear some ideas for topics that I can address in a video tutorial or perhaps even a video class at some point ^_^','6d1267dc5abc15eedd41c9bd197750ab',0,'','ue9hw2qt',1,0,'',0,0,0),(60,11,16,55,0,'71.23.108.198',1334689079,1,0,1,0,1,1,'','Re: Client Gifts','I agree, non-photography stuff is always great to have on hand. I have a lot of returning clients and I hate to give them the same thing over and over again!\n\nSometimes I will take a special print that I know they wanted but didn\'t get and order a 5x7, then mat them with the mats I have at the studio.\n\nI ordered specialty cut mats from Finao (this is pretty cool actually, I\'ll post a photo) and I take all my newborn clients\' birth announcements as well as client\'s holiday cards and mat them for display! That way, they never need to worry about what to do with their cards. I just use the extras that come with the order, and so it is only the cost of the mat which I think is around $2 :)\n\nFor nicer gifts, I used to have a lady on Etsy who made custom door signs - very vintage styled and painted names on them. They cost around $25 or so with s/h and it was perfect for all ages!\n\nThere was another guy on etsy who made wooden puzzles of the child\'s name -that is great for a baby plan gift when they turn 1 yr!\n\n**ALSO TO NOTE! I had a custom stamp made that says &quot;A gift from Andrea Halsey Photography&quot; - this is great to also make as stickers (which I haven\'t done yet). That way, they will always remember!!! ^_^','be76c21f02b180fd83c498f915678b39',0,'','1ol62cyn',1,0,'',0,0,0),(61,17,47,55,0,'71.23.108.198',1334690098,1,0,1,0,1,1,'','Coming Soon to your Download Center!','Pretty soon I will have all my actions available for download - they are not currently (or ever have been) for sale to date, so I\'m excited to release these to you all!','ad466be3ec7f8e417961eea79a6ee251',0,'','2jdxpwoy',1,0,'',0,0,0),(62,15,25,68,0,'71.68.61.69',1334759767,1,0,1,0,1,1,'','Re: Getting Clients','What GREAT ideas, Andrea!  Thank you for such AWESOME information!!!\n\n[quote=&quot;AndreaHalsey&quot;:1xnesjdv]I think if anyone is telling you that there is one thing you can &quot;do&quot; to go out there and get clients is selling something! LOL, Sorry but I just haven\'t found that there is any other way to build a business other than doing something slowly and professionally. \n\nThe key thing to understand is that everything is interconnected. You can\'t build a client base without great referrals, you can\'t have great referrals unless you have great customer service, you can\'t have great customer service without having great services and products to offer and satisfy your clients. \n\nHere is the process in a nutshell of what has been successful for me:\n\n1) Have a great, unique website only showing the best of your work.\n2) If you have a blog (which I\'m finding isn\'t necessary), post only one or two photos regularly from a session. Do not worry about being content or image heavy. Yes, more postings will get your website more recognized but also will clutter up your information and the visuals for your potential clients.\n3) Make great connections with local businesses so you can draw on them for support and also offer your own skills in return.\n4) Have a well thought-out list of products and services you want to offer to clients.\n5) Present them professionally packaged with simple, classy packaging and branding.\n6) Excellent customer service (this does NOT mean never say no, this means be on top of everything and use the *phone* as often as possible).\n7) Meet with clients before a session.\n8) Order with clients personally after a session.\n\nThe end result is happy clients who are thrilled with the services and products you offered and are happy to tell others about you.\n\nNow, there ARE some ways to draw in clients and get attention - I don\'t see them as essential as building a client base but is definitely worth the effort to get your name out there to a new group of people and if you\'re lucky, you will find a great new set of clients!\n\nSome ideas are:\nPortrait Parties - Having a mom sponsor a set of mini-sessions where she will get her session spot and/or product for free by inviting some of her friends along who are paying for spots.\n\nSilent Auctions - Donating a specific dollar amount to local charities or organizations.\n\nNetworking - Finding an artist or business in a related field to co-host a mutual event, thus mixing your clients with theirs and theirs with yours.\n\nFun Offers/Giveaways - Hosting a giveaway game on your blog or somewhere local that offers a fun way for people to get involved and invested in your brand.\n\nModel Contests - Getting attention by asking potential clients to submit photos for a specific purpose, this could be to keep on record for future modeling needs, to offer as small mini sessions, to combine with a fun offer/giveaway. This could also be done fashion-show style and mixed in with a good networking idea.\n\nSponsoring Events - You can sponsor related events which will often get you a special spot at the event to display your work and information.\n\nDisplay Trade - Offering and approaching local businesses to trade family/kids sessions for a chance to display those images in the place of business. For example, OBGYN/Midwife/Dr displaying their own client\'s newborn images by offering sessions to their favorite clients or latest newborns. \n\n-- If there are any more I can think of I will come back here and post em! Also, if there are any cool ideas or tidbits you would like to add, please share![/quote:1xnesjdv]','ad50a1b49a302583328f444f40e2d667',0,'gA==','1xnesjdv',1,0,'',0,0,0),(63,18,6,68,0,'71.68.61.69',1334852469,1,0,1,0,1,1,'','Image Box','Who makes the best Image Box?  Is there a place that will print on the backside (mat board)?\n\nThank you :)','02c76e41dd47a909973a2ff438633c45',0,'','jaxxfde9',1,0,'',0,0,0),(64,18,6,55,0,'71.71.122.166',1335109629,1,0,1,0,1,1,'','Re: Image Box','My favorite place to order Image Boxes is <!-- w --><a class=\"postlink\" href=\"http://www.TheDreamAlbum.com\">www.TheDreamAlbum.com</a><!-- w -->\nIn the download center, there is an Image Box template for the front of a matted print, the backing, and the image box itself.\n\nHope that helps!\n~A','b0eb5f22394142596a4c98f00f9f07ee',0,'','yigmi04q',1,0,'',0,0,0),(65,18,6,68,0,'71.68.61.69',1335443007,1,0,1,0,1,1,'','Re: Image Box','Thank you, Andrea!  How do you package these for your clients?\n\n[quote=&quot;AndreaHalsey&quot;:1rukyq4e]My favorite place to order Image Boxes is <!-- m --><a class=\"postlink\" href=\"http://www.TheDreamAlbum.com\">http://www.TheDreamAlbum.com</a><!-- m -->\nIn the download center, there is an Image Box template for the front of a matted print, the backing, and the image box itself.\n\nHope that helps!\n~A[/quote:1rukyq4e]','75198bace5404747ec4e16e453507180',0,'gA==','1rukyq4e',1,0,'',0,0,0),(66,7,44,68,0,'71.68.61.69',1335443062,1,0,1,0,1,1,'','Re: Packaging, what do you use?','How do you package your albums and image boxes?\n\nI would love to see photos :)','d4d3aa01d73d497090db8f98a827bcd1',0,'','3vfzk550',1,0,'',0,0,0),(67,19,6,68,0,'71.68.61.69',1335443213,1,0,1,0,1,1,'','Prints.....just blah!','Can you relate???\n\nMy image on my computer looks pretty good.  When I receive it back from the lab, it looks drab :(\nToo soft, over brightened, just blah!  \n\nWhen did you start seeing great results on your print work?','f43fc0021f12926f3d207380b2a043b8',0,'','57z04b7j',1,0,'',0,0,0),(68,17,47,68,0,'71.68.61.69',1335451472,1,0,1,0,1,1,'','Re: Coming Soon to your Download Center!','So excited :)\n\n[quote=&quot;AndreaHalsey&quot;:xw19n3v4]Pretty soon I will have all my actions available for download - they are not currently (or ever have been) for sale to date, so I\'m excited to release these to you all![/quote:xw19n3v4]','2fc6b00a0d25146635136ade54fbb02b',0,'gA==','xw19n3v4',1,0,'',0,0,0),(69,19,6,55,0,'71.23.108.198',1335453801,1,0,1,0,1,1,'','Re: Prints.....just blah!','Well a couple things I\'ve done to make sure that my prints match my computer is first, I edit in the dark with the screen brightness all the way down on my mac. Then I also calibrate a print from my fav lab to my computer screen by holding up the print to my screen and getting the color/brightness to match the print.\n\nTo calibrate, I go to System Preferences &gt; Displays &gt; Color &gt; Calibrate on my Mac\n\nIf I match my screen to the print, then I can better adjust my settings to make the image brighter as I\'d like it to look in print. However, all labs are different so it is best to stick with your favorite lab for quality control, or develop separate settings for each lab you need to order from.','f7114aff2fbd889d5b56128165e3bd1b',0,'','5t13g7i9',1,0,'',0,0,0),(70,7,44,55,0,'71.23.108.198',1335454432,1,0,1,0,1,1,'','Re: Packaging, what do you use?','[quote=&quot;AnnetteGoodman&quot;:3227v8vx]How do you package your albums and image boxes?\n\nI would love to see photos :)[/quote:3227v8vx]\n\nThis is kind of my little signature style to wrap everything, but I wrap albums in tissue paper and then &quot;parcel wrap&quot; is what I call it where I take ribbon and criss-cross and make a bow on top. I wrap all of my frames this way as well but with actual solid wrapping paper (Paper-Source.com or wholesale from Waste Not Paper). I get my paper, tissue and ribbon from there.','06958ad3ac971cb1b569c24bd3b3ea6b',0,'gA==','3227v8vx',1,0,'',0,0,0),(71,7,44,68,0,'71.68.61.69',1335462665,1,0,1,0,1,1,'','Re: Packaging, what do you use?','Thank you, Andrea :)  Great ideas, as usual :)\n\n[quote=&quot;AndreaHalsey&quot;:3ng0tymb][quote=&quot;AnnetteGoodman&quot;:3ng0tymb]How do you package your albums and image boxes?\n\nI would love to see photos :)[/quote:3ng0tymb]\n\nThis is kind of my little signature style to wrap everything, but I wrap albums in tissue paper and then &quot;parcel wrap&quot; is what I call it where I take ribbon and criss-cross and make a bow on top. I wrap all of my frames this way as well but with actual solid wrapping paper (Paper-Source.com or wholesale from Waste Not Paper). I get my paper, tissue and ribbon from there.[/quote:3ng0tymb]','1476bed4531f4aa4d36b829599198cf5',0,'gA==','3ng0tymb',1,0,'',0,0,0),(72,19,6,68,0,'71.68.61.69',1335462740,1,0,1,0,1,1,'','Re: Prints.....just blah!','Who do you prefer for your print work (Millers, ProDpi, etc)?\n\n[quote=&quot;AndreaHalsey&quot;:3kte5xjo]Well a couple things I\'ve done to make sure that my prints match my computer is first, I edit in the dark with the screen brightness all the way down on my mac. Then I also calibrate a print from my fav lab to my computer screen by holding up the print to my screen and getting the color/brightness to match the print.\n\nTo calibrate, I go to System Preferences &gt; Displays &gt; Color &gt; Calibrate on my Mac\n\nIf I match my screen to the print, then I can better adjust my settings to make the image brighter as I\'d like it to look in print. However, all labs are different so it is best to stick with your favorite lab for quality control, or develop separate settings for each lab you need to order from.[/quote:3kte5xjo]','ef5d88ea26d6daf4eae2d8a1ec178c09',0,'gA==','3kte5xjo',1,0,'',0,0,0),(73,19,6,55,0,'71.71.122.166',1335567876,1,0,1,0,1,1,'','Re: Prints.....just blah!','I think everyone has a different preference for one reason or another. I prefer Miller\'s :)','e616e670f09d0f14e5ee84940208b715',0,'','35lb1cg6',1,0,'',0,0,0),(74,19,6,67,0,'75.54.29.204',1336154457,1,0,1,0,1,1,'','Re: Prints.....just blah!','I calibrate my monitors with eye1 and then do what Andrea said about taking a photo from my lab and making sure it matches my screen. Prints come out exactly how I see them on my computer.','1d57494cbb16bc86ec27f4eecd83f217',0,'','3gx5psae',1,0,'',0,0,0),(75,12,47,67,0,'75.54.29.204',1337986519,1,0,1,0,1,1,'','Re: Some ideas for new templates!','What about albums?','611fa32792edf3e75d4ab2c47dc6cc59',0,'','uxjsteq8',1,0,'',0,0,0),(76,20,6,67,0,'75.54.29.204',1338040683,1,0,1,0,1,1,'','Albums','I offer two different albums. One I call Luxe Matted Album, which are pretty traditional and then I sell a high end storybook that is custom designed and showcases all of their session images shown in their portrait gallery. I used to not mind designing the storybooks, but this week I sold four and I am a bit stressed on finding the time to design all of these, plus the other thing things I have to get done with other clients. I have been debating for a couple years now on getting rid of the heavily designed albums and instead make the storybook simple and clean - so just white background and simple layout. The only reason I haven\'t made the change yet is so many of my clients LOVE the heavily designed albums. I just feel like over time they will look dated and sometimes the designs become the focus instead of the images. So...what do you offer? Should I rip off the bandaid and just do away with the heavily designed storybooks and go the simple layout route or should I offer two versions - simple and then increase the price of the heavily designed albums? I\'m trying to simplify things as I get busier. Thoughts?','0741f8d5fa8f3b3e7291f96203e2a61c',0,'','oh18seve',1,0,'',0,0,0),(77,20,6,70,0,'98.100.167.246',1338309747,1,0,1,0,1,1,'','Re: Albums','I offer a simple version with one image per page that is less time consuming to create and then have a custom made version that is priced quite a bit higher.  That way I\'m getting paid for the extra time it takes to make the custom album.  There are also album design companies out there but not sure how expensive they are.','456b1fd81350b99b7582e4cc7bc3805d',0,'','3b0k4494',1,0,'',0,0,0),(78,20,6,67,0,'75.54.29.204',1338324311,1,0,1,0,1,1,'','Re: Albums','[quote=&quot;MelanieSikma&quot;:qhsfcmum]I offer a simple version with one image per page that is less time consuming to create and then have a custom made version that is priced quite a bit higher.  That way I\'m getting paid for the extra time it takes to make the custom album.  There are also album design companies out there but not sure how expensive they are.[/quote:qhsfcmum]\n\nI actually do what you described. I do get compensated for the extra design, but I\'m just not loving it and not sure if it fits with my business plan. I want something to stand the test of time and I am afraid these custom albums with a lot of design (i.e. papers, frames, brushes, and other design elements) will end up looking dated in the future. I guess I just answered my own question....','020a2a49d9c8e77aa01e36bbf1437734',0,'gA==','qhsfcmum',1,0,'',0,0,0),(79,21,21,68,0,'71.68.61.69',1338377294,1,0,1,0,1,1,'','BBF','Ok, this may be a super dumb question!  Please explain how the &quot;back button&quot; focus works on the 5d Mark II?  Do you use it?','47f4c7be7dc04db14d0bc4de28ead5cb',0,'','2paqzh2r',1,0,'',0,0,0),(80,21,21,70,0,'98.100.167.246',1338400011,1,0,1,0,1,1,'','Re: BBF','I don\'t recall the actual setting because I sold that camera due to focusing issues.  I just had my 5D which is my backup in to the camera shop because I was getting soft images there as well and the issue was being caused by using the back button focus we figured out.  The camera guy thinks that may have been the issue on my Mark II so make sure you check your consistency of focus using it before you do a session.  I know this might not be helpful but I lost many images until I figured this out and don\'t want it to happen to anyone else.','bde98c3d01e35e9aae8e0ef563570de3',0,'','1wkvth1z',1,0,'',0,0,0),(81,21,21,68,0,'71.68.61.69',1338409504,1,0,1,0,1,1,'','Re: BBF','[quote=&quot;MelanieSikma&quot;:3rz02g1t]I don\'t recall the actual setting because I sold that camera due to focusing issues.  I just had my 5D which is my backup in to the camera shop because I was getting soft images there as well and the issue was being caused by using the back button focus we figured out.  The camera guy thinks that may have been the issue on my Mark II so make sure you check your consistency of focus using it before you do a session.  I know this might not be helpful but I lost many images until I figured this out and don\'t want it to happen to anyone else.[/quote:3rz02g1t]\n\n\nThank you Melanie,\n\nI have the Mark II and thought that changing it to back focusing would improve my focusing issues.  I have so many good shots that are blurry.  So frustrating!!','4443de59813600e21b2f09b9f37540f0',0,'gA==','3rz02g1t',1,0,'',0,0,0),(82,21,21,70,0,'98.100.167.246',1338830525,1,0,1,0,1,1,'','Re: BBF','I don\'t know when you bought it but I really think I had a lemon.  I sent it in a couple of times and they found something wrong supposedly both times and fixed it but I never saw an improvement in the focusing.  I sold the thing and actually switched back to Nikon which is what I was shooting when I first started.  I still use my old 5D though as a backup and that is working just fine.  I was starting to doubt my skills as a photographer with that Mark II and so I couldn\'t just buy a new one because I had no confidence in the camera.  I now feel confident going to sessions again knowing I\'m going to get the large majority of my images sharply focused.','053471bd8fe121523a3405e5fedc3cc7',0,'','25hg12eq',1,0,'',0,0,0),(83,21,21,68,0,'71.68.61.69',1338899080,1,0,1,0,1,1,'','Re: BBF','I thought it was me too! Now I\'m trying to decide......do I buy the Mark III or switch to Nikon.\n\n[quote=&quot;MelanieSikma&quot;:1kia8m3p]I don\'t know when you bought it but I really think I had a lemon.  I sent it in a couple of times and they found something wrong supposedly both times and fixed it but I never saw an improvement in the focusing.  I sold the thing and actually switched back to Nikon which is what I was shooting when I first started.  I still use my old 5D though as a backup and that is working just fine.  I was starting to doubt my skills as a photographer with that Mark II and so I couldn\'t just buy a new one because I had no confidence in the camera.  I now feel confident going to sessions again knowing I\'m going to get the large majority of my images sharply focused.[/quote:1kia8m3p]','be8b7309d62bc701423854df0802dc22',0,'gA==','1kia8m3p',1,0,'',0,0,0),(84,21,21,70,0,'98.100.167.246',1338929493,1,0,1,0,1,1,'','Re: BBF','It was an excruciating choice as we hadn\'t really budgeted for a new camera but I\'m not sorry for a minute that I did it.  Just finished proofing a session with 2 crazy little boys and 99 percent of the images were tack sharp.  I would definitely consider renting the Mark III before investing in all new Nikon equipment.','0c6e066c0b15f569ae3e90a4bc9b0f33',0,'','v1tlj5qy',1,0,'',0,0,0),(85,21,21,68,0,'71.68.61.69',1338983854,1,0,1,0,1,1,'','Re: BBF','Great idea!  Thank you, Melanie :)\n\n[quote=&quot;MelanieSikma&quot;:322p6fk8]It was an excruciating choice as we hadn\'t really budgeted for a new camera but I\'m not sorry for a minute that I did it.  Just finished proofing a session with 2 crazy little boys and 99 percent of the images were tack sharp.  I would definitely consider renting the Mark III before investing in all new Nikon equipment.[/quote:322p6fk8]','da15799fb201e888d62d1d10d8bd5fba',0,'gA==','322p6fk8',1,0,'',0,0,0),(86,21,21,70,0,'98.100.167.246',1339001498,1,0,1,0,1,1,'','Re: BBF','You are welcome.  Let me know how it goes.','abcfad18d0fd881feeb99d1769de612b',0,'','3sfovtdq',1,0,'',0,0,0),(87,21,21,68,0,'71.68.61.69',1339511242,1,0,1,0,1,1,'','Re: BBF','Melanie,\n\nDo you use all your focal points or do you use the middle and re-compose?\n[quote=&quot;MelanieSikma&quot;:1o2frpsw]You are welcome.  Let me know how it goes.[/quote:1o2frpsw]','4e9d0ee948f8f9eab624376d8b748371',0,'gA==','1o2frpsw',1,0,'',0,0,0),(88,21,21,70,0,'98.100.167.246',1339515929,1,0,1,0,1,1,'','Re: BBF','I use them all.  The Nikon does have more focus points than the Canon does which makes it easier to pick one close to the eye to focus on but I did the same when I was shooting Canon.','adc7ef916cff824d6f87c4e674381e07',0,'','19valxs8',1,0,'',0,0,0),(89,20,6,55,0,'71.71.122.166',1339599490,1,0,1,0,1,1,'','Re: Albums','Here is how I make my albums and I love this setup. To set it up, I do meet in-person with clients when ordering and I use the ProSelect software to design my albums. Basically, I offer only square sizes as they are easily increased/decreased for the appropriate book size. I then have many different layout options that are very basic (2 verticals, 1 full spread, 4 squares, etc) and I simply design the book right in front of the client. They offer input as to what are their favorites, but I am in control of the layout and I work pretty fast to show them a finished layout. It takes about 30 minutes to get through one of my books but by the end of it, I have proof confirmation on the layout without any additional time or back and forth. It is a dream compared to sending proofs via email or doing designs that can have a lot of re-edits. I definitely recommend this method!','99251599d61494cc26070490d0de44c1',0,'','6iq0qtez',1,0,'',0,0,0),(90,20,6,67,0,'75.54.29.204',1339987524,1,0,1,0,1,1,'','Re: Albums','So just simple lay outs. No elaborate designs. That\'s pretty much the way I want to go now as I am not loving the elaborate designs and feel that over time, it\'ll become dated. Thank you for your input Andrea. I like the thought of how you do it.','62196e2c3b8db0d8c6f2da271279862a',0,'','2oetulgm',1,0,'',0,0,0),(91,22,25,70,0,'98.100.167.246',1340593952,1,0,1,0,1,1,'','Petite session','Andrea,\n\n I wasn\'t quite sure where to post this, but I received an email regarding booking your petite sessions and the image at the bottom had a beautiful white wrought iron bed.  Where did you find this if it is yours?  I have been trying to find one for such a long time and the only ones I find are expensive or unusable.  \n\nThanks,\nMelanie','52d06247daaa6a3c871ff67e3bfe77cf',0,'','325fq7vw',1,0,'',0,0,0),(92,23,21,68,0,'71.68.61.69',1342635349,1,0,1,0,1,1,'','Camera Settings','A Couple of Questions regarding the 5D Mark II\n\n1.  Do you set your camera on the &quot;Neutral or Standard&quot; portrait setting?  \n\n2.  When metering off your subject, do you bump your cameras exposure by +1 or 2?\n\n3.  Does anyone use the &quot;White Balance Bracketing&quot;?  If so, I would love to know how you use it.\n\nThank you!','3e2f3228befd9e9391c3ff6cf9e058bd',0,'','3culvv1y',1,0,'',0,0,0),(93,23,21,67,0,'75.54.29.204',1346090871,1,0,1,0,1,1,'','Re: Camera Settings','I shoot in neutral and depending on the skin tone of my subject, I do end up bumping exposure up 1-2 stops if I\'m metering off their skin. I don\'t use white balance bracketing since I usually do a custom white balance for each scene.','f4406718e0944e17df6538b406746bf0',0,'','37iqxh3m',1,0,'',0,0,0),(94,17,47,67,0,'75.54.30.88',1359389425,1,0,1,0,1,1,'','Re: Coming Soon to your Download Center!','Where can we download the actions? I\'ve been looking for them, but can\'t find them.','67ef9497f032bf4499dba25faf61c9ff',0,'','1ds6tirg',1,0,'',0,0,0);

--
-- Table structure for table `phpbb_privmsgs`
--

CREATE TABLE `phpbb_privmsgs` (
  `msg_id` mediumint(8) unsigned NOT NULL AUTO_INCREMENT,
  `root_level` mediumint(8) unsigned NOT NULL DEFAULT '0',
  `author_id` mediumint(8) unsigned NOT NULL DEFAULT '0',
  `icon_id` mediumint(8) unsigned NOT NULL DEFAULT '0',
  `author_ip` varchar(40) NOT NULL DEFAULT '',
  `message_time` int(11) unsigned NOT NULL DEFAULT '0',
  `enable_bbcode` tinyint(1) unsigned NOT NULL DEFAULT '1',
  `enable_smilies` tinyint(1) unsigned NOT NULL DEFAULT '1',
  `enable_magic_url` tinyint(1) unsigned NOT NULL DEFAULT '1',
  `enable_sig` tinyint(1) unsigned NOT NULL DEFAULT '1',
  `message_subject` varchar(255) NOT NULL DEFAULT '',
  `message_text` mediumtext NOT NULL,
  `message_edit_reason` varchar(255) NOT NULL DEFAULT '',
  `message_edit_user` mediumint(8) unsigned NOT NULL DEFAULT '0',
  `message_attachment` tinyint(1) unsigned NOT NULL DEFAULT '0',
  `bbcode_bitfield` varchar(255) NOT NULL DEFAULT '',
  `bbcode_uid` varchar(8) NOT NULL DEFAULT '',
  `message_edit_time` int(11) unsigned NOT NULL DEFAULT '0',
  `message_edit_count` smallint(4) unsigned NOT NULL DEFAULT '0',
  `to_address` text NOT NULL,
  `bcc_address` text NOT NULL,
  `message_reported` tinyint(1) unsigned NOT NULL DEFAULT '0',
  PRIMARY KEY (`msg_id`),
  KEY `author_ip` (`author_ip`),
  KEY `message_time` (`message_time`),
  KEY `author_id` (`author_id`),
  KEY `root_level` (`root_level`)
) ENGINE=MyISAM AUTO_INCREMENT=3 DEFAULT CHARSET=latin1;

--
-- Dumping data for table `phpbb_privmsgs`
--

INSERT INTO `phpbb_privmsgs` VALUES (1,0,55,0,'71.71.122.166',1329430338,1,0,1,1,'Hello','This is a test!','',0,0,'','dggfflzs',0,0,'u_2','',0),(2,0,70,0,'98.100.167.246',1335403784,1,0,1,1,'download issues','Andrea,\n\nI am sorry to bother you but I have tried numerous times to \ndownload the following items:\n\nAccordions\nCalendar Flip Book\nImage Boxes\n5x7 Luxe Templates\n\nI tried sending an email but I don\'t think it got through to you because I never heard back. \n\nI went back to try to download again tonight and I can\'t find my \npassword for the member area and I don\'t see a way to retrieve it.\n\nI am a mess over here.  Sorry.  Having a ton of computer issues \nlately so I apologize for being a pain. \n\nThanks,\nMelanie Sikma','',0,0,'','191pemjz',0,0,'u_55','',0);

--
-- Table structure for table `phpbb_privmsgs_folder`
--

CREATE TABLE `phpbb_privmsgs_folder` (
  `folder_id` mediumint(8) unsigned NOT NULL AUTO_INCREMENT,
  `user_id` mediumint(8) unsigned NOT NULL DEFAULT '0',
  `folder_name` varchar(255) NOT NULL DEFAULT '',
  `pm_count` mediumint(8) unsigned NOT NULL DEFAULT '0',
  PRIMARY KEY (`folder_id`),
  KEY `user_id` (`user_id`)
) ENGINE=MyISAM DEFAULT CHARSET=latin1;

--
-- Dumping data for table `phpbb_privmsgs_folder`
--


--
-- Table structure for table `phpbb_privmsgs_rules`
--

CREATE TABLE `phpbb_privmsgs_rules` (
  `rule_id` mediumint(8) unsigned NOT NULL AUTO_INCREMENT,
  `user_id` mediumint(8) unsigned NOT NULL DEFAULT '0',
  `rule_check` mediumint(8) unsigned NOT NULL DEFAULT '0',
  `rule_connection` mediumint(8) unsigned NOT NULL DEFAULT '0',
  `rule_string` varchar(255) NOT NULL DEFAULT '',
  `rule_user_id` mediumint(8) unsigned NOT NULL DEFAULT '0',
  `rule_group_id` mediumint(8) unsigned NOT NULL DEFAULT '0',
  `rule_action` mediumint(8) unsigned NOT NULL DEFAULT '0',
  `rule_folder_id` int(11) NOT NULL DEFAULT '0',
  PRIMARY KEY (`rule_id`),
  KEY `user_id` (`user_id`)
) ENGINE=MyISAM DEFAULT CHARSET=latin1;

--
-- Dumping data for table `phpbb_privmsgs_rules`
--


--
-- Table structure for table `phpbb_privmsgs_to`
--

CREATE TABLE `phpbb_privmsgs_to` (
  `msg_id` mediumint(8) unsigned NOT NULL DEFAULT '0',
  `user_id` mediumint(8) unsigned NOT NULL DEFAULT '0',
  `author_id` mediumint(8) unsigned NOT NULL DEFAULT '0',
  `pm_deleted` tinyint(1) unsigned NOT NULL DEFAULT '0',
  `pm_new` tinyint(1) unsigned NOT NULL DEFAULT '1',
  `pm_unread` tinyint(1) unsigned NOT NULL DEFAULT '1',
  `pm_replied` tinyint(1) unsigned NOT NULL DEFAULT '0',
  `pm_marked` tinyint(1) unsigned NOT NULL DEFAULT '0',
  `pm_forwarded` tinyint(1) unsigned NOT NULL DEFAULT '0',
  `folder_id` int(11) NOT NULL DEFAULT '0',
  KEY `msg_id` (`msg_id`),
  KEY `author_id` (`author_id`),
  KEY `usr_flder_id` (`user_id`,`folder_id`)
) ENGINE=MyISAM DEFAULT CHARSET=latin1;

--
-- Dumping data for table `phpbb_privmsgs_to`
--

INSERT INTO `phpbb_privmsgs_to` VALUES (1,2,55,0,0,1,0,0,0,0),(1,55,55,0,0,0,0,0,0,-1),(2,55,70,0,0,0,0,0,0,0),(2,70,70,0,0,0,0,0,0,-1);

--
-- Table structure for table `phpbb_profile_fields`
--

CREATE TABLE `phpbb_profile_fields` (
  `field_id` mediumint(8) unsigned NOT NULL AUTO_INCREMENT,
  `field_name` varchar(255) NOT NULL DEFAULT '',
  `field_type` tinyint(4) NOT NULL DEFAULT '0',
  `field_ident` varchar(20) NOT NULL DEFAULT '',
  `field_length` varchar(20) NOT NULL DEFAULT '',
  `field_minlen` varchar(255) NOT NULL DEFAULT '',
  `field_maxlen` varchar(255) NOT NULL DEFAULT '',
  `field_novalue` varchar(255) NOT NULL DEFAULT '',
  `field_default_value` varchar(255) NOT NULL DEFAULT '',
  `field_validation` varchar(20) NOT NULL DEFAULT '',
  `field_required` tinyint(1) unsigned NOT NULL DEFAULT '0',
  `field_show_on_reg` tinyint(1) unsigned NOT NULL DEFAULT '0',
  `field_show_on_vt` tinyint(1) unsigned NOT NULL DEFAULT '0',
  `field_show_profile` tinyint(1) unsigned NOT NULL DEFAULT '0',
  `field_hide` tinyint(1) unsigned NOT NULL DEFAULT '0',
  `field_no_view` tinyint(1) unsigned NOT NULL DEFAULT '0',
  `field_active` tinyint(1) unsigned NOT NULL DEFAULT '0',
  `field_order` mediumint(8) unsigned NOT NULL DEFAULT '0',
  PRIMARY KEY (`field_id`),
  KEY `fld_type` (`field_type`),
  KEY `fld_ordr` (`field_order`)
) ENGINE=MyISAM DEFAULT CHARSET=latin1;

--
-- Dumping data for table `phpbb_profile_fields`
--


--
-- Table structure for table `phpbb_profile_fields_data`
--

CREATE TABLE `phpbb_profile_fields_data` (
  `user_id` mediumint(8) unsigned NOT NULL DEFAULT '0',
  PRIMARY KEY (`user_id`)
) ENGINE=MyISAM DEFAULT CHARSET=latin1;

--
-- Dumping data for table `phpbb_profile_fields_data`
--


--
-- Table structure for table `phpbb_profile_fields_lang`
--

CREATE TABLE `phpbb_profile_fields_lang` (
  `field_id` mediumint(8) unsigned NOT NULL DEFAULT '0',
  `lang_id` mediumint(8) unsigned NOT NULL DEFAULT '0',
  `option_id` mediumint(8) unsigned NOT NULL DEFAULT '0',
  `field_type` tinyint(4) NOT NULL DEFAULT '0',
  `lang_value` varchar(255) NOT NULL DEFAULT '',
  PRIMARY KEY (`field_id`,`lang_id`,`option_id`)
) ENGINE=MyISAM DEFAULT CHARSET=latin1;

--
-- Dumping data for table `phpbb_profile_fields_lang`
--


--
-- Table structure for table `phpbb_profile_lang`
--

CREATE TABLE `phpbb_profile_lang` (
  `field_id` mediumint(8) unsigned NOT NULL DEFAULT '0',
  `lang_id` mediumint(8) unsigned NOT NULL DEFAULT '0',
  `lang_name` varchar(255) NOT NULL DEFAULT '',
  `lang_explain` text NOT NULL,
  `lang_default_value` varchar(255) NOT NULL DEFAULT '',
  PRIMARY KEY (`field_id`,`lang_id`)
) ENGINE=MyISAM DEFAULT CHARSET=latin1;

--
-- Dumping data for table `phpbb_profile_lang`
--


--
-- Table structure for table `phpbb_ranks`
--

CREATE TABLE `phpbb_ranks` (
  `rank_id` mediumint(8) unsigned NOT NULL AUTO_INCREMENT,
  `rank_title` varchar(255) NOT NULL DEFAULT '',
  `rank_min` mediumint(8) unsigned NOT NULL DEFAULT '0',
  `rank_special` tinyint(1) unsigned NOT NULL DEFAULT '0',
  `rank_image` varchar(255) NOT NULL DEFAULT '',
  PRIMARY KEY (`rank_id`)
) ENGINE=MyISAM AUTO_INCREMENT=2 DEFAULT CHARSET=latin1;

--
-- Dumping data for table `phpbb_ranks`
--

INSERT INTO `phpbb_ranks` VALUES (1,'Site Admin',0,1,'');

--
-- Table structure for table `phpbb_reports`
--

CREATE TABLE `phpbb_reports` (
  `report_id` mediumint(8) unsigned NOT NULL AUTO_INCREMENT,
  `reason_id` smallint(4) unsigned NOT NULL DEFAULT '0',
  `post_id` mediumint(8) unsigned NOT NULL DEFAULT '0',
  `pm_id` mediumint(8) unsigned NOT NULL DEFAULT '0',
  `user_id` mediumint(8) unsigned NOT NULL DEFAULT '0',
  `user_notify` tinyint(1) unsigned NOT NULL DEFAULT '0',
  `report_closed` tinyint(1) unsigned NOT NULL DEFAULT '0',
  `report_time` int(11) unsigned NOT NULL DEFAULT '0',
  `report_text` mediumtext NOT NULL,
  PRIMARY KEY (`report_id`),
  KEY `post_id` (`post_id`),
  KEY `pm_id` (`pm_id`)
) ENGINE=MyISAM DEFAULT CHARSET=latin1;

--
-- Dumping data for table `phpbb_reports`
--


--
-- Table structure for table `phpbb_reports_reasons`
--

CREATE TABLE `phpbb_reports_reasons` (
  `reason_id` smallint(4) unsigned NOT NULL AUTO_INCREMENT,
  `reason_title` varchar(255) NOT NULL DEFAULT '',
  `reason_description` mediumtext NOT NULL,
  `reason_order` smallint(4) unsigned NOT NULL DEFAULT '0',
  PRIMARY KEY (`reason_id`)
) ENGINE=MyISAM AUTO_INCREMENT=5 DEFAULT CHARSET=latin1;

--
-- Dumping data for table `phpbb_reports_reasons`
--

INSERT INTO `phpbb_reports_reasons` VALUES (1,'warez','The post contains links to illegal or pirated software.',1),(2,'spam','The reported post has the only purpose to advertise for a website or another product.',2),(3,'off_topic','The reported post is off topic.',3),(4,'other','The reported post does not fit into any other category, please use the further information field.',4);

--
-- Table structure for table `phpbb_search_results`
--

CREATE TABLE `phpbb_search_results` (
  `search_key` varchar(32) NOT NULL DEFAULT '',
  `search_time` int(11) unsigned NOT NULL DEFAULT '0',
  `search_keywords` mediumtext NOT NULL,
  `search_authors` mediumtext NOT NULL,
  PRIMARY KEY (`search_key`)
) ENGINE=MyISAM DEFAULT CHARSET=latin1;

--
-- Dumping data for table `phpbb_search_results`
--


--
-- Table structure for table `phpbb_search_wordlist`
--

CREATE TABLE `phpbb_search_wordlist` (
  `word_id` mediumint(8) unsigned NOT NULL AUTO_INCREMENT,
  `word_text` varchar(255) NOT NULL DEFAULT '',
  `word_common` tinyint(1) unsigned NOT NULL DEFAULT '0',
  `word_count` mediumint(8) unsigned NOT NULL DEFAULT '0',
  PRIMARY KEY (`word_id`),
  UNIQUE KEY `wrd_txt` (`word_text`),
  KEY `wrd_cnt` (`word_count`)
) ENGINE=MyISAM AUTO_INCREMENT=1356 DEFAULT CHARSET=latin1;

--
-- Dumping data for table `phpbb_search_wordlist`
--

INSERT INTO `phpbb_search_wordlist` VALUES (1,'this',0,33),(2,'example',0,3),(3,'post',0,17),(4,'your',0,46),(5,'phpbb3',0,2),(6,'installation',0,1),(7,'everything',0,8),(8,'seems',0,3),(9,'working',0,3),(10,'you',0,63),(11,'may',0,4),(12,'delete',0,1),(13,'like',0,23),(14,'and',0,69),(15,'continue',0,1),(16,'set',0,9),(17,'board',0,2),(18,'during',0,1),(19,'the',0,64),(20,'process',0,5),(21,'first',0,10),(22,'category',0,2),(23,'forum',0,14),(24,'are',0,40),(25,'assigned',0,1),(26,'appropriate',0,2),(27,'permissions',0,1),(28,'for',0,58),(29,'predefined',0,1),(30,'usergroups',0,1),(31,'administrators',0,1),(32,'bots',0,1),(33,'global',0,1),(34,'moderators',0,1),(35,'guests',0,1),(36,'registered',0,1),(37,'users',0,1),(38,'coppa',0,1),(39,'also',0,12),(40,'choose',0,3),(41,'not',0,26),(42,'forget',0,2),(43,'assign',0,1),(44,'all',0,28),(45,'these',0,10),(46,'new',0,21),(47,'categories',0,2),(48,'forums',0,1),(49,'create',0,5),(50,'recommended',0,1),(51,'rename',0,1),(52,'copy',0,1),(53,'from',0,18),(54,'while',0,3),(55,'creating',0,1),(56,'have',0,39),(57,'fun',0,7),(58,'welcome',0,4),(59,'hello',0,0),(60,'test',0,1),(61,'testing',0,2),(62,'asdfasdf',0,1),(63,'response',0,1),(64,'here',0,13),(65,'another',0,3),(66,'yay',0,1),(67,'asdf',0,0),(68,'some',0,28),(69,'examples',0,2),(70,'get',0,28),(71,'started',0,3),(72,'what',0,40),(73,'best',0,21),(74,'way',0,16),(75,'display',0,4),(76,'pricing',0,21),(77,'how',0,27),(78,'much',0,9),(79,'should',0,7),(80,'product',0,6),(81,'marked',0,1),(82,'make',0,25),(83,'transition',0,1),(84,'increase',0,3),(85,'prices',0,7),(86,'just',0,37),(87,'remember',0,6),(88,'specific',0,3),(89,'share',0,6),(90,'something',0,16),(91,'add',0,5),(92,'with',0,47),(93,'questions',0,14),(94,'comments',0,1),(95,'constant',0,2),(96,'struggle',0,2),(97,'good',0,12),(98,'balance',0,4),(99,'variety',0,2),(100,'beautiful',0,4),(101,'products',0,4),(102,'without',0,6),(103,'overwhelming',0,2),(104,'client',0,18),(105,'too',0,11),(106,'many',0,11),(107,'choice',0,5),(108,'winning',0,2),(109,'collections',0,8),(110,'both',0,6),(111,'clients',0,29),(112,'our',0,7),(113,'studio',0,4),(114,'anyone',0,16),(115,'has',0,11),(116,'suggestions',0,3),(117,'that',0,48),(118,'would',0,20),(119,'appreciate',0,2),(120,'insight',0,2),(121,'answer',0,2),(122,'andrea',0,13),(123,'posted',0,2),(124,'think',0,16),(125,'markup',0,2),(126,'depends',0,2),(127,'space',0,3),(128,'reading',0,3),(129,'ppa',0,2),(130,'based',0,3),(131,'fourfold',0,2),(132,'includes',0,2),(133,'total',0,3),(134,'price',0,5),(135,'shipping',0,2),(136,'duty',0,2),(137,'cdn',0,2),(138,'folk',0,2),(139,'home',0,5),(140,'businesses',0,5),(141,'were',0,5),(142,'suggested',0,2),(143,'threefold',0,2),(144,'comme',0,10),(145,'transitioning',0,1),(146,'after',0,7),(147,'announcing',0,2),(148,'when',0,15),(149,'coming',0,6),(150,'into',0,6),(151,'effect',0,1),(152,'suggest',0,1),(153,'giving',0,4),(154,'existing',0,2),(155,'one',0,20),(156,'month',0,3),(157,'whatever',0,1),(158,'time',0,13),(159,'frame',0,1),(160,'feel',0,9),(161,'comfortable',0,2),(162,'pay',0,1),(163,'sitting',0,1),(164,'fee',0,1),(165,'lock',0,1),(166,'informing',0,1),(167,'them',0,19),(168,'change',0,5),(169,'opportunity',0,1),(170,'they',0,26),(171,'know',0,21),(172,'now',0,13),(173,'but',0,37),(174,'surprising',0,1),(175,'higher',0,3),(176,'try',0,3),(177,'book',0,2),(178,'later',0,1),(179,'currently',0,6),(180,'use',0,30),(181,'panodia',0,1),(182,'portfolio',0,1),(183,'pricelist',0,1),(184,'keep',0,5),(185,'sections',0,1),(186,'relating',0,1),(187,'type',0,1),(188,'photography',0,4),(189,'babies',0,2),(190,'own',0,10),(191,'section',0,2),(192,'does',0,9),(193,'boudoir',0,2),(194,'seen',0,3),(195,'photographers',0,2),(196,'menu',0,1),(197,'covers',0,2),(198,'restaurant',0,1),(199,'wondering',0,2),(200,'everyone',0,9),(201,'else',0,5),(202,'works',0,5),(203,'give',0,5),(204,'full',0,5),(205,'pricelists',0,1),(206,'take',0,6),(207,'away',0,6),(208,'more',0,9),(209,'simplistic',0,1),(210,'guides',0,2),(211,'perhaps',0,4),(212,'nothing',0,2),(213,'lots',0,2),(214,'option',0,3),(215,'aware',0,1),(216,'choices',0,1),(217,'confuses',0,1),(218,'leads',0,1),(219,'desicion',0,1),(220,'making',0,7),(221,'upfront',0,1),(222,'information',0,3),(223,'sometimes',0,3),(224,'thing',0,10),(225,'sales',0,5),(226,'don',0,17),(227,'out',0,19),(228,'right',0,8),(229,'format',0,1),(230,'hiding',0,1),(231,'earth',0,1),(232,'can',0,21),(233,'buy',0,4),(234,'things',0,12),(235,'why',0,2),(236,'thanks',0,11),(237,'lynne',0,8),(238,'completely',0,4),(239,'revamping',0,2),(240,'stone',0,2),(241,'method',0,3),(242,'yet',0,5),(243,'still',0,7),(244,'offering',0,7),(245,'digital',0,7),(246,'version',0,5),(247,'prior',0,2),(248,'session',0,16),(249,'part',0,3),(250,'2012',0,2),(251,'org',0,2),(252,'moving',0,2),(253,'person',0,14),(254,'ordering',0,14),(255,'probably',0,5),(256,'their',0,18),(257,'will',0,20),(258,'drop',0,2),(259,'simple',0,9),(260,'card',0,3),(261,'mail',0,2),(262,'reminder',0,2),(263,'appointment',0,2),(264,'going',0,6),(265,'include',0,3),(266,'carte',0,4),(267,'aren',0,4),(268,'thinking',0,8),(269,'those',0,8),(270,'terms',0,2),(271,'access',0,2),(272,'hand',0,3),(273,'only',0,14),(274,'being',0,7),(275,'implemented',0,2),(276,'hopefully',0,2),(277,'feedback',0,2),(278,'soon',0,7),(279,'info',0,2),(280,'curious',0,1),(281,'doing',0,13),(282,'software',0,4),(283,'equip',0,1),(284,'using',0,10),(285,'sessions',0,8),(286,'long',0,3),(287,'last',0,2),(288,'did',0,8),(289,'see',0,11),(290,'big',0,4),(291,'jump',0,1),(292,'orders',0,4),(293,'once',0,3),(294,'switched',0,3),(295,'online',0,5),(296,'recently',0,4),(297,'was',0,13),(298,'branding',0,4),(299,'had',0,12),(300,'amazing',0,2),(301,'ideas',0,15),(302,'major',0,1),(303,'impact',0,1),(304,'necessarily',0,1),(305,'bank',0,1),(306,'buster',0,1),(307,'really',0,11),(308,'got',0,4),(309,'about',0,16),(310,'package',0,6),(311,'excited',0,3),(312,'point',0,2),(313,'been',0,15),(314,'pretty',0,13),(315,'hodge',0,1),(316,'podge',0,1),(317,'consistent',0,1),(318,'consistently',0,1),(319,'convey',0,1),(320,'feeling',0,2),(321,'company',0,2),(322,'packaging',0,10),(323,'yes',0,5),(324,'tied',0,1),(325,'including',0,1),(326,'any',0,5),(327,'pictures',0,1),(328,'brown',0,1),(329,'vogue',0,1),(330,'bags',0,1),(331,'gold',0,1),(332,'toile',0,1),(333,'tissue',0,3),(334,'paper',0,4),(335,'put',0,4),(336,'wax',0,3),(337,'seal',0,3),(338,'monogram',0,1),(339,'melted',0,1),(340,'ribbon',0,3),(341,'front',0,4),(342,'bag',0,1),(343,'well',0,14),(344,'boxes',0,6),(345,'envelopes',0,1),(346,'inside',0,1),(347,'each',0,11),(348,'box',0,8),(349,'envelope',0,1),(350,'wrapped',0,1),(351,'champagne',0,1),(352,'bow',0,3),(353,'goes',0,3),(354,'very',0,11),(355,'lot',0,6),(356,'compliments',0,1),(357,'receive',0,3),(358,'most',0,7),(359,'say',0,6),(360,'afraid',0,2),(361,'open',0,3),(362,'want',0,14),(363,'mess',0,1),(364,'prettiness',0,1),(365,'cogs',0,3),(366,'multiply',0,1),(367,'which',0,22),(368,'gives',0,2),(369,'every',0,4),(370,'year',0,8),(371,'end',0,9),(372,'summer',0,1),(373,'before',0,9),(374,'busiest',0,1),(375,'season',0,1),(376,'heads',0,3),(377,'rates',0,1),(378,'never',0,7),(379,'complaint',0,1),(380,'repeat',0,1),(381,'contacts',0,1),(382,'rate',0,1),(383,'let',0,6),(384,'there',0,19),(385,'few',0,2),(386,'changes',0,1),(387,'since',0,2),(388,'send',0,3),(389,'catalog',0,1),(390,'starting',0,3),(391,'website',0,4),(392,'requested',0,1),(393,'pdf',0,3),(394,'doesn',0,1),(395,'happen',0,4),(396,'often',0,4),(397,'someone',0,1),(398,'books',0,3),(399,'find',0,9),(400,'read',0,2),(401,'fine',0,3),(402,'along',0,5),(403,'other',0,13),(404,'materials',0,2),(405,'again',0,5),(406,'until',0,4),(407,'order',0,10),(408,'offer',0,10),(409,'three',0,3),(410,'print',0,11),(411,'geared',0,1),(412,'around',0,3),(413,'albums',0,17),(414,'then',0,15),(415,'two',0,6),(416,'different',0,11),(417,'felt',0,1),(418,'options',0,5),(419,'having',0,5),(420,'problems',0,1),(421,'decision',0,1),(422,'better',0,6),(423,'myself',0,4),(424,'fit',0,1),(425,'mission',0,2),(426,'statement',0,1),(427,'business',0,6),(428,'plan',0,4),(429,'work',0,11),(430,'style',0,6),(431,'selective',0,1),(432,'sell',0,6),(433,'ooooh',0,2),(434,'nice',0,4),(435,'cool',0,8),(436,'sounds',0,5),(437,'colors',0,2),(438,'changed',0,2),(439,'gray',0,2),(440,'cream',0,2),(441,'pop',0,2),(442,'yellow',0,2),(443,'trying',0,7),(444,'together',0,5),(445,'getting',0,17),(446,'little',0,8),(447,'camera',0,11),(448,'charms',0,2),(449,'hang',0,2),(450,'packages',0,2),(451,'downloaded',0,1),(452,'templates',0,12),(453,'look',0,8),(454,'lovely',0,3),(455,'thought',0,8),(456,'member',0,1),(457,'downloads',0,8),(458,'seem',0,1),(459,'corrupt',0,1),(460,'flipbook',0,1),(461,'5x7',0,3),(462,'luxe',0,2),(463,'accordian',0,1),(464,'album',0,10),(465,'case',0,1),(466,'busy',0,1),(467,'members',0,3),(468,'responding',0,1),(469,'email',0,7),(470,'hidden',0,1),(471,'pain',0,1),(472,'sure',0,12),(473,'worth',0,4),(474,'trouble',0,2),(475,'looking',0,8),(476,'used',0,3),(477,'galleries',0,6),(478,'years',0,4),(479,'ago',0,3),(480,'plus',0,2),(481,'love',0,22),(482,'watching',0,1),(483,'reatins',0,1),(484,'seeing',0,3),(485,'images',0,14),(486,'yesterday',0,1),(487,'lady',0,2),(488,'view',0,2),(489,'her',0,4),(490,'she',0,3),(491,'blown',0,1),(492,'dramtic',0,1),(493,'weight',0,1),(494,'loss',0,1),(495,'wasn',0,2),(496,'expecing',0,1),(497,'anything',0,2),(498,'loved',0,2),(499,'tears',0,1),(500,'happy',0,6),(501,'ones',0,5),(502,'miss',0,1),(503,'methods',0,1),(504,'rewarding',0,1),(505,'itself',0,3),(506,'cry',0,3),(507,'joy',0,1),(508,'evie',0,4),(509,'replied',0,1),(510,'pro',0,3),(511,'select',0,3),(512,'exposure',0,3),(513,'viewing',0,2),(514,'times',0,4),(515,'generally',0,1),(516,'40mins',0,1),(517,'depend',0,1),(518,'exactly',0,2),(519,'others',0,3),(520,'generation',0,1),(521,'family',0,3),(522,'sisteers',0,0),(523,'mothers',0,1),(524,'granmothers',0,1),(525,'combine',0,3),(526,'longer',0,1),(527,'hour',0,1),(528,'half',0,2),(529,'longest',0,1),(530,'occasionally',0,1),(531,'who',0,10),(532,'decide',0,2),(533,'happens',0,1),(534,'baby',0,5),(535,'show',0,6),(536,'grandparents',0,2),(537,'etc',0,4),(538,'advise',0,1),(539,'might',0,3),(540,'possible',0,3),(541,'combination',0,1),(542,'inevitably',0,1),(543,'means',0,3),(544,'need',0,6),(545,'galery',0,0),(546,'normally',0,1),(547,'charge',0,1),(548,'credited',0,1),(549,'made',0,7),(550,'next',0,3),(551,'days',0,1),(552,'fair',0,1),(553,'jumped',0,1),(554,'swing',0,1),(555,'tweaking',0,2),(556,'always',0,3),(557,'improve',0,2),(558,'system',0,4),(559,'sisters',0,1),(560,'gallery',0,2),(561,'custom',0,10),(562,'wall',0,8),(563,'download',0,11),(564,'alone',0,1),(565,'membership',0,1),(566,'furniture',0,1),(567,'silhouettes',0,1),(568,'ages',0,2),(569,'groups',0,1),(570,'houses',0,1),(571,'tad',0,1),(572,'smaller',0,1),(573,'than',0,5),(574,'large',0,4),(575,'wow',0,1),(576,'ready',0,1),(577,'suitable',0,1),(578,'british',0,1),(579,'thank',0,10),(580,'reply',0,2),(581,'definitely',0,11),(582,'planning',0,2),(583,'asap',0,4),(584,'within',0,2),(585,'nervous',0,2),(586,'hey',0,5),(587,'through',0,3),(588,'server',0,1),(589,'link',0,1),(590,'people',0,8),(591,'worried',0,1),(592,'lol',0,5),(593,'kind',0,5),(594,'bawling',0,1),(595,'fixed',0,4),(596,'glad',0,2),(597,'hear',0,6),(598,'def',0,3),(599,'kick',0,2),(600,'sellers',0,3),(601,'biz',0,2),(602,'snazzy',0,2),(603,'please',0,5),(604,'proselect',0,2),(605,'sit',0,2),(606,'down',0,5),(607,'figure',0,1),(608,'meantime',0,1),(609,'shown',0,2),(610,'slideshow',0,1),(611,'talked',0,1),(612,'gone',0,1),(613,'finding',0,5),(614,'increasing',0,1),(615,'mock',0,2),(616,'ups',0,1),(617,'displays',0,3),(618,'canvas',0,1),(619,'frames',0,5),(620,'organic',0,1),(621,'bloom',0,1),(622,'able',0,1),(623,'ariana',0,1),(624,'falerni',0,1),(625,'photographer',0,3),(626,'yvonne',0,2),(627,'dream',0,4),(628,'less',0,4),(629,'expensive',0,5),(630,'profit',0,2),(631,'similar',0,4),(632,'makes',0,6),(633,'because',0,7),(634,'great',0,12),(635,'quality',0,6),(636,'suggestion',0,2),(637,'second',0,3),(638,'tier',0,2),(639,'hadn',0,3),(640,'even',0,5),(641,'checked',0,1),(642,'opened',0,1),(643,'calgary',0,1),(644,'fabulous',0,1),(645,'separate',0,3),(646,'birthday',0,3),(647,'house',0,1),(648,'party',0,2),(649,'planned',0,1),(650,'forward',0,2),(651,'grand',0,1),(652,'opening',0,1),(653,'face',0,1),(654,'painting',0,1),(655,'ballon',0,1),(656,'artist',0,3),(657,'food',0,1),(658,'local',0,4),(659,'vendor',0,1),(660,'chatter',0,1),(661,'lead',0,1),(662,'bday',0,1),(663,'focus',0,7),(664,'kids',0,3),(665,'families',0,1),(666,'newborns',0,3),(667,'could',0,5),(668,'offers',0,3),(669,'giveaways',0,3),(670,'leading',0,2),(671,'day',0,1),(672,'partnerships',0,1),(673,'sound',0,1),(674,'crazy',0,3),(675,'unique',0,3),(676,'late',0,1),(677,'mind',0,2),(678,'turning',0,1),(679,'creativity',0,1),(680,'dial',0,1),(681,'voting',0,1),(682,'line',0,2),(683,'2010',0,1),(684,'contest',0,2),(685,'super',0,3),(686,'1st',0,2),(687,'bash',0,2),(688,'girl',0,1),(689,'admittedly',0,1),(690,'tons',0,1),(691,'list',0,7),(692,'side',0,1),(693,'present',0,3),(694,'prevent',0,1),(695,'overwhelmed',0,2),(696,'broke',0,1),(697,'main',0,1),(698,'premium',0,2),(699,'feature',0,1),(700,'piece',0,1),(701,'res',0,2),(702,'files',0,3),(703,'top',0,10),(704,'between',0,3),(705,'its',0,4),(706,'lower',0,1),(707,'above',0,1),(708,'sized',0,1),(709,'selection',0,1),(710,'range',0,1),(711,'800',0,1),(712,'1800',0,1),(713,'credit',0,1),(714,'towards',0,1),(715,'purchases',0,1),(716,'customized',0,3),(717,'bundled',0,1),(718,'discount',0,1),(719,'basically',0,3),(720,'ask',0,2),(721,'pieces',0,1),(722,'actual',0,6),(723,'tangible',0,1),(724,'consider',0,4),(725,'rather',0,1),(726,'number',0,1),(727,'model',0,3),(728,'success',0,2),(729,'basic',0,2),(730,'logic',0,1),(731,'same',0,3),(732,'poll',0,1),(733,'instead',0,2),(734,'text',0,1),(735,'couple',0,7),(736,'such',0,4),(737,'blast',0,1),(738,'block',0,1),(739,'modeling',0,3),(740,'took',0,2),(741,'pics',0,1),(742,'boutique',0,2),(743,'clothing',0,1),(744,'owner',0,1),(745,'brought',0,1),(746,'helped',0,1),(747,'prepare',0,1),(748,'outfits',0,1),(749,'advertising',0,1),(750,'picked',0,1),(751,'pic',0,1),(752,'vote',0,1),(753,'afterwards',0,1),(754,'kid',0,1),(755,'personally',0,3),(756,'giveaway',0,3),(757,'assets',0,1),(758,'maybe',0,3),(759,'slowly',0,3),(760,'announcements',0,2),(761,'prize',0,1),(762,'sign',0,1),(763,'tickets',0,1),(764,'dunno',0,1),(765,'posting',0,1),(766,'comment',0,2),(767,'gets',0,1),(768,'ticket',0,1),(769,'winners',0,1),(770,'announced',0,1),(771,'sense',0,1),(772,'idea',0,7),(773,'course',0,1),(774,'ahead',0,1),(775,'prizes',0,1),(776,'won',0,1),(777,'actually',0,6),(778,'draw',0,3),(779,'asset',0,1),(780,'bring',0,1),(781,'huge',0,1),(782,'hth',0,1),(783,'seller',0,7),(784,'desirable',0,2),(785,'presentation',0,1),(786,'honest',0,1),(787,'tell',0,3),(788,'understand',0,3),(789,'cut',0,2),(790,'slack',0,1),(791,'tend',0,2),(792,'dink',0,1),(793,'nibbles',0,1),(794,'optional',0,1),(795,'heard',0,1),(796,'cookies',0,1),(797,'although',0,1),(798,'cook',0,1),(799,'explain',0,2),(800,'music',0,1),(801,'laugh',0,1),(802,'watch',0,1),(803,'slience',0,1),(804,'guage',0,1),(805,'reactions',0,1),(806,'straight',0,1),(807,'relax',0,1),(808,'enjoy',0,1),(809,'switch',0,2),(810,'off',0,5),(811,'light',0,1),(812,'grab',0,1),(813,'cups',0,1),(814,'tea',0,1),(815,'coffee',0,1),(816,'somewhere',0,3),(817,'hold',0,1),(818,'warm',0,1),(819,'drink',0,1),(820,'thair',0,1),(821,'hands',0,1),(822,'therefore',0,1),(823,'purchase',0,3),(824,'avoids',0,1),(825,'spilt',0,1),(826,'drinks',0,1),(827,'cold',0,1),(828,'image',0,20),(829,'groupings',0,1),(830,'displayed',0,1),(831,'liked',0,1),(832,'rating',0,1),(833,'faces',0,1),(834,'instincts',0,1),(835,'unsure',0,1),(836,'step',0,1),(837,'screen',0,4),(838,'wait',0,1),(839,'imae',0,1),(840,'theire',0,1),(841,'opinon',0,1),(842,'help',0,1),(843,'steer',0,1),(844,'alot',0,1),(845,'group',0,3),(846,'taken',0,1),(847,'picture',0,1),(848,'room',0,1),(849,'groupngs',0,1),(850,'lists',0,1),(851,'complicated',0,1),(852,'done',0,9),(853,'moment',0,1),(854,'calabrate',0,1),(855,'sceen',0,1),(856,'sizes',0,2),(857,'luck',0,1),(858,'hope',0,3),(859,'crying',0,1),(860,'free',0,4),(861,'collection',0,2),(862,'ten',0,1),(863,'6x4',0,1),(864,'gift',0,3),(865,'copies',0,1),(866,'low',0,1),(867,'web',0,3),(868,'watermarked',0,1),(869,'friends',0,3),(870,'photos',0,6),(871,'four',0,2),(872,'medium',0,0),(873,'art',0,2),(874,'mounted',0,1),(875,'9x6',0,1),(876,'12x10',0,1),(877,'12x8',0,1),(878,'16x12',0,1),(879,'roughly',0,1),(880,'popular',0,2),(881,'mount',0,1),(882,'tailored',0,1),(883,'addition',0,1),(884,'facebook',0,2),(885,'hearing',0,1),(886,'peoples',0,1),(887,'split',0,1),(888,'prefer',0,3),(889,'traditional',0,3),(890,'matted',0,5),(891,'pages',0,1),(892,'modern',0,1),(893,'designed',0,3),(894,'buys',0,1),(895,'seldex',0,1),(896,'black',0,1),(897,'tie',0,1),(898,'high',0,2),(899,'offerings',0,1),(900,'though',0,4),(901,'touch',0,1),(902,'janet',0,2),(903,'finao',0,2),(904,'secondary',0,1),(905,'nicely',0,1),(906,'cover',0,3),(907,'elements',0,2),(908,'595',0,1),(909,'795',0,1),(910,'newborn',0,4),(911,'signed',0,3),(912,'clue',0,1),(913,'file',0,1),(914,'framed',0,1),(915,'start',0,2),(916,'gifts',0,7),(917,'come',0,5),(918,'brains',0,1),(919,'numb',0,1),(920,'accordion',0,1),(921,'personal',0,1),(922,'released',0,1),(923,'months',0,1),(924,'available',0,3),(925,'guide',0,1),(926,'printed',0,1),(927,'magazine',0,1),(928,'size',0,2),(929,'mini',0,5),(930,'favorite',0,9),(931,'fonts',0,6),(932,'annette',0,3),(933,'mean',0,4),(934,'fill',0,2),(935,'sheet',0,2),(936,'commercial',0,2),(937,'com',0,6),(938,'place',0,7),(939,'newsletter',0,2),(940,'giddy',0,2),(941,'bit',0,5),(942,'font',0,2),(943,'freak',0,2),(944,'wannabe',0,2),(945,'standard',0,3),(946,'arial',0,2),(947,'georgia',0,2),(948,'century',0,2),(949,'gothic',0,2),(950,'manipulated',0,2),(951,'effects',0,2),(952,'instance',0,2),(953,'caps',0,2),(954,'italics',0,2),(955,'css',0,2),(956,'manipulate',0,2),(957,'kinds',0,2),(958,'spacing',0,2),(959,'letters',0,2),(960,'otherwise',0,2),(961,'purposes',0,2),(962,'must',0,2),(963,'purchased',0,2),(964,'licensed',0,2),(965,'stuff',0,3),(966,'bummer',0,2),(967,'isn',0,5),(968,'deal',0,2),(969,'play',0,2),(970,'fontgarden',0,2),(971,'site',0,2),(972,'correctly',0,2),(973,'flyers',0,1),(974,'marketing',0,2),(975,'already',0,1),(976,'date',0,3),(977,'putting',0,1),(978,'project',0,1),(979,'networking',0,3),(980,'attract',0,1),(981,'input',0,3),(982,'page',0,3),(983,'wooden',0,2),(984,'jigsaws',0,1),(985,'children',0,1),(986,'circumstance',0,1),(987,'arises',0,1),(988,'cost',0,2),(989,'iphone',0,1),(990,'video',0,4),(991,'tutorials',0,3),(992,'critiquing',0,1),(993,'mentoring',0,1),(994,'related',0,3),(995,'certificate',0,1),(996,'store',0,1),(997,'referrals',0,3),(998,'tried',0,1),(999,'past',0,1),(1000,'haven',0,5),(1001,'successful',0,3),(1002,'telling',0,2),(1003,'selling',0,2),(1004,'sorry',0,4),(1005,'found',0,4),(1006,'build',0,2),(1007,'professionally',0,2),(1008,'key',0,2),(1009,'interconnected',0,2),(1010,'base',0,2),(1011,'unless',0,2),(1012,'customer',0,2),(1013,'service',0,2),(1014,'services',0,2),(1015,'satisfy',0,2),(1016,'nutshell',0,2),(1017,'showing',0,2),(1018,'blog',0,2),(1019,'necessary',0,2),(1020,'regularly',0,2),(1021,'worry',0,3),(1022,'content',0,2),(1023,'heavy',0,2),(1024,'postings',0,2),(1025,'recognized',0,2),(1026,'clutter',0,2),(1027,'visuals',0,2),(1028,'potential',0,2),(1029,'connections',0,2),(1030,'support',0,2),(1031,'skills',0,4),(1032,'return',0,2),(1033,'packaged',0,2),(1034,'classy',0,2),(1035,'excellent',0,2),(1036,'phone',0,2),(1037,'meet',0,3),(1038,'result',0,2),(1039,'thrilled',0,2),(1040,'offered',0,2),(1041,'ways',0,2),(1042,'attention',0,2),(1043,'essential',0,2),(1044,'building',0,2),(1045,'effort',0,2),(1046,'name',0,3),(1047,'lucky',0,2),(1048,'portrait',0,4),(1049,'parties',0,2),(1050,'mom',0,2),(1051,'sponsor',0,2),(1052,'where',0,6),(1053,'spot',0,2),(1054,'inviting',0,2),(1055,'paying',0,2),(1056,'spots',0,2),(1057,'silent',0,2),(1058,'auctions',0,2),(1059,'donating',0,2),(1060,'dollar',0,2),(1061,'amount',0,2),(1062,'charities',0,2),(1063,'organizations',0,2),(1064,'field',0,2),(1065,'host',0,2),(1066,'mutual',0,2),(1067,'event',0,2),(1068,'thus',0,2),(1069,'mixing',0,2),(1070,'theirs',0,2),(1071,'yours',0,3),(1072,'hosting',0,2),(1073,'game',0,2),(1074,'involved',0,2),(1075,'invested',0,2),(1076,'brand',0,2),(1077,'contests',0,2),(1078,'asking',0,2),(1079,'submit',0,2),(1080,'purpose',0,2),(1081,'record',0,2),(1082,'future',0,3),(1083,'needs',0,2),(1084,'small',0,2),(1085,'fashion',0,2),(1086,'mixed',0,2),(1087,'sponsoring',0,2),(1088,'events',0,2),(1089,'special',0,3),(1090,'trade',0,2),(1091,'approaching',0,2),(1092,'chance',0,2),(1093,'obgyn',0,2),(1094,'midwife',0,2),(1095,'displaying',0,2),(1096,'latest',0,2),(1097,'back',0,9),(1098,'tidbits',0,2),(1099,'plans',0,1),(1100,'topics',0,1),(1101,'address',0,1),(1102,'tutorial',0,1),(1103,'class',0,1),(1104,'agree',0,1),(1105,'non',0,1),(1106,'returning',0,1),(1107,'hate',0,1),(1108,'over',0,4),(1109,'wanted',0,1),(1110,'didn',0,1),(1111,'mat',0,2),(1112,'mats',0,1),(1113,'ordered',0,1),(1114,'specialty',0,1),(1115,'photo',0,2),(1116,'birth',0,1),(1117,'holiday',0,1),(1118,'cards',0,1),(1119,'extras',0,1),(1120,'nicer',0,1),(1121,'etsy',0,1),(1122,'door',0,1),(1123,'signs',0,1),(1124,'vintage',0,1),(1125,'styled',0,1),(1126,'painted',0,1),(1127,'names',0,1),(1128,'perfect',0,1),(1129,'guy',0,3),(1130,'puzzles',0,1),(1131,'child',0,1),(1132,'turn',0,1),(1133,'note',0,1),(1134,'stamp',0,1),(1135,'says',0,1),(1136,'halsey',0,1),(1137,'stickers',0,1),(1138,'actions',0,3),(1139,'ever',0,2),(1140,'sale',0,2),(1141,'release',0,2),(1142,'center',0,5),(1143,'awesome',0,1),(1144,'backside',0,1),(1145,'www',0,2),(1146,'thedreamalbum',0,2),(1147,'template',0,2),(1148,'backing',0,2),(1149,'helps',0,2),(1150,'http',0,1),(1151,'relate',0,1),(1152,'computer',0,4),(1153,'looks',0,1),(1154,'lab',0,4),(1155,'drab',0,1),(1156,'soft',0,3),(1157,'brightened',0,1),(1158,'blah',0,6),(1159,'results',0,1),(1160,'prints',0,8),(1161,'match',0,2),(1162,'edit',0,2),(1163,'dark',0,2),(1164,'brightness',0,2),(1165,'mac',0,2),(1166,'calibrate',0,3),(1167,'fav',0,2),(1168,'holding',0,2),(1169,'color',0,2),(1170,'preferences',0,2),(1171,'adjust',0,2),(1172,'settings',0,4),(1173,'brighter',0,2),(1174,'however',0,2),(1175,'labs',0,2),(1176,'stick',0,2),(1177,'control',0,3),(1178,'develop',0,2),(1179,'signature',0,2),(1180,'wrap',0,2),(1181,'parcel',0,2),(1182,'call',0,3),(1183,'criss',0,2),(1184,'cross',0,2),(1185,'solid',0,2),(1186,'wrapping',0,2),(1187,'source',0,2),(1188,'wholesale',0,2),(1189,'waste',0,2),(1190,'usual',0,1),(1191,'millers',0,1),(1192,'prodpi',0,1),(1193,'preference',0,1),(1194,'reason',0,2),(1195,'miller',0,1),(1196,'monitors',0,1),(1197,'eye1',0,1),(1198,'said',0,1),(1199,'taking',0,1),(1200,'matches',0,1),(1201,'storybook',0,1),(1202,'showcases',0,1),(1203,'designing',0,1),(1204,'storybooks',0,1),(1205,'week',0,1),(1206,'sold',0,5),(1207,'stressed',0,1),(1208,'design',0,4),(1209,'debating',0,1),(1210,'rid',0,1),(1211,'heavily',0,1),(1212,'clean',0,1),(1213,'white',0,4),(1214,'background',0,1),(1215,'layout',0,2),(1216,'dated',0,3),(1217,'designs',0,3),(1218,'become',0,2),(1219,'rip',0,1),(1220,'bandaid',0,1),(1221,'route',0,1),(1222,'versions',0,1),(1223,'simplify',0,1),(1224,'busier',0,1),(1225,'thoughts',0,1),(1226,'per',0,2),(1227,'consuming',0,2),(1228,'priced',0,2),(1229,'quite',0,3),(1230,'paid',0,2),(1231,'extra',0,2),(1232,'takes',0,3),(1233,'companies',0,2),(1234,'described',0,1),(1235,'compensated',0,1),(1236,'loving',0,2),(1237,'fits',0,1),(1238,'stand',0,1),(1239,'papers',0,1),(1240,'brushes',0,1),(1241,'guess',0,1),(1242,'answered',0,1),(1243,'question',0,2),(1244,'dumb',0,1),(1245,'button',0,3),(1246,'mark',0,8),(1247,'bbf',0,10),(1248,'recall',0,2),(1249,'setting',0,3),(1250,'due',0,2),(1251,'focusing',0,4),(1252,'issues',0,2),(1253,'backup',0,4),(1254,'shop',0,2),(1255,'issue',0,2),(1256,'caused',0,2),(1257,'figured',0,2),(1258,'thinks',0,2),(1259,'check',0,2),(1260,'consistency',0,2),(1261,'helpful',0,2),(1262,'lost',0,2),(1263,'melanie',0,4),(1264,'changing',0,1),(1265,'shots',0,1),(1266,'blurry',0,1),(1267,'frustrating',0,1),(1268,'bought',0,2),(1269,'lemon',0,2),(1270,'sent',0,2),(1271,'wrong',0,2),(1272,'supposedly',0,2),(1273,'saw',0,2),(1274,'improvement',0,2),(1275,'nikon',0,5),(1276,'shooting',0,3),(1277,'old',0,2),(1278,'doubt',0,2),(1279,'couldn',0,2),(1280,'confidence',0,2),(1281,'confident',0,2),(1282,'knowing',0,2),(1283,'majority',0,2),(1284,'sharply',0,2),(1285,'focused',0,2),(1286,'iii',0,3),(1287,'excruciating',0,2),(1288,'budgeted',0,2),(1289,'minute',0,2),(1290,'finished',0,3),(1291,'proofing',0,2),(1292,'boys',0,2),(1293,'percent',0,2),(1294,'tack',0,2),(1295,'sharp',0,2),(1296,'renting',0,2),(1297,'investing',0,2),(1298,'equipment',0,2),(1299,'focal',0,1),(1300,'points',0,2),(1301,'middle',0,1),(1302,'compose',0,1),(1303,'canon',0,1),(1304,'easier',0,1),(1305,'pick',0,1),(1306,'close',0,1),(1307,'eye',0,1),(1308,'setup',0,1),(1309,'square',0,1),(1310,'easily',0,1),(1311,'increased',0,1),(1312,'decreased',0,1),(1313,'verticals',0,1),(1314,'spread',0,1),(1315,'squares',0,1),(1316,'simply',0,1),(1317,'favorites',0,1),(1318,'fast',0,1),(1319,'minutes',0,1),(1320,'proof',0,1),(1321,'confirmation',0,1),(1322,'additional',0,1),(1323,'forth',0,1),(1324,'compared',0,1),(1325,'sending',0,1),(1326,'proofs',0,1),(1327,'via',0,1),(1328,'edits',0,1),(1329,'recommend',0,1),(1330,'lay',0,1),(1331,'outs',0,1),(1332,'elaborate',0,1),(1333,'received',0,1),(1334,'regarding',0,2),(1335,'booking',0,1),(1336,'petite',0,2),(1337,'bottom',0,1),(1338,'wrought',0,1),(1339,'iron',0,1),(1340,'bed',0,1),(1341,'unusable',0,1),(1342,'neutral',0,2),(1343,'metering',0,2),(1344,'subject',0,2),(1345,'bump',0,1),(1346,'cameras',0,1),(1347,'bracketing',0,2),(1348,'shoot',0,1),(1349,'depending',0,1),(1350,'skin',0,1),(1351,'tone',0,1),(1352,'bumping',0,1),(1353,'stops',0,1),(1354,'usually',0,1),(1355,'scene',0,1);

--
