-- Table structure for table `phpbb_search_wordmatch`
--

CREATE TABLE `phpbb_search_wordmatch` (
  `post_id` mediumint(8) unsigned NOT NULL DEFAULT '0',
  `word_id` mediumint(8) unsigned NOT NULL DEFAULT '0',
  `title_match` tinyint(1) unsigned NOT NULL DEFAULT '0',
  UNIQUE KEY `unq_mtch` (`word_id`,`post_id`,`title_match`),
  KEY `word_id` (`word_id`),
  KEY `post_id` (`post_id`)
) ENGINE=MyISAM DEFAULT CHARSET=latin1;

--
-- Dumping data for table `phpbb_search_wordmatch`
--

INSERT INTO `phpbb_search_wordmatch` VALUES (1,1,0),(8,1,1),(9,1,1),(10,1,1),(11,1,1),(12,1,0),(12,1,1),(14,1,0),(16,1,1),(17,1,0),(19,1,0),(20,1,0),(23,1,1),(26,1,1),(30,1,0),(30,1,1),(31,1,0),(33,1,0),(37,1,1),(38,1,0),(39,1,1),(58,1,0),(59,1,0),(60,1,0),(62,1,0),(70,1,0),(71,1,0),(76,1,0),(79,1,0),(80,1,0),(81,1,0),(89,1,0),(91,1,0),(1,2,0),(58,2,0),(62,2,0),(1,3,0),(8,3,1),(9,3,1),(10,3,1),(11,3,1),(12,3,1),(16,3,1),(23,3,1),(26,3,1),(30,3,1),(37,3,1),(39,3,1),(58,3,0),(60,3,0),(62,3,0),(91,3,0),(1,4,0),(8,4,1),(9,4,1),(10,4,1),(11,4,1),(12,4,1),(14,4,0),(16,4,1),(19,4,0),(20,4,0),(22,4,0),(23,4,1),(26,4,1),(27,4,0),(28,4,0),(30,4,1),(32,4,1),(33,4,0),(35,4,1),(36,4,1),(37,4,1),(38,4,0),(39,4,1),(40,4,1),(42,4,0),(46,4,0),(49,4,0),(55,4,0),(58,4,0),(61,4,1),(62,4,0),(65,4,0),(66,4,0),(67,4,0),(68,4,1),(69,4,0),(70,4,0),(71,4,0),(72,4,0),(80,4,0),(81,4,0),(87,4,0),(90,4,0),(91,4,0),(92,4,0),(94,4,1),(1,5,0),(1,5,1),(1,6,0),(1,7,0),(15,7,0),(16,7,0),(20,7,0),(58,7,0),(62,7,0),(70,7,0),(71,7,0),(1,8,0),(35,8,0),(36,8,0),(1,9,0),(82,9,0),(83,9,0),(1,10,0),(8,10,0),(9,10,0),(10,10,0),(11,10,0),(12,10,0),(13,10,0),(14,10,0),(14,10,1),(15,10,1),(17,10,1),(18,10,0),(19,10,0),(20,10,0),(21,10,0),(23,10,0),(24,10,0),(26,10,0),(28,10,0),(30,10,0),(31,10,0),(32,10,0),(33,10,0),(34,10,0),(35,10,0),(37,10,0),(38,10,1),(40,10,0),(44,10,0),(47,10,0),(48,10,0),(49,10,0),(50,10,0),(52,10,0),(55,10,0),(58,10,0),(61,10,0),(62,10,0),(63,10,0),(65,10,0),(66,10,0),(66,10,1),(67,10,0),(68,10,0),(69,10,0),(70,10,0),(70,10,1),(71,10,0),(71,10,1),(72,10,0),(76,10,0),(78,10,0),(79,10,0),(80,10,0),(81,10,0),(82,10,0),(83,10,0),(85,10,0),(86,10,0),(87,10,0),(90,10,0),(91,10,0),(92,10,0),(1,11,0),(79,11,0),(80,11,0),(81,11,0),(1,12,0),(1,13,0),(11,13,0),(19,13,0),(24,13,0),(26,13,0),(28,13,0),(30,13,0),(33,13,0),(34,13,0),(37,13,0),(39,13,0),(40,13,0),(47,13,0),(48,13,0),(49,13,0),(50,13,0),(51,13,0),(58,13,0),(62,13,0),(69,13,0),(72,13,0),(76,13,0),(90,13,0),(1,14,0),(8,14,0),(8,14,1),(9,14,0),(9,14,1),(10,14,1),(11,14,0),(11,14,1),(12,14,0),(12,14,1),(14,14,0),(15,14,0),(16,14,0),(16,14,1),(17,14,0),(18,14,0),(19,14,0),(20,14,0),(22,14,0),(23,14,0),(23,14,1),(24,14,0),(25,14,0),(26,14,0),(26,14,1),(28,14,0),(30,14,0),(30,14,1),(31,14,0),(32,14,0),(33,14,0),(34,14,0),(35,14,0),(36,14,0),(37,14,0),(37,14,1),(38,14,0),(39,14,0),(39,14,1),(41,14,0),(42,14,0),(48,14,0),(50,14,0),(55,14,0),(58,14,0),(60,14,0),(62,14,0),(64,14,0),(65,14,0),(66,14,0),(69,14,0),(70,14,0),(71,14,0),(72,14,0),(74,14,0),(76,14,0),(77,14,0),(78,14,0),(80,14,0),(81,14,0),(82,14,0),(83,14,0),(84,14,0),(85,14,0),(87,14,0),(89,14,0),(90,14,0),(91,14,0),(93,14,0),(1,15,0),(1,16,0),(12,16,0),(19,16,0),(31,16,0),(33,16,0),(58,16,0),(62,16,0),(89,16,0),(92,16,0),(1,17,0),(63,17,0),(1,18,0),(1,19,0),(8,19,0),(9,19,0),(10,19,0),(11,19,0),(12,19,0),(15,19,0),(16,19,0),(18,19,0),(19,19,0),(20,19,0),(21,19,0),(22,19,0),(23,19,0),(24,19,0),(25,19,0),(26,19,0),(28,19,0),(30,19,0),(31,19,0),(33,19,0),(34,19,0),(35,19,0),(36,19,0),(37,19,0),(38,19,0),(39,19,0),(40,19,0),(42,19,0),(48,19,0),(49,19,0),(50,19,0),(53,19,0),(54,19,0),(55,19,0),(57,19,0),(58,19,0),(59,19,0),(60,19,0),(62,19,0),(63,19,0),(64,19,0),(65,19,0),(67,19,0),(69,19,0),(72,19,0),(76,19,0),(77,19,0),(78,19,0),(79,19,0),(80,19,0),(81,19,0),(82,19,0),(83,19,0),(84,19,0),(85,19,0),(87,19,0),(88,19,0),(89,19,0),(90,19,0),(91,19,0),(92,19,0),(93,19,0),(94,19,0),(1,20,0),(12,20,0),(19,20,0),(58,20,0),(62,20,0),(1,21,0),(22,21,0),(28,21,0),(30,21,0),(33,21,0),(59,21,0),(69,21,0),(72,21,0),(82,21,0),(83,21,0),(1,22,0),(33,22,0),(1,23,0),(8,23,1),(9,23,1),(10,23,1),(11,23,1),(12,23,1),(16,23,1),(20,23,0),(23,23,1),(26,23,1),(30,23,1),(37,23,1),(39,23,1),(55,23,0),(1,24,0),(9,24,0),(10,24,0),(11,24,0),(13,24,0),(15,24,0),(16,24,0),(18,24,0),(19,24,0),(20,24,0),(21,24,0),(24,24,0),(25,24,0),(26,24,0),(28,24,0),(30,24,0),(31,24,0),(33,24,0),(34,24,0),(35,24,0),(36,24,0),(37,24,0),(40,24,0),(41,24,0),(42,24,0),(46,24,0),(58,24,0),(61,24,0),(62,24,0),(68,24,0),(69,24,0),(72,24,0),(76,24,0),(77,24,0),(78,24,0),(81,24,0),(86,24,0),(87,24,0),(89,24,0),(91,24,0),(1,25,0),(1,26,0),(89,26,0),(1,27,0),(1,28,0),(9,28,0),(11,28,0),(12,28,0),(13,28,0),(14,28,0),(16,28,0),(19,28,0),(20,28,0),(21,28,0),(22,28,0),(24,28,0),(25,28,0),(26,28,0),(28,28,0),(30,28,0),(31,28,0),(33,28,0),(34,28,0),(35,28,0),(37,28,0),(39,28,0),(40,28,0),(41,28,0),(42,28,0),(42,28,1),(43,28,1),(45,28,1),(47,28,1),(48,28,0),(49,28,1),(50,28,0),(51,28,1),(52,28,0),(53,28,0),(57,28,0),(58,28,0),(59,28,0),(60,28,0),(61,28,0),(62,28,0),(64,28,0),(65,28,0),(68,28,0),(69,28,0),(72,28,0),(73,28,0),(75,28,1),(76,28,0),(77,28,0),(78,28,0),(84,28,0),(85,28,0),(89,28,0),(90,28,0),(91,28,0),(93,28,0),(94,28,0),(1,29,0),(1,30,0),(1,31,0),(1,32,0),(1,33,0),(1,34,0),(1,35,0),(1,36,0),(1,37,0),(1,38,0),(1,39,0),(11,39,0),(15,39,0),(26,39,0),(37,39,0),(58,39,0),(60,39,0),(62,39,0),(69,39,0),(72,39,0),(77,39,0),(78,39,0),(1,40,0),(33,40,0),(35,40,0),(1,41,0),(9,41,0),(10,41,0),(11,41,0),(18,41,0),(19,41,0),(25,41,0),(30,41,0),(31,41,0),(33,41,0),(40,41,0),(54,41,0),(58,41,0),(61,41,0),(62,41,0),(68,41,0),(70,41,0),(71,41,0),(76,41,0),(77,41,0),(78,41,0),(80,41,0),(81,41,0),(84,41,0),(85,41,0),(90,41,0),(1,42,0),(19,42,0),(1,43,0),(1,44,0),(11,44,0),(16,44,0),(17,44,0),(19,44,0),(20,44,0),(23,44,0),(30,44,0),(31,44,0),(33,44,0),(35,44,0),(38,44,0),(41,44,0),(42,44,0),(48,44,0),(50,44,0),(60,44,0),(61,44,0),(68,44,0),(69,44,0),(70,44,0),(71,44,0),(72,44,0),(76,44,0),(84,44,0),(85,44,0),(87,44,0),(88,44,0),(1,45,0),(13,45,0),(18,45,0),(30,45,0),(51,45,0),(61,45,0),(65,45,0),(68,45,0),(76,45,0),(78,45,0),(1,46,0),(10,46,0),(18,46,0),(33,46,0),(35,46,0),(38,46,0),(42,46,0),(42,46,1),(43,46,1),(45,46,1),(47,46,1),(49,46,1),(51,46,1),(52,46,0),(58,46,0),(62,46,0),(75,46,1),(82,46,0),(83,46,0),(84,46,0),(85,46,0),(1,47,0),(30,47,0),(1,48,0),(1,49,0),(14,49,0),(21,49,0),(77,49,0),(78,49,0),(1,50,0),(1,51,0),(1,52,0),(1,53,0),(13,53,0),(14,53,0),(15,53,0),(20,53,0),(28,53,0),(48,53,0),(50,53,0),(57,53,0),(58,53,0),(60,53,0),(62,53,0),(67,53,0),(69,53,0),(70,53,0),(71,53,0),(72,53,0),(74,53,0),(1,54,0),(20,54,0),(33,54,0),(1,55,0),(1,56,0),(8,56,0),(9,56,0),(12,56,0),(14,56,0),(15,56,0),(16,56,0),(19,56,0),(20,56,0),(21,56,0),(25,56,0),(26,56,0),(28,56,0),(30,56,0),(31,56,0),(33,56,0),(35,56,0),(37,56,0),(40,56,0),(48,56,0),(49,56,0),(50,56,0),(52,56,0),(55,56,0),(57,56,0),(58,56,0),(59,56,0),(60,56,0),(61,56,0),(62,56,0),(68,56,0),(76,56,0),(77,56,0),(78,56,0),(80,56,0),(81,56,0),(88,56,0),(89,56,0),(91,56,0),(1,57,0),(28,57,0),(47,57,0),(49,57,0),(51,57,0),(58,57,0),(62,57,0),(1,58,1),(33,58,0),(86,58,0),(87,58,0),(78,60,0),(33,63,0),(13,64,0),(13,64,1),(20,64,1),(21,64,0),(22,64,1),(25,64,1),(30,64,0),(33,64,1),(44,64,1),(58,64,0),(62,64,0),(89,64,0),(60,65,0),(73,65,0),(8,68,0),(11,68,0),(12,68,0),(14,68,0),(15,68,0),(17,68,0),(18,68,0),(19,68,0),(20,68,0),(25,68,0),(31,68,0),(33,68,0),(38,68,0),(40,68,0),(41,68,0),(42,68,0),(42,68,1),(43,68,1),(45,68,1),(47,68,1),(48,68,0),(49,68,1),(50,68,0),(51,68,1),(58,68,0),(59,68,0),(62,68,0),(75,68,1),(8,69,0),(33,69,0),(8,70,0),(10,70,0),(15,70,0),(16,70,0),(18,70,0),(20,70,0),(22,70,0),(24,70,0),(31,70,0),(33,70,0),(34,70,0),(35,70,0),(40,70,0),(41,70,0),(42,70,0),(48,70,0),(50,70,0),(56,70,0),(58,70,0),(60,70,0),(62,70,0),(70,70,0),(71,70,0),(76,70,0),(78,70,0),(82,70,0),(83,70,0),(89,70,0),(8,71,0),(82,71,0),(83,71,0),(8,72,0),(9,72,0),(11,72,0),(13,72,0),(14,72,0),(14,72,1),(15,72,1),(16,72,0),(17,72,1),(20,72,0),(25,72,0),(30,72,0),(31,72,0),(32,72,0),(32,72,1),(33,72,0),(35,72,0),(35,72,1),(36,72,1),(37,72,0),(38,72,1),(40,72,1),(41,72,0),(46,72,0),(52,72,0),(58,72,0),(60,72,0),(62,72,0),(66,72,1),(70,72,0),(70,72,1),(71,72,0),(71,72,1),(74,72,0),(75,72,0),(76,72,0),(78,72,0),(82,72,0),(83,72,0),(89,72,0),(8,73,0),(11,73,0),(20,73,0),(24,73,0),(30,73,0),(31,73,0),(32,73,0),(32,73,1),(33,73,0),(34,73,0),(35,73,0),(35,73,1),(36,73,0),(36,73,1),(40,73,0),(40,73,1),(58,73,0),(62,73,0),(63,73,0),(69,73,0),(72,73,0),(8,74,0),(10,74,0),(31,74,0),(33,74,0),(48,74,0),(50,74,0),(58,74,0),(60,74,0),(62,74,0),(69,74,0),(70,74,0),(71,74,0),(72,74,0),(77,74,0),(78,74,0),(90,74,0),(8,75,0),(58,75,0),(60,75,0),(62,75,0),(8,76,0),(8,76,1),(9,76,0),(9,76,1),(10,76,0),(10,76,1),(11,76,0),(11,76,1),(12,76,0),(12,76,1),(16,76,1),(19,76,0),(20,76,0),(23,76,1),(26,76,1),(30,76,0),(30,76,1),(35,76,0),(37,76,1),(39,76,1),(43,76,0),(8,77,0),(11,77,0),(12,77,0),(13,77,0),(14,77,0),(17,77,0),(19,77,0),(20,77,0),(28,77,0),(31,77,0),(32,77,0),(33,77,0),(35,77,0),(38,77,0),(65,77,0),(66,77,0),(70,77,0),(71,77,0),(74,77,0),(77,77,0),(78,77,0),(79,77,0),(86,77,0),(87,77,0),(89,77,0),(90,77,0),(92,77,0),(8,78,0),(11,78,0),(16,78,0),(19,78,0),(21,78,0),(24,78,0),(34,78,0),(36,78,0),(90,78,0),(8,79,0),(9,79,0),(18,79,0),(19,79,0),(30,79,0),(33,79,0),(76,79,0),(8,80,0),(9,80,0),(30,80,0),(33,80,0),(58,80,0),(62,80,0),(8,81,0),(8,82,0),(19,82,0),(24,82,0),(25,82,0),(26,82,0),(31,82,0),(32,82,0),(33,82,0),(34,82,0),(35,82,0),(37,82,0),(41,82,0),(58,82,0),(60,82,0),(62,82,0),(69,82,0),(70,82,0),(71,82,0),(72,82,0),(76,82,0),(77,82,0),(78,82,0),(80,82,0),(81,82,0),(89,82,0),(8,83,0),(8,84,0),(16,84,0),(76,84,0),(8,85,0),(9,85,0),(10,85,0),(16,85,0),(30,85,0),(48,85,0),(50,85,0),(8,86,0),(11,86,0),(16,86,0),(17,86,0),(18,86,0),(20,86,0),(21,86,0),(25,86,0),(26,86,0),(30,86,0),(31,86,0),(33,86,0),(37,86,0),(38,86,0),(40,86,0),(48,86,0),(50,86,0),(55,86,0),(57,86,0),(58,86,0),(60,86,0),(62,86,0),(67,86,0),(67,86,1),(69,86,1),(72,86,1),(73,86,1),(74,86,1),(76,86,0),(78,86,0),(80,86,0),(81,86,0),(82,86,0),(83,86,0),(84,86,0),(85,86,0),(90,86,0),(8,87,0),(9,87,0),(30,87,0),(48,87,0),(50,87,0),(60,87,0),(8,88,0),(58,88,0),(62,88,0),(8,89,0),(24,89,0),(28,89,0),(34,89,0),(58,89,0),(62,89,0),(8,90,0),(12,90,0),(14,90,0),(16,90,0),(19,90,0),(24,90,0),(28,90,0),(31,90,0),(34,90,0),(47,90,0),(49,90,0),(58,90,0),(62,90,0),(78,90,0),(82,90,0),(83,90,0),(8,91,0),(20,91,0),(51,91,0),(58,91,0),(62,91,0),(8,92,1),(9,92,0),(9,92,1),(10,92,0),(10,92,1),(11,92,1),(12,92,0),(12,92,1),(15,92,0),(16,92,0),(16,92,1),(17,92,0),(18,92,0),(19,92,0),(20,92,0),(23,92,0),(23,92,1),(24,92,0),(26,92,1),(28,92,0),(30,92,0),(30,92,1),(31,92,0),(33,92,0),(34,92,0),(36,92,0),(37,92,1),(38,92,0),(39,92,1),(48,92,0),(50,92,0),(58,92,0),(60,92,0),(62,92,0),(69,92,0),(70,92,0),(71,92,0),(72,92,0),(74,92,0),(76,92,0),(77,92,0),(78,92,0),(82,92,0),(83,92,0),(84,92,0),(85,92,0),(89,92,0),(8,93,1),(9,93,0),(9,93,1),(10,93,1),(11,93,1),(12,93,1),(16,93,1),(23,93,1),(26,93,1),(30,93,0),(30,93,1),(37,93,1),(39,93,1),(92,93,0),(8,94,1),(9,95,0),(30,95,0),(9,96,0),(30,96,0),(9,97,0),(11,97,0),(28,97,0),(30,97,0),(31,97,0),(33,97,0),(48,97,0),(50,97,0),(58,97,0),(62,97,0),(67,97,0),(81,97,0),(9,98,0),(30,98,0),(92,98,0),(93,98,0),(9,99,0),(30,99,0),(9,100,0),(30,100,0),(39,100,0),(91,100,0),(9,101,0),(30,101,0),(58,101,0),(62,101,0),(9,102,0),(14,102,0),(30,102,0),(58,102,0),(62,102,0),(89,102,0),(9,103,0),(30,103,0),(9,104,0),(14,104,0),(16,104,0),(20,104,0),(26,104,0),(30,104,0),(36,104,0),(37,104,0),(41,104,0),(41,104,1),(53,104,1),(54,104,1),(56,104,1),(58,104,0),(60,104,0),(60,104,1),(62,104,0),(89,104,0),(9,105,0),(11,105,0),(16,105,0),(17,105,0),(18,105,0),(30,105,0),(38,105,0),(50,105,0),(56,105,0),(67,105,0),(83,105,0),(9,106,0),(11,106,0),(16,106,0),(26,106,0),(30,106,0),(33,106,0),(37,106,0),(76,106,0),(80,106,0),(81,106,0),(89,106,0),(9,107,0),(30,107,0),(33,107,0),(84,107,0),(85,107,0),(9,108,0),(30,108,0),(9,109,0),(12,109,0),(16,109,0),(19,109,0),(24,109,0),(30,109,0),(34,109,0),(35,109,0),(9,110,0),(30,110,0),(31,110,0),(37,110,0),(82,110,0),(83,110,0),(9,111,0),(10,111,0),(11,111,0),(12,111,0),(14,111,0),(15,111,0),(16,111,0),(19,111,0),(20,111,0),(28,111,0),(30,111,0),(32,111,0),(33,111,0),(35,111,0),(40,111,0),(49,111,0),(52,111,0),(52,111,1),(53,111,0),(57,111,0),(57,111,1),(58,111,0),(58,111,1),(60,111,0),(62,111,0),(62,111,1),(65,111,0),(76,111,0),(89,111,0),(9,112,0),(10,112,0),(28,112,0),(30,112,0),(41,112,0),(48,112,0),(50,112,0),(9,113,0),(28,113,0),(30,113,0),(60,113,0),(9,114,0),(13,114,0),(13,114,1),(20,114,1),(22,114,1),(25,114,1),(28,114,0),(30,114,0),(33,114,1),(42,114,0),(44,114,1),(58,114,0),(62,114,0),(80,114,0),(81,114,0),(92,114,0),(9,115,0),(11,115,0),(14,115,0),(23,115,0),(28,115,0),(30,115,0),(40,115,0),(42,115,0),(58,115,0),(62,115,0),(73,115,0),(9,116,0),(25,116,0),(30,116,0),(9,117,0),(10,117,0),(11,117,0),(12,117,0),(15,117,0),(16,117,0),(17,117,0),(18,117,0),(19,117,0),(20,117,0),(21,117,0),(23,117,0),(24,117,0),(25,117,0),(26,117,0),(28,117,0),(30,117,0),(31,117,0),(33,117,0),(34,117,0),(37,117,0),(38,117,0),(41,117,0),(43,117,0),(48,117,0),(50,117,0),(55,117,0),(56,117,0),(58,117,0),(59,117,0),(60,117,0),(62,117,0),(63,117,0),(64,117,0),(65,117,0),(69,117,0),(72,117,0),(76,117,0),(77,117,0),(78,117,0),(80,117,0),(81,117,0),(82,117,0),(83,117,0),(84,117,0),(85,117,0),(89,117,0),(90,117,0),(9,118,0),(16,118,0),(28,118,0),(30,118,0),(31,118,0),(33,118,0),(38,118,0),(43,118,0),(45,118,0),(52,118,0),(58,118,0),(59,118,0),(62,118,0),(66,118,0),(70,118,0),(71,118,0),(81,118,0),(84,118,0),(85,118,0),(92,118,0),(9,119,0),(30,119,0),(9,120,0),(30,120,0),(9,121,0),(30,121,0),(9,122,0),(27,122,0),(28,122,0),(30,122,0),(34,122,0),(55,122,0),(60,122,0),(62,122,0),(65,122,0),(71,122,0),(74,122,0),(90,122,0),(91,122,0),(9,123,0),(30,123,0),(9,124,0),(12,124,0),(19,124,0),(24,124,0),(28,124,0),(30,124,0),(31,124,0),(34,124,0),(38,124,0),(56,124,0),(58,124,0),(60,124,0),(62,124,0),(73,124,0),(82,124,0),(83,124,0),(9,125,0),(30,125,0),(9,126,0),(30,126,0),(9,127,0),(28,127,0),(30,127,0),(9,128,0),(14,128,0),(30,128,0),(9,129,0),(30,129,0),(9,130,0),(30,130,0),(35,130,0),(9,131,0),(30,131,0),(9,132,0),(30,132,0),(9,133,0),(30,133,0),(35,133,0),(9,134,0),(11,134,0),(30,134,0),(33,134,0),(76,134,0),(9,135,0),(30,135,0),(9,136,0),(30,136,0),(9,137,0),(30,137,0),(9,138,0),(30,138,0),(9,139,0),(21,139,0),(28,139,0),(30,139,0),(33,139,0),(9,140,0),(28,140,0),(30,140,0),(58,140,0),(62,140,0),(9,141,0),(16,141,0),(30,141,0),(84,141,0),(85,141,0),(9,142,0),(30,142,0),(9,143,0),(30,143,0),(9,144,1),(10,144,1),(11,144,1),(12,144,1),(16,144,1),(23,144,1),(26,144,1),(30,144,1),(37,144,1),(39,144,1),(10,145,0),(10,146,0),(12,146,0),(16,146,0),(19,146,0),(33,146,0),(58,146,0),(62,146,0),(10,147,0),(31,147,0),(10,148,0),(15,148,0),(16,148,0),(19,148,0),(41,148,0),(48,148,0),(50,148,0),(53,148,0),(60,148,0),(67,148,0),(82,148,0),(83,148,0),(88,148,0),(89,148,0),(92,148,0),(10,149,0),(28,149,0),(42,149,0),(61,149,1),(68,149,1),(94,149,1),(10,150,0),(15,150,0),(16,150,0),(20,150,0),(30,150,0),(35,150,0),(10,151,0),(10,152,0),(10,153,0),(11,153,0),(16,153,0),(31,153,0),(10,154,0),(57,154,0),(10,155,0),(12,155,0),(19,155,0),(31,155,0),(33,155,0),(35,155,0),(36,155,0),(48,155,0),(50,155,0),(58,155,0),(62,155,0),(73,155,0),(76,155,0),(77,155,0),(78,155,0),(82,155,0),(83,155,0),(88,155,0),(89,155,0),(91,155,0),(10,156,0),(22,156,0),(33,156,0),(10,157,0),(10,158,0),(11,158,0),(20,158,0),(25,158,0),(31,158,0),(33,158,0),(49,158,0),(76,158,0),(77,158,0),(78,158,0),(89,158,0),(90,158,0),(91,158,0),(10,159,0),(10,160,0),(11,160,0),(20,160,0),(33,160,0),(39,160,0),(76,160,0),(82,160,0),(83,160,0),(90,160,0),(10,161,0),(33,161,0),(10,162,0),(10,163,0),(10,164,0),(10,165,0),(10,166,0),(10,167,0),(12,167,0),(16,167,0),(19,167,0),(20,167,0),(23,167,0),(25,167,0),(30,167,0),(31,167,0),(33,167,0),(50,167,0),(56,167,0),(58,167,0),(60,167,0),(62,167,0),(74,167,0),(88,167,0),(89,167,0),(94,167,0),(10,168,0),(14,168,0),(16,168,0),(20,168,0),(76,168,0),(10,169,0),(10,170,0),(11,170,0),(12,170,0),(13,170,0),(15,170,0),(16,170,0),(18,170,0),(19,170,0),(20,170,0),(33,170,0),(35,170,0),(37,170,0),(39,170,0),(40,170,0),(48,170,0),(50,170,0),(57,170,0),(60,170,0),(61,170,0),(68,170,0),(76,170,0),(77,170,0),(78,170,0),(82,170,0),(83,170,0),(89,170,0),(10,171,0),(11,171,0),(13,171,0),(16,171,0),(18,171,0),(20,171,0),(23,171,0),(33,171,0),(35,171,0),(40,171,0),(41,171,0),(42,171,0),(59,171,0),(60,171,0),(80,171,0),(81,171,0),(82,171,0),(83,171,0),(86,171,0),(87,171,0),(92,171,0),(10,172,0),(12,172,0),(16,172,0),(19,172,0),(25,172,0),(30,172,0),(33,172,0),(58,172,0),(62,172,0),(76,172,0),(82,172,0),(83,172,0),(90,172,0),(10,173,0),(11,173,0),(12,173,0),(15,173,0),(16,173,0),(18,173,0),(19,173,0),(20,173,0),(26,173,0),(30,173,0),(31,173,0),(33,173,0),(37,173,0),(40,173,0),(41,173,0),(48,173,0),(50,173,0),(57,173,0),(58,173,0),(59,173,0),(60,173,0),(62,173,0),(70,173,0),(71,173,0),(76,173,0),(77,173,0),(78,173,0),(80,173,0),(81,173,0),(82,173,0),(83,173,0),(84,173,0),(85,173,0),(88,173,0),(89,173,0),(91,173,0),(94,173,0),(10,174,0),(10,175,0),(77,175,0),(78,175,0),(10,176,0),(33,176,0),(35,176,0),(10,177,0),(89,177,0),(10,178,0),(11,179,0),(16,179,0),(26,179,0),(37,179,0),(61,179,0),(68,179,0),(11,180,0),(14,180,1),(15,180,0),(15,180,1),(17,180,1),(20,180,0),(25,180,0),(26,180,0),(31,180,0),(32,180,0),(33,180,0),(35,180,0),(37,180,0),(38,180,1),(48,180,0),(50,180,0),(58,180,0),(60,180,0),(62,180,0),(66,180,1),(70,180,1),(71,180,1),(79,180,0),(82,180,0),(83,180,0),(87,180,0),(88,180,0),(89,180,0),(92,180,0),(93,180,0),(11,181,0),(11,182,0),(11,183,0),(11,184,0),(30,184,0),(33,184,0),(58,184,0),(62,184,0),(11,185,0),(11,186,0),(11,187,0),(11,188,0),(16,188,0),(56,188,0),(60,188,0),(11,189,0),(28,189,0),(11,190,0),(21,190,0),(24,190,0),(33,190,0),(34,190,0),(48,190,0),(50,190,0),(58,190,0),(62,190,0),(78,190,0),(11,191,0),(19,191,0),(11,192,0),(20,192,0),(31,192,0),(48,192,0),(50,192,0),(58,192,0),(62,192,0),(88,192,0),(92,192,0),(11,193,0),(19,193,0),(11,194,0),(28,194,0),(33,194,0),(11,195,0),(33,195,0),(11,196,0),(11,197,0),(54,197,0),(11,198,0),(11,199,0),(28,199,0),(11,200,0),(24,200,0),(28,200,0),(32,200,0),(33,200,0),(34,200,0),(35,200,0),(52,200,0),(73,200,0),(11,201,0),(47,201,0),(49,201,0),(80,201,0),(81,201,0),(11,202,0),(12,202,0),(19,202,0),(33,202,0),(79,202,0),(11,203,0),(12,203,0),(16,203,0),(19,203,0),(60,203,0),(11,204,0),(12,204,0),(19,204,0),(30,204,0),(89,204,0),(11,205,0),(11,206,0),(16,206,0),(20,206,0),(60,206,0),(70,206,0),(71,206,0),(11,207,0),(19,207,0),(27,207,0),(31,207,0),(33,207,0),(76,207,0),(11,208,0),(12,208,0),(19,208,0),(20,208,0),(33,208,0),(36,208,0),(58,208,0),(62,208,0),(88,208,0),(11,209,0),(11,210,0),(25,210,0),(11,211,0),(18,211,0),(33,211,0),(59,211,0),(11,212,0),(14,212,0),(11,213,0),(28,213,0),(11,214,0),(26,214,0),(37,214,0),(11,215,0),(11,216,0),(11,217,0),(11,218,0),(11,219,0),(11,220,0),(16,220,0),(23,220,0),(24,220,0),(31,220,0),(34,220,0),(74,220,0),(11,221,0),(11,222,0),(58,222,0),(62,222,0),(11,223,0),(60,223,0),(76,223,0),(11,224,0),(20,224,0),(31,224,0),(58,224,0),(59,224,0),(60,224,0),(62,224,0),(76,224,0),(82,224,0),(83,224,0),(11,225,0),(19,225,0),(25,225,0),(32,225,0),(35,225,0),(11,226,0),(12,226,0),(15,226,0),(16,226,0),(19,226,0),(26,226,0),(28,226,0),(33,226,0),(37,226,0),(40,226,0),(58,226,0),(62,226,0),(80,226,0),(81,226,0),(82,226,0),(83,226,0),(93,226,0),(11,227,0),(17,227,0),(20,227,0),(24,227,0),(25,227,0),(27,227,0),(31,227,0),(34,227,0),(38,227,0),(43,227,0),(47,227,0),(49,227,0),(58,227,0),(62,227,0),(74,227,0),(77,227,0),(78,227,0),(80,227,0),(81,227,0),(11,228,0),(12,228,0),(16,228,0),(19,228,0),(27,228,0),(33,228,0),(50,228,0),(89,228,0),(11,229,0),(11,230,0),(11,231,0),(11,232,0),(12,232,0),(19,232,0),(20,232,0),(23,232,0),(26,232,0),(31,232,0),(33,232,0),(37,232,0),(41,232,0),(43,232,0),(48,232,0),(50,232,0),(58,232,0),(59,232,0),(62,232,0),(67,232,0),(69,232,0),(72,232,0),(89,232,0),(94,232,0),(11,233,0),(16,233,0),(82,233,0),(83,233,0),(11,234,0),(14,234,0),(16,234,0),(20,234,0),(33,234,0),(48,234,0),(50,234,0),(56,234,0),(57,234,0),(69,234,0),(72,234,0),(76,234,0),(11,235,0),(40,235,0),(11,236,0),(19,236,0),(19,236,1),(22,236,0),(24,236,0),(26,236,0),(28,236,0),(33,236,0),(34,236,0),(37,236,0),(91,236,0),(11,237,0),(12,237,0),(18,237,0),(19,237,0),(20,237,0),(23,237,0),(33,237,0),(35,237,0),(12,238,0),(15,238,0),(19,238,0),(37,238,0),(12,239,0),(19,239,0),(12,240,0),(19,240,0),(12,241,0),(19,241,0),(89,241,0),(12,242,0),(19,242,0),(27,242,0),(60,242,0),(76,242,0),(12,243,0),(19,243,0),(20,243,0),(26,243,0),(37,243,0),(82,243,0),(83,243,0),(12,244,0),(19,244,0),(25,244,0),(31,244,0),(55,244,0),(58,244,0),(62,244,0),(12,245,0),(16,245,0),(19,245,0),(30,245,0),(33,245,0),(35,245,0),(40,245,0),(12,246,0),(19,246,0),(30,246,0),(77,246,0),(78,246,0),(12,247,0),(19,247,0),(12,248,0),(16,248,0),(19,248,0),(22,248,0),(33,248,0),(45,248,0),(47,248,0),(49,248,0),(58,248,0),(62,248,0),(76,248,0),(80,248,0),(81,248,0),(84,248,0),(85,248,0),(91,248,1),(12,249,0),(19,249,0),(25,249,0),(12,250,0),(19,250,0),(12,251,0),(19,251,0),(12,252,0),(19,252,0),(12,253,0),(13,253,0),(13,253,1),(19,253,0),(20,253,1),(22,253,0),(22,253,1),(23,253,0),(25,253,0),(25,253,1),(33,253,0),(33,253,1),(44,253,1),(89,253,0),(12,254,0),(13,254,0),(13,254,1),(16,254,0),(19,254,0),(20,254,0),(20,254,1),(22,254,0),(22,254,1),(25,254,1),(33,254,0),(33,254,1),(44,254,1),(89,254,0),(12,255,0),(19,255,0),(20,255,0),(23,255,0),(31,255,0),(12,256,0),(15,256,0),(16,256,0),(19,256,0),(23,256,0),(24,256,0),(31,256,0),(33,256,0),(34,256,0),(35,256,0),(48,256,0),(50,256,0),(58,256,0),(60,256,0),(62,256,0),(76,256,0),(89,256,0),(93,256,0),(12,257,0),(16,257,0),(19,257,0),(20,257,0),(22,257,0),(23,257,0),(24,257,0),(27,257,0),(31,257,0),(33,257,0),(34,257,0),(51,257,0),(58,257,0),(60,257,0),(61,257,0),(62,257,0),(63,257,0),(68,257,0),(76,257,0),(78,257,0),(12,258,0),(19,258,0),(12,259,0),(19,259,0),(33,259,0),(58,259,0),(62,259,0),(76,259,0),(77,259,0),(78,259,0),(90,259,0),(12,260,0),(16,260,0),(19,260,0),(12,261,0),(19,261,0),(12,262,0),(19,262,0),(12,263,0),(19,263,0),(12,264,0),(17,264,0),(19,264,0),(38,264,0),(82,264,0),(83,264,0),(12,265,0),(19,265,0),(23,265,0),(12,266,0),(19,266,0),(30,266,0),(35,266,0),(12,267,0),(19,267,0),(21,267,0),(56,267,0),(12,268,0),(14,268,0),(17,268,0),(19,268,0),(26,268,0),(37,268,0),(38,268,0),(49,268,0),(12,269,0),(19,269,0),(24,269,0),(28,269,0),(31,269,0),(34,269,0),(58,269,0),(62,269,0),(12,270,0),(19,270,0),(12,271,0),(19,271,0),(12,272,0),(19,272,0),(60,272,0),(12,273,0),(16,273,0),(19,273,0),(30,273,0),(31,273,0),(33,273,0),(37,273,0),(40,273,0),(58,273,0),(60,273,0),(62,273,0),(76,273,0),(89,273,0),(91,273,0),(12,274,0),(14,274,0),(19,274,0),(58,274,0),(62,274,0),(80,274,0),(81,274,0),(12,275,0),(19,275,0),(12,276,0),(19,276,0),(12,277,0),(19,277,0),(12,278,0),(19,278,0),(61,278,0),(61,278,1),(68,278,0),(68,278,1),(94,278,1),(12,279,0),(19,279,0),(13,280,0),(13,281,0),(13,281,1),(20,281,1),(22,281,0),(22,281,1),(25,281,1),(33,281,0),(33,281,1),(44,281,1),(52,281,0),(58,281,0),(62,281,0),(89,281,0),(13,282,0),(20,282,0),(25,282,0),(89,282,0),(13,283,0),(13,284,0),(14,284,0),(25,284,0),(26,284,0),(30,284,0),(31,284,0),(37,284,0),(39,284,0),(80,284,0),(81,284,0),(13,285,0),(19,285,0),(40,285,0),(58,285,0),(62,285,0),(82,285,0),(83,285,0),(91,285,0),(13,286,0),(20,286,0),(91,286,0),(13,287,0),(16,287,0),(13,288,0),(20,288,0),(31,288,0),(67,288,0),(84,288,0),(85,288,0),(88,288,0),(91,288,0),(13,289,0),(24,289,0),(33,289,0),(34,289,0),(45,289,0),(58,289,0),(62,289,0),(66,289,0),(70,289,0),(71,289,0),(74,289,0),(13,290,0),(31,290,0),(48,290,0),(50,290,0),(13,291,0),(13,292,0),(14,292,0),(15,292,0),(20,292,0),(13,293,0),(16,293,0),(33,293,0),(13,294,0),(82,294,0),(83,294,0),(13,295,0),(16,295,0),(19,295,0),(20,295,0),(31,295,0),(14,296,0),(17,296,0),(38,296,0),(39,296,0),(14,297,0),(16,297,0),(19,297,0),(28,297,0),(31,297,0),(60,297,0),(80,297,0),(81,297,0),(82,297,0),(83,297,0),(84,297,0),(85,297,0),(88,297,0),(14,298,0),(15,298,0),(58,298,0),(62,298,0),(14,299,0),(16,299,0),(19,299,0),(25,299,0),(31,299,0),(40,299,0),(60,299,0),(80,299,0),(81,299,0),(82,299,0),(83,299,0),(91,299,0),(14,300,0),(28,300,0),(14,301,0),(28,301,0),(41,301,0),(42,301,0),(42,301,1),(43,301,1),(45,301,1),(47,301,1),(49,301,1),(51,301,1),(58,301,0),(59,301,0),(62,301,0),(71,301,0),(75,301,1),(14,302,0),(14,303,0),(14,304,0),(14,305,0),(14,306,0),(14,307,0),(17,307,0),(36,307,0),(37,307,0),(38,307,0),(48,307,0),(50,307,0),(82,307,0),(83,307,0),(84,307,0),(85,307,0),(14,308,0),(19,308,0),(30,308,0),(39,308,0),(14,309,0),(17,309,0),(19,309,0),(22,309,0),(23,309,0),(25,309,0),(31,309,0),(33,309,0),(38,309,0),(55,309,0),(58,309,0),(60,309,0),(62,309,0),(74,309,0),(75,309,0),(89,309,0),(14,310,0),(20,310,0),(65,310,0),(66,310,0),(70,310,0),(71,310,0),(14,311,0),(61,311,0),(68,311,0),(14,312,0),(59,312,0),(14,313,0),(16,313,0),(21,313,0),(28,313,0),(30,313,0),(57,313,0),(58,313,0),(61,313,0),(62,313,0),(68,313,0),(76,313,0),(80,313,0),(81,313,0),(91,313,0),(94,313,0),(14,314,0),(17,314,0),(36,314,0),(38,314,0),(48,314,0),(50,314,0),(60,314,0),(61,314,0),(67,314,0),(68,314,0),(76,314,0),(89,314,0),(90,314,0),(14,315,0),(14,316,0),(14,317,0),(14,318,0),(14,319,0),(14,320,0),(30,320,0),(14,321,0),(28,321,0),(14,322,1),(15,322,0),(15,322,1),(17,322,1),(38,322,1),(58,322,0),(62,322,0),(66,322,1),(70,322,1),(71,322,1),(15,323,0),(20,323,0),(23,323,0),(58,323,0),(62,323,0),(15,324,0),(15,325,0),(15,326,0),(33,326,0),(58,326,0),(62,326,0),(89,326,0),(15,327,0),(15,328,0),(15,329,0),(15,330,0),(15,331,0),(15,332,0),(15,333,0),(70,333,0),(71,333,0),(15,334,0),(33,334,0),(70,334,0),(71,334,0),(15,335,0),(23,335,0),(28,335,0),(33,335,0),(15,336,0),(17,336,0),(38,336,0),(15,337,0),(17,337,0),(38,337,0),(15,338,0),(15,339,0),(15,340,0),(70,340,0),(71,340,0),(15,341,0),(64,341,0),(65,341,0),(89,341,0),(15,342,0),(15,343,0),(16,343,0),(20,343,0),(23,343,0),(38,343,0),(58,343,0),(60,343,0),(62,343,0),(69,343,0),(70,343,0),(71,343,0),(72,343,0),(80,343,0),(81,343,0),(15,344,0),(64,344,0),(65,344,0),(66,344,0),(70,344,0),(71,344,0),(15,345,0),(15,346,0),(15,347,0),(16,347,0),(31,347,0),(33,347,0),(35,347,0),(41,347,0),(48,347,0),(50,347,0),(69,347,0),(72,347,0),(93,347,0),(15,348,0),(35,348,0),(63,348,0),(63,348,1),(64,348,0),(64,348,1),(65,348,0),(65,348,1),(15,349,0),(15,350,0),(15,351,0),(15,352,0),(70,352,0),(71,352,0),(15,353,0),(86,353,0),(87,353,0),(15,354,0),(16,354,0),(17,354,0),(21,354,0),(28,354,0),(37,354,0),(38,354,0),(40,354,0),(41,354,0),(60,354,0),(89,354,0),(15,355,0),(21,355,0),(33,355,0),(60,355,0),(78,355,0),(89,355,0),(15,356,0),(15,357,0),(16,357,0),(67,357,0),(15,358,0),(16,358,0),(19,358,0),(25,358,0),(28,358,0),(33,358,0),(35,358,0),(15,359,0),(21,359,0),(25,359,0),(31,359,0),(58,359,0),(62,359,0),(15,360,0),(78,360,0),(15,361,0),(28,361,0),(33,361,0),(15,362,0),(16,362,0),(17,362,0),(20,362,0),(30,362,0),(33,362,0),(35,362,0),(38,362,0),(58,362,0),(62,362,0),(78,362,0),(80,362,0),(81,362,0),(90,362,0),(15,363,0),(15,364,0),(16,365,0),(26,365,0),(37,365,0),(16,366,0),(16,367,0),(19,367,0),(20,367,0),(26,367,0),(28,367,0),(30,367,0),(33,367,0),(35,367,0),(36,367,0),(37,367,0),(40,367,0),(48,367,0),(50,367,0),(58,367,0),(60,367,0),(62,367,0),(76,367,0),(80,367,0),(81,367,0),(82,367,0),(83,367,0),(88,367,0),(16,368,0),(30,368,0),(16,369,0),(31,369,0),(36,369,0),(40,369,0),(16,370,0),(17,370,0),(28,370,0),(28,370,1),(31,370,0),(31,370,1),(38,370,0),(40,370,0),(16,371,0),(30,371,0),(33,371,0),(58,371,0),(62,371,0),(76,371,0),(78,371,0),(89,371,0),(93,371,0),(16,372,0),(16,373,0),(18,373,0),(33,373,0),(58,373,0),(62,373,0),(80,373,0),(81,373,0),(84,373,0),(85,373,0),(16,374,0),(16,375,0),(16,376,0),(24,376,0),(34,376,0),(16,377,0),(16,378,0),(19,378,0),(58,378,0),(60,378,0),(62,378,0),(82,378,0),(83,378,0),(16,379,0),(16,380,0),(16,381,0),(16,382,0),(16,383,0),(31,383,0),(33,383,0),(42,383,0),(86,383,0),(87,383,0),(16,384,0),(24,384,0),(30,384,0),(31,384,0),(33,384,0),(34,384,0),(50,384,0),(58,384,0),(60,384,0),(62,384,0),(63,384,0),(64,384,0),(65,384,0),(70,384,0),(71,384,0),(77,384,0),(78,384,0),(80,384,0),(81,384,0),(16,385,0),(33,385,0),(16,386,0),(16,387,0),(93,387,0),(16,388,0),(23,388,0),(49,388,0),(16,389,0),(16,390,0),(82,390,0),(83,390,0),(16,391,0),(19,391,0),(58,391,0),(62,391,0),(16,392,0),(16,393,0),(19,393,0),(23,393,0),(16,394,0),(16,395,0),(33,395,0),(80,395,0),(81,395,0),(16,396,0),(20,396,0),(58,396,0),(62,396,0),(16,397,0),(16,398,0),(41,398,0),(89,398,0),(16,399,0),(21,399,0),(30,399,0),(48,399,0),(50,399,0),(58,399,0),(62,399,0),(91,399,0),(94,399,0),(16,400,0),(33,400,0),(16,401,0),(82,401,0),(83,401,0),(16,402,0),(23,402,0),(33,402,0),(58,402,0),(62,402,0),(16,403,0),(19,403,0),(35,403,0),(36,403,0),(40,403,0),(41,403,0),(48,403,0),(50,403,0),(57,403,0),(58,403,0),(62,403,0),(76,403,0),(78,403,0),(16,404,0),(49,404,0),(16,405,0),(33,405,0),(60,405,0),(82,405,0),(83,405,0),(16,406,0),(33,406,0),(80,406,0),(81,406,0),(16,407,0),(20,407,0),(25,407,0),(58,407,0),(60,407,0),(62,407,0),(64,407,0),(65,407,0),(69,407,0),(72,407,0),(16,408,0),(33,408,0),(36,408,0),(37,408,0),(58,408,0),(62,408,0),(76,408,0),(77,408,0),(78,408,0),(89,408,0),(16,409,0),(18,409,0),(33,409,0),(16,410,0),(30,410,0),(35,410,0),(40,410,0),(60,410,0),(63,410,0),(64,410,0),(65,410,0),(67,410,0),(69,410,0),(72,410,0),(16,411,0),(16,412,0),(33,412,0),(60,412,0),(16,413,0),(26,413,0),(36,413,0),(37,413,0),(40,413,0),(66,413,0),(70,413,0),(71,413,0),(75,413,0),(76,413,0),(76,413,1),(77,413,1),(78,413,0),(78,413,1),(89,413,0),(89,413,1),(90,413,1),(16,414,0),(31,414,0),(33,414,0),(48,414,0),(50,414,0),(60,414,0),(69,414,0),(70,414,0),(71,414,0),(72,414,0),(74,414,0),(76,414,0),(77,414,0),(78,414,0),(89,414,0),(16,415,0),(35,415,0),(36,415,0),(58,415,0),(62,415,0),(76,415,0),(16,416,0),(17,416,0),(28,416,0),(36,416,0),(37,416,0),(38,416,0),(69,416,0),(72,416,0),(73,416,0),(76,416,0),(89,416,0),(16,417,0),(16,418,0),(30,418,0),(31,418,0),(33,418,0),(89,418,0),(16,419,0),(22,419,0),(33,419,0),(58,419,0),(62,419,0),(16,420,0),(16,421,0),(16,422,0),(19,422,0),(20,422,0),(33,422,0),(69,422,0),(72,422,0),(16,423,0),(26,423,0),(30,423,0),(37,423,0),(16,424,0),(16,425,0),(19,425,0),(16,426,0),(16,427,0),(20,427,0),(28,427,0),(58,427,0),(62,427,0),(78,427,0),(16,428,0),(40,428,0),(60,428,0),(78,428,0),(16,429,0),(17,429,0),(20,429,0),(31,429,0),(38,429,0),(57,429,0),(58,429,0),(62,429,0),(67,429,0),(72,429,0),(89,429,0),(16,430,0),(38,430,0),(58,430,0),(62,430,0),(70,430,0),(71,430,0),(16,431,0),(16,432,0),(26,432,0),(30,432,0),(33,432,0),(37,432,0),(76,432,0),(17,433,0),(38,433,0),(17,434,0),(28,434,0),(38,434,0),(56,434,0),(17,435,0),(38,435,0),(40,435,0),(48,435,0),(50,435,0),(58,435,0),(60,435,0),(62,435,0),(17,436,0),(38,436,0),(47,436,0),(49,436,0),(51,436,0),(17,437,0),(38,437,0),(17,438,0),(38,438,0),(17,439,0),(38,439,0),(17,440,0),(38,440,0),(17,441,0),(38,441,0),(17,442,0),(38,442,0),(17,443,0),(20,443,0),(38,443,0),(57,443,0),(76,443,0),(83,443,0),(91,443,0),(17,444,0),(28,444,0),(38,444,0),(39,444,0),(50,444,0),(17,445,0),(28,445,0),(38,445,0),(52,445,1),(57,445,0),(57,445,1),(58,445,0),(58,445,1),(62,445,0),(62,445,1),(69,445,0),(72,445,0),(76,445,0),(77,445,0),(78,445,0),(80,445,0),(81,445,0),(17,446,0),(20,446,0),(33,446,0),(38,446,0),(70,446,0),(71,446,0),(84,446,0),(85,446,0),(17,447,0),(38,447,0),(80,447,0),(81,447,0),(82,447,0),(83,447,0),(84,447,0),(85,447,0),(92,447,0),(92,447,1),(93,447,1),(17,448,0),(38,448,0),(17,449,0),(38,449,0),(17,450,0),(38,450,0),(18,451,0),(18,452,0),(42,452,0),(42,452,1),(43,452,1),(45,452,0),(45,452,1),(47,452,0),(47,452,1),(49,452,0),(49,452,1),(51,452,1),(75,452,1),(18,453,0),(19,453,0),(20,453,0),(33,453,0),(35,453,0),(69,453,0),(72,453,0),(76,453,0),(18,454,0),(21,454,0),(53,454,0),(18,455,0),(28,455,0),(55,455,0),(58,455,0),(62,455,0),(81,455,0),(83,455,0),(90,455,0),(18,456,0),(18,457,0),(18,457,1),(21,457,1),(24,457,0),(24,457,1),(27,457,1),(34,457,0),(34,457,1),(18,458,0),(18,459,0),(18,460,0),(18,461,0),(30,461,0),(60,461,0),(18,462,0),(76,462,0),(18,463,0),(18,464,0),(26,464,0),(30,464,0),(33,464,0),(37,464,0),(39,464,0),(40,464,0),(76,464,0),(77,464,0),(78,464,0),(18,465,0),(18,466,0),(18,467,0),(42,467,0),(55,467,0),(19,468,0),(19,469,0),(23,469,0),(33,469,0),(48,469,0),(50,469,0),(89,469,0),(91,469,0),(19,470,0),(19,471,0),(19,472,0),(31,472,0),(33,472,0),(54,472,0),(69,472,0),(72,472,0),(74,472,0),(77,472,0),(78,472,0),(80,472,0),(81,472,0),(91,472,0),(19,473,0),(21,473,0),(58,473,0),(62,473,0),(19,474,0),(33,474,0),(19,475,0),(21,475,0),(26,475,0),(28,475,0),(37,475,0),(50,475,0),(78,475,0),(94,475,0),(19,476,0),(60,476,0),(76,476,0),(19,477,0),(21,477,0),(24,477,0),(27,477,0),(30,477,0),(34,477,0),(19,478,0),(30,478,0),(31,478,0),(76,478,0),(19,479,0),(28,479,0),(31,479,0),(19,480,0),(76,480,0),(19,481,0),(21,481,0),(24,481,0),(32,481,0),(33,481,0),(34,481,0),(35,481,0),(38,481,0),(41,481,0),(42,481,0),(43,481,0),(45,481,0),(48,481,0),(50,481,0),(52,481,0),(59,481,0),(66,481,0),(70,481,0),(71,481,0),(76,481,0),(89,481,0),(92,481,0),(19,482,0),(19,483,0),(19,484,0),(25,484,0),(67,484,0),(19,485,0),(30,485,0),(31,485,0),(33,485,0),(35,485,0),(58,485,0),(62,485,0),(76,485,0),(80,485,0),(81,485,0),(82,485,0),(83,485,0),(84,485,0),(85,485,0),(19,486,0),(19,487,0),(60,487,0),(19,488,0),(33,488,0),(19,489,0),(31,489,0),(58,489,0),(62,489,0),(19,490,0),(58,490,0),(62,490,0),(19,491,0),(19,492,0),(19,493,0),(19,494,0),(19,495,0),(91,495,0),(19,496,0),(19,497,0),(33,497,0),(19,498,0),(28,498,0),(19,499,0),(19,500,0),(32,500,0),(35,500,0),(57,500,0),(58,500,0),(62,500,0),(19,501,0),(33,501,0),(36,501,0),(55,501,0),(91,501,0),(19,502,0),(19,503,0),(19,504,0),(19,505,0),(64,505,0),(65,505,0),(19,506,0),(23,506,0),(33,506,0),(19,507,0),(19,508,1),(20,508,0),(33,508,0),(38,508,0),(20,509,0),(20,510,0),(22,510,0),(33,510,0),(20,511,0),(22,511,0),(33,511,0),(20,512,0),(92,512,0),(93,512,0),(20,513,0),(23,513,0),(20,514,0),(33,514,0),(82,514,0),(83,514,0),(20,515,0),(20,516,0),(20,517,0),(20,518,0),(74,518,0),(20,519,0),(58,519,0),(62,519,0),(20,520,0),(20,521,0),(58,521,0),(62,521,0),(20,523,0),(20,524,0),(20,525,0),(58,525,0),(62,525,0),(20,526,0),(20,527,0),(20,528,0),(35,528,0),(20,529,0),(20,530,0),(20,531,0),(23,531,0),(30,531,0),(31,531,0),(35,531,0),(58,531,0),(60,531,0),(62,531,0),(63,531,0),(72,531,0),(20,532,0),(83,532,0),(20,533,0),(20,534,0),(35,534,0),(40,534,0),(53,534,0),(60,534,0),(20,535,0),(33,535,0),(35,535,0),(58,535,0),(62,535,0),(89,535,0),(20,536,0),(35,536,0),(20,537,0),(33,537,0),(72,537,0),(89,537,0),(20,538,0),(20,539,0),(80,539,0),(81,539,0),(20,540,0),(58,540,0),(62,540,0),(20,541,0),(20,542,0),(20,543,0),(58,543,0),(62,543,0),(20,544,0),(25,544,0),(59,544,0),(60,544,0),(69,544,0),(72,544,0),(20,546,0),(20,547,0),(20,548,0),(20,549,0),(21,549,0),(33,549,0),(60,549,0),(76,549,0),(77,549,0),(78,549,0),(20,550,0),(22,550,0),(33,550,0),(20,551,0),(20,552,0),(20,553,0),(20,554,0),(20,555,0),(30,555,0),(20,556,0),(56,556,0),(60,556,0),(20,557,0),(81,557,0),(20,558,0),(33,558,0),(69,558,0),(72,558,0),(20,559,0),(20,560,0),(76,560,0),(21,561,0),(24,561,0),(34,561,0),(39,561,0),(40,561,0),(60,561,0),(76,561,0),(77,561,0),(78,561,0),(93,561,0),(21,562,0),(24,562,0),(25,562,0),(27,562,0),(30,562,0),(33,562,0),(34,562,0),(40,562,0),(21,563,0),(23,563,0),(42,563,0),(61,563,0),(61,563,1),(64,563,0),(65,563,0),(68,563,0),(68,563,1),(94,563,0),(94,563,1),(21,564,0),(21,565,0),(21,566,0),(21,567,0),(21,568,0),(60,568,0),(21,569,0),(21,570,0),(21,571,0),(21,572,0),(21,573,0),(30,573,0),(58,573,0),(62,573,0),(88,573,0),(21,574,0),(33,574,0),(82,574,0),(83,574,0),(21,575,0),(21,576,0),(21,577,0),(21,578,0),(21,579,0),(44,579,0),(62,579,0),(63,579,0),(65,579,0),(71,579,0),(81,579,0),(85,579,0),(90,579,0),(92,579,0),(22,580,0),(33,580,0),(22,581,0),(25,581,0),(33,581,0),(48,581,0),(50,581,0),(51,581,0),(58,581,0),(62,581,0),(84,581,0),(85,581,0),(89,581,0),(22,582,0),(33,582,0),(22,583,0),(24,583,0),(33,583,0),(34,583,0),(22,584,0),(33,584,0),(22,585,0),(33,585,0),(23,586,0),(24,586,0),(30,586,0),(31,586,0),(34,586,0),(23,587,0),(33,587,0),(89,587,0),(23,588,0),(23,589,0),(23,590,0),(25,590,0),(31,590,0),(33,590,0),(36,590,0),(40,590,0),(58,590,0),(62,590,0),(23,591,0),(23,592,0),(48,592,0),(50,592,0),(58,592,0),(62,592,0),(23,593,0),(48,593,0),(50,593,0),(70,593,0),(71,593,0),(23,594,0),(24,595,0),(34,595,0),(82,595,0),(83,595,0),(24,596,0),(34,596,0),(24,597,0),(32,597,0),(34,597,0),(35,597,0),(42,597,0),(59,597,0),(24,598,0),(34,598,0),(40,598,0),(24,599,0),(34,599,0),(24,600,0),(34,600,0),(36,600,0),(24,601,0),(34,601,0),(24,602,0),(34,602,0),(24,603,0),(34,603,0),(58,603,0),(62,603,0),(79,603,0),(25,604,0),(89,604,0),(25,605,0),(33,605,0),(25,606,0),(28,606,0),(30,606,0),(69,606,0),(72,606,0),(25,607,0),(25,608,0),(25,609,0),(76,609,0),(25,610,0),(25,611,0),(25,612,0),(25,613,0),(31,613,0),(58,613,0),(62,613,0),(76,613,0),(25,614,0),(25,615,0),(33,615,0),(25,616,0),(25,617,0),(69,617,0),(72,617,0),(25,618,0),(25,619,0),(33,619,0),(70,619,0),(71,619,0),(78,619,0),(25,620,0),(25,621,0),(25,622,0),(25,623,0),(25,624,0),(25,625,0),(82,625,0),(83,625,0),(26,626,0),(37,626,0),(26,627,0),(37,627,0),(39,627,0),(89,627,0),(26,628,0),(37,628,0),(77,628,0),(78,628,0),(26,629,0),(37,629,0),(77,629,0),(78,629,0),(91,629,0),(26,630,0),(37,630,0),(26,631,0),(28,631,0),(33,631,0),(37,631,0),(26,632,0),(32,632,0),(35,632,0),(37,632,0),(63,632,0),(88,632,0),(26,633,0),(37,633,0),(40,633,0),(80,633,0),(81,633,0),(82,633,0),(83,633,0),(26,634,0),(30,634,0),(32,634,0),(35,634,0),(37,634,0),(53,634,0),(58,634,0),(60,634,0),(62,634,0),(67,634,0),(71,634,0),(85,634,0),(26,635,0),(37,635,0),(48,635,0),(50,635,0),(69,635,0),(72,635,0),(26,636,0),(37,636,0),(26,637,0),(33,637,0),(37,637,0),(26,638,0),(37,638,0),(27,639,0),(84,639,0),(85,639,0),(27,640,0),(31,640,0),(48,640,0),(50,640,0),(59,640,0),(27,641,0),(28,642,0),(28,643,0),(28,644,0),(28,645,0),(69,645,0),(72,645,0),(28,646,0),(28,646,1),(31,646,1),(28,647,0),(28,648,0),(31,648,0),(28,649,0),(28,650,0),(35,650,0),(28,651,0),(28,652,0),(28,653,0),(28,654,0),(28,655,0),(28,656,0),(58,656,0),(62,656,0),(28,657,0),(28,658,0),(31,658,0),(58,658,0),(62,658,0),(28,659,0),(28,660,0),(28,661,0),(28,662,0),(28,663,0),(30,663,0),(76,663,0),(79,663,0),(80,663,0),(81,663,0),(88,663,0),(28,664,0),(58,664,0),(62,664,0),(28,665,0),(28,666,0),(58,666,0),(62,666,0),(28,667,0),(31,667,0),(33,667,0),(58,667,0),(62,667,0),(28,668,0),(58,668,0),(62,668,0),(28,669,0),(58,669,0),(62,669,0),(28,670,0),(31,670,0),(28,671,0),(28,672,0),(28,673,0),(28,674,0),(84,674,0),(85,674,0),(28,675,0),(58,675,0),(62,675,0),(28,676,0),(28,677,0),(76,677,0),(28,678,0),(28,679,0),(28,680,0),(28,681,0),(28,682,0),(31,682,0),(28,683,0),(28,684,0),(31,684,0),(28,685,0),(35,685,0),(79,685,0),(28,686,1),(31,686,1),(28,687,1),(31,687,1),(30,688,0),(30,689,0),(30,690,0),(30,691,0),(41,691,0),(42,691,0),(51,691,0),(58,691,0),(59,691,0),(62,691,0),(30,692,0),(30,693,0),(58,693,0),(62,693,0),(30,694,0),(30,695,0),(50,695,0),(30,696,0),(30,697,0),(30,698,0),(39,698,0),(30,699,0),(30,700,0),(30,701,0),(35,701,0),(30,702,0),(33,702,0),(35,702,0),(30,703,0),(37,703,0),(39,703,0),(40,703,0),(48,703,0),(50,703,0),(58,703,0),(62,703,0),(70,703,0),(71,703,0),(30,704,0),(48,704,0),(50,704,0),(30,705,0),(40,705,0),(48,705,0),(50,705,0),(30,706,0),(30,707,0),(30,708,0),(30,709,0),(30,710,0),(30,711,0),(30,712,0),(30,713,0),(30,714,0),(30,715,0),(30,716,0),(36,716,0),(37,716,0),(30,717,0),(30,718,0),(30,719,0),(31,719,0),(89,719,0),(30,720,0),(33,720,0),(30,721,0),(30,722,0),(33,722,0),(70,722,0),(71,722,0),(80,722,0),(81,722,0),(30,723,0),(30,724,0),(37,724,0),(84,724,0),(85,724,0),(30,725,0),(30,726,0),(30,727,0),(58,727,0),(62,727,0),(30,728,0),(31,728,0),(30,729,0),(89,729,0),(30,730,0),(30,731,0),(60,731,0),(88,731,0),(31,732,0),(31,733,0),(76,733,0),(31,734,0),(31,735,0),(69,735,0),(72,735,0),(76,735,0),(82,735,0),(83,735,0),(92,735,0),(31,736,0),(50,736,0),(62,736,0),(91,736,0),(31,737,0),(31,738,0),(31,739,0),(58,739,0),(62,739,0),(31,740,0),(35,740,0),(31,741,0),(31,742,0),(43,742,0),(31,743,0),(31,744,0),(31,745,0),(31,746,0),(31,747,0),(31,748,0),(31,749,0),(31,750,0),(31,751,0),(31,752,0),(31,753,0),(31,754,0),(31,755,0),(58,755,0),(62,755,0),(31,756,0),(58,756,0),(62,756,0),(31,757,0),(31,758,0),(40,758,0),(42,758,0),(31,759,0),(58,759,0),(62,759,0),(31,760,0),(60,760,0),(31,761,0),(31,762,0),(31,763,0),(31,764,0),(31,765,0),(31,766,0),(33,766,0),(31,767,0),(31,768,0),(31,769,0),(31,770,0),(31,771,0),(31,772,0),(33,772,0),(51,772,0),(55,772,0),(58,772,0),(62,772,0),(85,772,0),(31,773,0),(31,774,0),(31,775,0),(31,776,0),(31,777,0),(33,777,0),(60,777,0),(78,777,0),(82,777,0),(83,777,0),(31,778,0),(58,778,0),(62,778,0),(31,779,0),(31,780,0),(31,781,0),(31,782,0),(32,783,0),(32,783,1),(35,783,0),(35,783,1),(36,783,1),(40,783,0),(40,783,1),(32,784,0),(35,784,0),(33,785,0),(33,786,0),(33,787,0),(58,787,0),(62,787,0),(33,788,0),(58,788,0),(62,788,0),(33,789,0),(60,789,0),(33,790,0),(33,791,0),(40,791,0),(33,792,0),(33,793,0),(33,794,0),(33,795,0),(33,796,0),(33,797,0),(33,798,0),(33,799,0),(79,799,0),(33,800,0),(33,801,0),(33,802,0),(33,803,0),(33,804,0),(33,805,0),(33,806,0),(33,807,0),(33,808,0),(33,809,0),(83,809,0),(33,810,0),(35,810,0),(76,810,0),(92,810,0),(93,810,0),(33,811,0),(33,812,0),(33,813,0),(33,814,0),(33,815,0),(33,816,0),(58,816,0),(62,816,0),(33,817,0),(33,818,0),(33,819,0),(33,820,0),(33,821,0),(33,822,0),(33,823,0),(48,823,0),(50,823,0),(33,824,0),(33,825,0),(33,826,0),(33,827,0),(33,828,0),(35,828,0),(53,828,0),(58,828,0),(62,828,0),(63,828,0),(63,828,1),(64,828,0),(64,828,1),(65,828,0),(65,828,1),(66,828,0),(67,828,0),(69,828,0),(70,828,0),(71,828,0),(72,828,0),(77,828,0),(78,828,0),(91,828,0),(33,829,0),(33,830,0),(33,831,0),(33,832,0),(33,833,0),(33,834,0),(33,835,0),(33,836,0),(33,837,0),(69,837,0),(72,837,0),(74,837,0),(33,838,0),(33,839,0),(33,840,0),(33,841,0),(33,842,0),(33,843,0),(33,844,0),(33,845,0),(58,845,0),(62,845,0),(33,846,0),(33,847,0),(33,848,0),(33,849,0),(33,850,0),(33,851,0),(33,852,0),(52,852,0),(55,852,0),(58,852,0),(60,852,0),(62,852,0),(69,852,0),(72,852,0),(76,852,0),(33,853,0),(33,854,0),(33,855,0),(33,856,0),(89,856,0),(33,857,0),(33,858,0),(64,858,0),(65,858,0),(33,859,0),(33,860,0),(42,860,0),(58,860,0),(62,860,0),(35,861,0),(40,861,0),(35,862,0),(35,863,0),(35,864,0),(56,864,0),(60,864,0),(35,865,0),(35,866,0),(35,867,0),(48,867,0),(50,867,0),(35,868,0),(35,869,0),(58,869,0),(62,869,0),(35,870,0),(58,870,0),(62,870,0),(66,870,0),(70,870,0),(71,870,0),(35,871,0),(76,871,0),(35,873,0),(50,873,0),(35,874,0),(35,875,0),(35,876,0),(35,877,0),(35,878,0),(35,879,0),(35,880,0),(41,880,0),(35,881,0),(35,882,0),(35,883,0),(35,884,0),(52,884,0),(35,885,0),(35,886,0),(36,887,0),(36,888,0),(72,888,0),(73,888,0),(36,889,0),(40,889,0),(76,889,0),(36,890,0),(37,890,0),(64,890,0),(65,890,0),(76,890,0),(36,891,0),(36,892,0),(36,893,0),(37,893,0),(76,893,0),(36,894,0),(37,895,0),(37,896,0),(37,897,0),(37,898,0),(76,898,0),(37,899,0),(37,900,0),(50,900,0),(82,900,0),(83,900,0),(38,901,0),(39,902,0),(40,902,0),(39,903,0),(60,903,0),(39,904,0),(39,905,0),(39,906,0),(48,906,0),(50,906,0),(39,907,0),(78,907,0),(40,908,0),(40,909,0),(40,910,0),(58,910,0),(60,910,0),(62,910,0),(40,911,0),(48,911,0),(50,911,0),(40,912,0),(40,913,0),(40,914,0),(41,915,0),(67,915,0),(41,916,0),(41,916,1),(53,916,1),(54,916,1),(56,916,1),(60,916,0),(60,916,1),(41,917,0),(58,917,0),(60,917,0),(62,917,0),(74,917,0),(41,918,0),(41,919,0),(41,920,0),(41,921,0),(42,922,0),(42,923,0),(42,924,0),(61,924,0),(68,924,0),(43,925,0),(43,926,0),(43,927,0),(43,928,0),(89,928,0),(45,929,0),(47,929,0),(49,929,0),(58,929,0),(62,929,0),(46,930,0),(48,930,0),(50,930,0),(58,930,0),(62,930,0),(64,930,0),(65,930,0),(69,930,0),(72,930,0),(46,931,0),(46,931,1),(48,931,0),(48,931,1),(50,931,0),(50,931,1),(47,932,0),(49,932,0),(55,932,0),(47,933,0),(49,933,0),(58,933,0),(62,933,0),(47,934,0),(49,934,0),(47,935,0),(49,935,0),(48,936,0),(50,936,0),(48,937,0),(50,937,0),(64,937,0),(65,937,0),(70,937,0),(71,937,0),(48,938,0),(50,938,0),(58,938,0),(62,938,0),(63,938,0),(64,938,0),(65,938,0),(48,939,0),(50,939,0),(48,940,0),(50,940,0),(48,941,0),(50,941,0),(76,941,0),(77,941,0),(78,941,0),(48,942,0),(50,942,0),(48,943,0),(50,943,0),(48,944,0),(50,944,0),(48,945,0),(50,945,0),(92,945,0),(48,946,0),(50,946,0),(48,947,0),(50,947,0),(48,948,0),(50,948,0),(48,949,0),(50,949,0),(48,950,0),(50,950,0),(48,951,0),(50,951,0),(48,952,0),(50,952,0),(48,953,0),(50,953,0),(48,954,0),(50,954,0),(48,955,0),(50,955,0),(48,956,0),(50,956,0),(48,957,0),(50,957,0),(48,958,0),(50,958,0),(48,959,0),(50,959,0),(48,960,0),(50,960,0),(48,961,0),(50,961,0),(48,962,0),(50,962,0),(48,963,0),(50,963,0),(48,964,0),(50,964,0),(48,965,0),(50,965,0),(60,965,0),(48,966,0),(50,966,0),(48,967,0),(50,967,0),(52,967,0),(58,967,0),(62,967,0),(48,968,0),(50,968,0),(48,969,0),(50,969,0),(48,970,0),(50,970,0),(48,971,0),(50,971,0),(48,972,0),(50,972,0),(49,973,0),(49,974,0),(52,974,0),(49,975,0),(49,976,0),(61,976,0),(68,976,0),(50,977,0),(51,978,0),(52,979,0),(58,979,0),(62,979,0),(52,980,0),(52,981,0),(89,981,0),(90,981,0),(52,982,0),(77,982,0),(78,982,0),(53,983,0),(60,983,0),(53,984,0),(53,985,0),(53,986,0),(53,987,0),(54,988,0),(60,988,0),(54,989,0),(55,990,0),(55,990,1),(59,990,0),(59,990,1),(55,991,0),(55,991,1),(59,991,1),(55,992,0),(55,993,0),(56,994,0),(58,994,0),(62,994,0),(56,995,0),(56,996,0),(57,997,0),(58,997,0),(62,997,0),(57,998,0),(57,999,0),(57,1000,0),(58,1000,0),(60,1000,0),(62,1000,0),(76,1000,0),(57,1001,0),(58,1001,0),(62,1001,0),(58,1002,0),(62,1002,0),(58,1003,0),(62,1003,0),(58,1004,0),(62,1004,0),(84,1004,0),(85,1004,0),(58,1005,0),(62,1005,0),(82,1005,0),(83,1005,0),(58,1006,0),(62,1006,0),(58,1007,0),(62,1007,0),(58,1008,0),(62,1008,0),(58,1009,0),(62,1009,0),(58,1010,0),(62,1010,0),(58,1011,0),(62,1011,0),(58,1012,0),(62,1012,0),(58,1013,0),(62,1013,0),(58,1014,0),(62,1014,0),(58,1015,0),(62,1015,0),(58,1016,0),(62,1016,0),(58,1017,0),(62,1017,0),(58,1018,0),(62,1018,0),(58,1019,0),(62,1019,0),(58,1020,0),(62,1020,0),(58,1021,0),(60,1021,0),(62,1021,0),(58,1022,0),(62,1022,0),(58,1023,0),(62,1023,0),(58,1024,0),(62,1024,0),(58,1025,0),(62,1025,0),(58,1026,0),(62,1026,0),(58,1027,0),(62,1027,0),(58,1028,0),(62,1028,0),(58,1029,0),(62,1029,0),(58,1030,0),(62,1030,0),(58,1031,0),(62,1031,0),(82,1031,0),(83,1031,0),(58,1032,0),(62,1032,0),(58,1033,0),(62,1033,0),(58,1034,0),(62,1034,0),(58,1035,0),(62,1035,0),(58,1036,0),(62,1036,0),(58,1037,0),(62,1037,0),(89,1037,0),(58,1038,0),(62,1038,0),(58,1039,0),(62,1039,0),(58,1040,0),(62,1040,0),(58,1041,0),(62,1041,0),(58,1042,0),(62,1042,0),(58,1043,0),(62,1043,0),(58,1044,0),(62,1044,0),(58,1045,0),(62,1045,0),(58,1046,0),(60,1046,0),(62,1046,0),(58,1047,0),(62,1047,0),(58,1048,0),(62,1048,0),(76,1048,0),(92,1048,0),(58,1049,0),(62,1049,0),(58,1050,0),(62,1050,0),(58,1051,0),(62,1051,0),(58,1052,0),(62,1052,0),(70,1052,0),(71,1052,0),(91,1052,0),(94,1052,0),(58,1053,0),(62,1053,0),(58,1054,0),(62,1054,0),(58,1055,0),(62,1055,0),(58,1056,0),(62,1056,0),(58,1057,0),(62,1057,0),(58,1058,0),(62,1058,0),(58,1059,0),(62,1059,0),(58,1060,0),(62,1060,0),(58,1061,0),(62,1061,0),(58,1062,0),(62,1062,0),(58,1063,0),(62,1063,0),(58,1064,0),(62,1064,0),(58,1065,0),(62,1065,0),(58,1066,0),(62,1066,0),(58,1067,0),(62,1067,0),(58,1068,0),(62,1068,0),(58,1069,0),(62,1069,0),(58,1070,0),(62,1070,0),(58,1071,0),(62,1071,0),(91,1071,0),(58,1072,0),(62,1072,0),(58,1073,0),(62,1073,0),(58,1074,0),(62,1074,0),(58,1075,0),(62,1075,0),(58,1076,0),(62,1076,0),(58,1077,0),(62,1077,0),(58,1078,0),(62,1078,0),(58,1079,0),(62,1079,0),(58,1080,0),(62,1080,0),(58,1081,0),(62,1081,0),(58,1082,0),(62,1082,0),(78,1082,0),(58,1083,0),(62,1083,0),(58,1084,0),(62,1084,0),(58,1085,0),(62,1085,0),(58,1086,0),(62,1086,0),(58,1087,0),(62,1087,0),(58,1088,0),(62,1088,0),(58,1089,0),(60,1089,0),(62,1089,0),(58,1090,0),(62,1090,0),(58,1091,0),(62,1091,0),(58,1092,0),(62,1092,0),(58,1093,0),(62,1093,0),(58,1094,0),(62,1094,0),(58,1095,0),(62,1095,0),(58,1096,0),(62,1096,0),(58,1097,0),(62,1097,0),(67,1097,0),(79,1097,0),(80,1097,0),(81,1097,0),(82,1097,0),(83,1097,0),(89,1097,0),(58,1098,0),(62,1098,0),(59,1099,0),(59,1100,0),(59,1101,0),(59,1102,0),(59,1103,0),(60,1104,0),(60,1105,0),(60,1106,0),(60,1107,0),(60,1108,0),(67,1108,0),(76,1108,0),(90,1108,0),(60,1109,0),(60,1110,0),(60,1111,0),(63,1111,0),(60,1112,0),(60,1113,0),(60,1114,0),(60,1115,0),(74,1115,0),(60,1116,0),(60,1117,0),(60,1118,0),(60,1119,0),(60,1120,0),(60,1121,0),(60,1122,0),(60,1123,0),(60,1124,0),(60,1125,0),(60,1126,0),(60,1127,0),(60,1128,0),(60,1129,0),(80,1129,0),(81,1129,0),(60,1130,0),(60,1131,0),(60,1132,0),(60,1133,0),(60,1134,0),(60,1135,0),(60,1136,0),(60,1137,0),(61,1138,0),(68,1138,0),(94,1138,0),(61,1139,0),(68,1139,0),(61,1140,0),(68,1140,0),(61,1141,0),(68,1141,0),(61,1142,1),(64,1142,0),(65,1142,0),(68,1142,1),(94,1142,1),(62,1143,0),(63,1144,0),(64,1145,0),(65,1145,0),(64,1146,0),(65,1146,0),(64,1147,0),(65,1147,0),(64,1148,0),(65,1148,0),(64,1149,0),(65,1149,0),(65,1150,0),(67,1151,0),(67,1152,0),(69,1152,0),(72,1152,0),(74,1152,0),(67,1153,0),(67,1154,0),(69,1154,0),(72,1154,0),(74,1154,0),(67,1155,0),(67,1156,0),(80,1156,0),(81,1156,0),(67,1157,0),(67,1158,0),(67,1158,1),(69,1158,1),(72,1158,1),(73,1158,1),(74,1158,1),(67,1159,0),(67,1160,1),(69,1160,0),(69,1160,1),(72,1160,0),(72,1160,1),(73,1160,1),(74,1160,0),(74,1160,1),(69,1161,0),(72,1161,0),(69,1162,0),(72,1162,0),(69,1163,0),(72,1163,0),(69,1164,0),(72,1164,0),(69,1165,0),(72,1165,0),(69,1166,0),(72,1166,0),(74,1166,0),(69,1167,0),(72,1167,0),(69,1168,0),(72,1168,0),(69,1169,0),(72,1169,0),(69,1170,0),(72,1170,0),(69,1171,0),(72,1171,0),(69,1172,0),(72,1172,0),(92,1172,1),(93,1172,1),(69,1173,0),(72,1173,0),(69,1174,0),(72,1174,0),(69,1175,0),(72,1175,0),(69,1176,0),(72,1176,0),(69,1177,0),(72,1177,0),(89,1177,0),(69,1178,0),(72,1178,0),(70,1179,0),(71,1179,0),(70,1180,0),(71,1180,0),(70,1181,0),(71,1181,0),(70,1182,0),(71,1182,0),(76,1182,0),(70,1183,0),(71,1183,0),(70,1184,0),(71,1184,0),(70,1185,0),(71,1185,0),(70,1186,0),(71,1186,0),(70,1187,0),(71,1187,0),(70,1188,0),(71,1188,0),(70,1189,0),(71,1189,0),(71,1190,0),(72,1191,0),(72,1192,0),(73,1193,0),(73,1194,0),(76,1194,0),(73,1195,0),(74,1196,0),(74,1197,0),(74,1198,0),(74,1199,0),(74,1200,0),(76,1201,0),(76,1202,0),(76,1203,0),(76,1204,0),(76,1205,0),(76,1206,0),(80,1206,0),(81,1206,0),(82,1206,0),(83,1206,0),(76,1207,0),(76,1208,0),(77,1208,0),(78,1208,0),(89,1208,0),(76,1209,0),(76,1210,0),(76,1211,0),(76,1212,0),(76,1213,0),(91,1213,0),(92,1213,0),(93,1213,0),(76,1214,0),(76,1215,0),(89,1215,0),(76,1216,0),(78,1216,0),(90,1216,0),(76,1217,0),(89,1217,0),(90,1217,0),(76,1218,0),(90,1218,0),(76,1219,0),(76,1220,0),(76,1221,0),(76,1222,0),(76,1223,0),(76,1224,0),(76,1225,0),(77,1226,0),(78,1226,0),(77,1227,0),(78,1227,0),(77,1228,0),(78,1228,0),(77,1229,0),(78,1229,0),(91,1229,0),(77,1230,0),(78,1230,0),(77,1231,0),(78,1231,0),(77,1232,0),(78,1232,0),(89,1232,0),(77,1233,0),(78,1233,0),(78,1234,0),(78,1235,0),(78,1236,0),(90,1236,0),(78,1237,0),(78,1238,0),(78,1239,0),(78,1240,0),(78,1241,0),(78,1242,0),(78,1243,0),(79,1243,0),(79,1244,0),(79,1245,0),(80,1245,0),(81,1245,0),(79,1246,0),(80,1246,0),(81,1246,0),(82,1246,0),(83,1246,0),(84,1246,0),(85,1246,0),(92,1246,0),(79,1247,1),(80,1247,1),(81,1247,1),(82,1247,1),(83,1247,1),(84,1247,1),(85,1247,1),(86,1247,1),(87,1247,1),(88,1247,1),(80,1248,0),(81,1248,0),(80,1249,0),(81,1249,0),(92,1249,0),(80,1250,0),(81,1250,0),(80,1251,0),(81,1251,0),(82,1251,0),(83,1251,0),(80,1252,0),(81,1252,0),(80,1253,0),(81,1253,0),(82,1253,0),(83,1253,0),(80,1254,0),(81,1254,0),(80,1255,0),(81,1255,0),(80,1256,0),(81,1256,0),(80,1257,0),(81,1257,0),(80,1258,0),(81,1258,0),(80,1259,0),(81,1259,0),(80,1260,0),(81,1260,0),(80,1261,0),(81,1261,0),(80,1262,0),(81,1262,0),(81,1263,0),(85,1263,0),(87,1263,0),(91,1263,0),(81,1264,0),(81,1265,0),(81,1266,0),(81,1267,0),(82,1268,0),(83,1268,0),(82,1269,0),(83,1269,0),(82,1270,0),(83,1270,0),(82,1271,0),(83,1271,0),(82,1272,0),(83,1272,0),(82,1273,0),(83,1273,0),(82,1274,0),(83,1274,0),(82,1275,0),(83,1275,0),(84,1275,0),(85,1275,0),(88,1275,0),(82,1276,0),(83,1276,0),(88,1276,0),(82,1277,0),(83,1277,0),(82,1278,0),(83,1278,0),(82,1279,0),(83,1279,0),(82,1280,0),(83,1280,0),(82,1281,0),(83,1281,0),(82,1282,0),(83,1282,0),(82,1283,0),(83,1283,0),(82,1284,0),(83,1284,0),(82,1285,0),(83,1285,0),(83,1286,0),(84,1286,0),(85,1286,0),(84,1287,0),(85,1287,0),(84,1288,0),(85,1288,0),(84,1289,0),(85,1289,0),(84,1290,0),(85,1290,0),(89,1290,0),(84,1291,0),(85,1291,0),(84,1292,0),(85,1292,0),(84,1293,0),(85,1293,0),(84,1294,0),(85,1294,0),(84,1295,0),(85,1295,0),(84,1296,0),(85,1296,0),(84,1297,0),(85,1297,0),(84,1298,0),(85,1298,0),(87,1299,0),(87,1300,0),(88,1300,0),(87,1301,0),(87,1302,0),(88,1303,0),(88,1304,0),(88,1305,0),(88,1306,0),(88,1307,0),(89,1308,0),(89,1309,0),(89,1310,0),(89,1311,0),(89,1312,0),(89,1313,0),(89,1314,0),(89,1315,0),(89,1316,0),(89,1317,0),(89,1318,0),(89,1319,0),(89,1320,0),(89,1321,0),(89,1322,0),(89,1323,0),(89,1324,0),(89,1325,0),(89,1326,0),(89,1327,0),(89,1328,0),(89,1329,0),(90,1330,0),(90,1331,0),(90,1332,0),(91,1333,0),(91,1334,0),(92,1334,0),(91,1335,0),(91,1336,0),(91,1336,1),(91,1337,0),(91,1338,0),(91,1339,0),(91,1340,0),(91,1341,0),(92,1342,0),(93,1342,0),(92,1343,0),(93,1343,0),(92,1344,0),(93,1344,0),(92,1345,0),(92,1346,0),(92,1347,0),(93,1347,0),(93,1348,0),(93,1349,0),(93,1350,0),(93,1351,0),(93,1352,0),(93,1353,0),(93,1354,0),(93,1355,0);

--
-- Table structure for table `phpbb_sessions`
--

CREATE TABLE `phpbb_sessions` (
  `session_id` char(32) NOT NULL DEFAULT '',
  `session_user_id` mediumint(8) unsigned NOT NULL DEFAULT '0',
  `session_forum_id` mediumint(8) unsigned NOT NULL DEFAULT '0',
  `session_last_visit` int(11) unsigned NOT NULL DEFAULT '0',
  `session_start` int(11) unsigned NOT NULL DEFAULT '0',
  `session_time` int(11) unsigned NOT NULL DEFAULT '0',
  `session_ip` varchar(40) NOT NULL DEFAULT '',
  `session_browser` varchar(150) NOT NULL DEFAULT '',
  `session_forwarded_for` varchar(255) NOT NULL DEFAULT '',
  `session_page` varchar(255) NOT NULL DEFAULT '',
  `session_viewonline` tinyint(1) unsigned NOT NULL DEFAULT '1',
  `session_autologin` tinyint(1) unsigned NOT NULL DEFAULT '0',
  `session_admin` tinyint(1) unsigned NOT NULL DEFAULT '0',
  PRIMARY KEY (`session_id`),
  KEY `session_time` (`session_time`),
  KEY `session_user_id` (`session_user_id`),
  KEY `session_fid` (`session_forum_id`)
) ENGINE=MyISAM DEFAULT CHARSET=latin1;

--
-- Dumping data for table `phpbb_sessions`
--

INSERT INTO `phpbb_sessions` VALUES ('7ee711fdd6c1eb65ad3e501d4e9b6d0a',1,0,1390737421,1390737421,1390737421,'94.23.233.204','Mozilla/4.0 (compatible; MSIE 6.0; Windows NT 5.1; SV1)','','index.php',1,0,0),('0e49a66265bb96695fd86407cc72f789',1,0,1390741372,1390741372,1390741434,'195.234.136.80','Mozilla/5.0 (Windows NT 6.1; WOW64) AppleWebKit/535.7 (KHTML, like Gecko) Chrome/16.0.912.77 Safari/535.7','','ucp.php?mode=login',1,0,0),('a9145cd8cdd6b547ac1e1b8c451718ad',1,0,1391043757,1391043757,1391043757,'100.43.83.145','Mozilla/5.0 (compatible; YandexBot/3.0; +http://yandex.com/bots)','','index.php',1,0,0),('fde48ad8e263c1c02fc2007c9c913110',1,0,1391184125,1391184125,1391184126,'91.207.5.38','Mozilla/4.0 (compatible; MSIE 8.0; Windows NT 5.1; Trident/4.0; .NET CLR 2.0.50727; .NET CLR 3.0.4506.2152; .NET CLR 3.5.30729)','','ucp.php?mode=register',1,0,0),('3a1cfde496076d58794195dd6d9b8464',1,0,1391201479,1391201479,1391201479,'5.9.223.170','Mozilla/5.0 (compatible; SISTRIX Crawler; http://crawler.sistrix.net/)','','index.php',1,0,0),('9ca7c181cd442f760acfdcd1aa6d40d2',1,0,1377160822,1377160822,1377160822,'208.110.80.2','Java/1.6.0_45','','index.php?page=en_Home',1,0,0),('dd467919d0e9484feb0201e6634bb197',1,0,1377160822,1377160822,1377160822,'208.110.80.2','Java/1.6.0_45','','ucp.php?mode=register',1,0,0),('97f782242eb0e06d48f70687b739db4f',1,0,1377160822,1377160822,1377160822,'208.110.80.2','Mozilla/5.0 (Windows; U; Windows NT 5.1; nl; rv:1.8.1.13) Gecko/20080311 Firefox/2.0.0.13','','ucp.php?mode=register',1,0,0),('af150a1c51533ab095b5165cd1a79ebd',1,0,1377182272,1377182272,1377182272,'180.76.5.15','Mozilla/5.0 (compatible; Baiduspider/2.0; +http://www.baidu.com/search/spider.html)','','index.php',1,0,0),('9a45d2f5b7aa2d9839f793a8bcf5740c',1,0,1377202986,1377202986,1377202986,'217.195.202.4','Mozilla/5.0 (Windows NT 6.1) AppleWebKit/535.12 (KHTML, like Gecko) Maxthon/3.0 Chrome/18.0.966.0 Safari/535.12','','index.php',1,0,0),('94bf5b56634f5954499776c05c23b440',1,0,1377209555,1377209555,1377209616,'195.234.136.80','Mozilla/5.0 (Windows NT 6.1; WOW64) AppleWebKit/535.7 (KHTML, like Gecko) Chrome/16.0.912.77 Safari/535.7','','ucp.php?mode=register',1,0,0),('1f08b02cde5fe26de228c10710d4ea02',1,0,1377222811,1377222811,1377222811,'84.240.30.56','Mozilla/5.0 (Windows NT 5.1) AppleWebKit/537.11 (KHTML, like Gecko) Chrome/23.0.1271.64 Safari/537.11','','index.php',1,0,0),('74031d837fb498c11fadea90b3403521',1,0,1377355600,1377355600,1377355600,'180.76.5.15','Mozilla/5.0 (compatible; Baiduspider/2.0; +http://www.baidu.com/search/spider.html)','','ucp.php?mode=login',1,0,0),('30bbd156a14d718bdd9c06c13bcf64f3',1,0,1377357665,1377357665,1377357665,'2.94.36.136','Mozilla/4.0 (compatible; MSIE 7.0; AOL 8.0; Windows NT 5.1; .NET CLR 2.0.50727; .NET CLR 1.1.4322; .NET CLR 3.0.04506.30)','','index.php',1,0,0),('063f206fdcb9cc649b4b6d937c8cfad4',1,0,1377357666,1377357666,1377357666,'2.94.36.136','Mozilla/4.0 (compatible; MSIE 7.0; AOL 8.0; Windows NT 5.1; .NET CLR 2.0.50727; .NET CLR 1.1.4322; .NET CLR 3.0.04506.30)','','index.php',1,0,0),('4619d86175e87b2cc6d67f820e8ea527',1,0,1377357667,1377357667,1377357667,'2.94.36.136','Mozilla/4.0 (compatible; MSIE 7.0; AOL 8.0; Windows NT 5.1; .NET CLR 2.0.50727; .NET CLR 1.1.4322; .NET CLR 3.0.04506.30)','','ucp.php?mode=login',1,0,0),('c494ae17561a9d48d9c4903c1ee58a35',1,0,1377357669,1377357669,1377357669,'2.94.36.136','Mozilla/4.0 (compatible; MSIE 7.0; AOL 8.0; Windows NT 5.1; .NET CLR 2.0.50727; .NET CLR 1.1.4322; .NET CLR 3.0.04506.30)','','ucp.php?mode=register',1,0,0),('5229ae1e39faa5589676c83ce704fcde',1,0,1377879585,1377879585,1377879585,'109.111.9.133','Mozilla/4.0 (compatible; MSIE 7.0; Windows NT 6.0; GTB6; SLCC1; .NET CLR 2.0.50727; .NET CLR 3.0.04506)','','index.php',1,0,0),('e85cdaed2d3795a174c87611cf08c6ab',1,0,1377912741,1377912741,1377912756,'69.84.207.246','Mozilla/4.0 (compatible; MSIE 7.0;Windows NT 5.1;.NET CLR 1.1.4322;.NET CLR 2.0.50727;.NET CLR 3.0.04506.30) Lightspeedsystems','','ucp.php?mode=register',1,0,0),('1a39d1de765dd08e0d223c6690a3afc1',1,0,1377917093,1377917093,1377917093,'109.111.9.133','Mozilla/4.0 (compatible; MSIE 7.0; Windows NT 6.0; GTB6; SLCC1; .NET CLR 2.0.50727; .NET CLR 3.0.04506)','','index.php',1,0,0),('23babe3fd00ae7ab8dab32404441034b',1,0,1391685310,1391685310,1391685310,'87.244.137.148','Mozilla/5.0 (Windows NT 6.1; WOW64; rv:16.0) Gecko/20100101 Firefox/16.0','','index.php',1,0,0),('6220e28fa4e2943c9aff351fbb46d78c',1,0,1391685311,1391685311,1391685311,'87.244.137.148','Opera/9.80 (Windows NT 6.1; U; YB/3.5.1; ru) Presto/2.6.30 Version/10.63','','index.php',1,0,0),('39967b8932e95dbde3e251e0a3853f72',1,0,1391685312,1391685312,1391685312,'87.244.137.148','Opera/9.80 (Windows NT 6.1; U; Edition Yx; ru) Presto/2.10.289 Version/12.02','','index.php',1,0,0),('c885568ec72dc05ba9a7947937c4ef19',1,0,1391830785,1391830785,1391830785,'98.121.207.111','Mozilla/5.0 (Macintosh; Intel Mac OS X 10_6_8) AppleWebKit/534.54.16 (KHTML, like Gecko) Version/5.1.4 Safari/534.54.16','','index.php',1,0,0),('ba8440204db31b2e35305120647b9ec1',1,0,1391896889,1391896889,1391896889,'208.115.113.91','Mozilla/5.0 (compatible; Ezooms/1.0; help@moz.com)','','ucp.php?mode=login',1,0,0),('661895bc4e7b73251a5b8b2440ea61f2',1,0,1391921385,1391921385,1391921386,'176.241.139.158','Mozilla/5.0 (Windows NT 6.1) AppleWebKit/537.4 (KHTML, like Gecko) Chrome/22.0.1229.94 Safari/537.4','','ucp.php?mode=register',1,0,0),('f9618c39808e29dcd9c727797119a46c',1,0,1391932391,1391932391,1391932391,'208.115.111.75','Mozilla/5.0 (compatible; Ezooms/1.0; help@moz.com)','','index.php',1,0,0),('e178e7d737ade674f93d8524549f646b',1,0,1391949439,1391949439,1391949439,'100.43.83.145','Mozilla/5.0 (compatible; YandexBot/3.0; +http://yandex.com/bots)','','index.php',1,0,0),('f0bc6562309a684b690bc7606031f715',1,0,1391950747,1391950747,1391950747,'100.43.83.145','Mozilla/5.0 (compatible; YandexBot/3.0; +http://yandex.com/bots)','','ucp.php?mode=sendpassword',1,0,0),('6250df21a71b8270980fe1b01b5ae91b',1,0,1392019057,1392019057,1392019057,'85.17.73.171','Mozilla/5.0 (compatible; LinkpadBot/1.06; +http://www.linkpad.ru)','','index.php',1,0,0),('926ef4b8c558915eda82b484471698a3',1,0,1392072772,1392072772,1392072772,'100.43.83.145','Mozilla/5.0 (compatible; YandexBot/3.0; +http://yandex.com/bots)','','index.php',1,0,0),('5c7399b15708e32532ca199565e0bb76',1,0,1392072775,1392072775,1392072775,'100.43.83.145','Mozilla/5.0 (compatible; YandexBot/3.0; +http://yandex.com/bots)','','ucp.php?mode=sendpassword',1,0,0),('0d48ad6517fc48d4b0adc5bd2af15698',1,0,1392402349,1392402349,1392402349,'144.76.4.165','Mozilla/5.0 (compatible; SISTRIX Crawler; http://crawler.sistrix.net/)','','index.php',1,0,0),('742706ea3578fd86f29b2618f5a88349',1,0,1392449209,1392449209,1392449209,'217.69.133.242','Mozilla/5.0 (compatible; Linux x86_64; Mail.RU_Bot/2.0; +http://go.mail.ru/help/robots)','','index.php',1,0,0),('834939eb06c8226e52f15eb14a060287',1,0,1392490859,1392490859,1392490859,'94.23.233.204','Mozilla/4.0 (compatible; MSIE 6.0; Windows NT 5.1; SV1)','','index.php',1,0,0),('897e7b7899676a954eae7b10ea478bca',1,0,1390681920,1390681920,1390681920,'54.213.38.52','Mozilla/5.0 (compatible; URLAppendBot/1.0; +http://www.profound.net/urlappendbot.html)','','index.php',1,0,0),('1df5d94c18207b7fd350300cc1c5a3c4',1,0,1390694514,1390694514,1390694514,'54.213.40.14','Mozilla/5.0 (compatible; URLAppendBot/1.0; +http://www.profound.net/urlappendbot.html)','','index.php',1,0,0),('c98f01f59aa757a68b7f5354d1c3ab22',1,0,1390727893,1390727893,1390727893,'54.213.40.101','Mozilla/5.0 (compatible; URLAppendBot/1.0; +http://www.profound.net/urlappendbot.html)','','index.php',1,0,0),('2fc3b6d7642af73fa140604821ebd240',1,0,1390634732,1390634732,1390634732,'208.115.111.75','Mozilla/5.0 (compatible; Ezooms/1.0; help@moz.com)','','index.php',1,0,0),('129c57780c8084dc9232e4dcf6ad45a9',1,0,1390656377,1390656377,1390656377,'54.213.22.143','Mozilla/5.0 (compatible; URLAppendBot/1.0; +http://www.profound.net/urlappendbot.html)','','index.php',1,0,0),('bf2ae1fd42646534458ca405d4ad65e1',1,0,1392331520,1392331520,1392331560,'195.234.136.80','Mozilla/5.0 (Windows NT 6.1; WOW64) AppleWebKit/535.7 (KHTML, like Gecko) Chrome/16.0.912.77 Safari/535.7','','ucp.php?mode=register',1,0,0),('80860e0efb24218ba047ff2e29e9710d',1,0,1390547055,1390547055,1390547055,'54.213.38.69','Mozilla/5.0 (compatible; URLAppendBot/1.0; +http://www.profound.net/urlappendbot.html)','','index.php',1,0,0),('bdcee943b4be5f1ecb0b1e4725156fe9',1,0,1390154033,1390154033,1390154034,'91.207.5.38','Mozilla/5.0 (Windows NT 6.1; rv:17.0) Gecko/20100101 Firefox/17.0','','ucp.php?mode=register',1,0,0),('ba565f791c72203bd074d110ca61a1f5',1,0,1390258151,1390258151,1390258153,'5.1.14.79','Opera/9.80 (Windows NT 6.1; WOW64; MRA 8.0 (build 5880)) Presto/2.12.388 Version/12.11','','ucp.php?mode=register',1,0,0),('77d13f0d1ca52e2b9948fb5ae64b2613',52,0,1397886104,1395883862,1397886104,'68.180.225.101','Mozilla/5.0 (compatible; Yahoo! Slurp; http://help.yahoo.com/help/us/ysearch/slurp)','','index.php',1,0,0),('3caa4a20e83c3cf2d8a2a3bc7a1e05aa',1,0,1389821982,1389821982,1389821982,'92.54.105.17','Opera/9.80 (Windows NT 5.1; U; MRA 6.0 (build 5970); ru) Presto/2.7.62 Version/11.00','','index.php',1,0,0),('69c9c58a71fd438e46ecfa321431ec92',1,0,1389973635,1389973635,1389973635,'5.9.36.119','Mozilla/5.0 (compatible; SISTRIX Crawler; http://crawler.sistrix.net/)','','index.php',1,0,0),('4742ca8a6049882de7339d030c9d3ee5',9,0,1392490159,1392490159,1392490159,'178.255.215.90','Mozilla/5.0 (compatible; Exabot/3.0 (BiggerBetter); +http://www.exabot.com/go/robot)','','index.php',1,0,0),('6091af400e6d8c4682ede56636129cfa',1,0,1392369970,1392369970,1392369970,'100.43.83.145','Mozilla/5.0 (compatible; YandexImages/3.0; +http://yandex.com/bots)','','cron.php?cron_type=tidy_cache',1,0,0),('4553f97bc92b4bef687d554fd1ff113a',1,0,1392219217,1392219217,1392219217,'195.234.136.80','Mozilla/5.0 (X11; Ubuntu; Linux x86_64; rv:10.0.1) Gecko/20100101 Firefox/10.0.1','','index.php',1,0,0),('09fbccbda4c1327913a28623ce4a656a',1,0,1391803140,1391803140,1391803140,'100.43.83.145','Mozilla/5.0 (compatible; YandexBot/3.0; +http://yandex.com/bots)','','index.php',1,0,0),('496dbebc28d66f8348df075e0dd0df85',1,0,1391803143,1391803143,1391803143,'100.43.83.145','Mozilla/5.0 (compatible; YandexBot/3.0; +http://yandex.com/bots)','','ucp.php?mode=sendpassword',1,0,0),('2543f96e52b9fed3d40e6db996545e0d',1,0,1391612578,1391612578,1391612589,'85.185.45.22','Mozilla/4.0 (compatible; MSIE 6.0; Windows NT 5.0)','','ucp.php?mode=register',1,0,0),('6ad0e573f2e28daa7413e8a49fe7187c',1,0,1391566411,1391566411,1391566411,'100.43.83.145','Mozilla/5.0 (compatible; YandexBot/3.0; +http://yandex.com/bots)','','ucp.php?mode=register',1,0,0),('d90e6e502bab88337e7ce8415dadbbc8',1,0,1391512463,1391512463,1391512464,'176.241.139.158','Mozilla/4.0 (compatible; MSIE 6.0; Windows NT 5.1; SV1)','','ucp.php?mode=register',1,0,0),('77d1c07a62ba33d16aacc3ad26e82987',1,0,1391566272,1391566272,1391566272,'100.43.83.145','Mozilla/5.0 (compatible; YandexBot/3.0; +http://yandex.com/bots)','','ucp.php?mode=login',1,0,0),('19c4713dc465a290ead20df1956b23c9',1,0,1391501782,1391501782,1391501782,'220.181.108.146','Mozilla/5.0 (compatible; Baiduspider/2.0; +http://www.baidu.com/search/spider.html)','','index.php',1,0,0),('6b4b39fc18ea79f3c5eefc23048733d7',1,0,1391379777,1391379777,1391379934,'108.178.61.130','Mozilla/5.0 (compatible; BLEXBot/1.0; +http://webmeup-crawler.com/)','','index.php',1,0,0),('94fcda7f9bdea97d267cd51e3c969e14',1,0,1391436835,1391436835,1391436835,'100.43.83.145','Mozilla/5.0 (compatible; YandexBot/3.0; +http://yandex.com/bots)','','ucp.php?mode=register',1,0,0),('09fc4dfc6f14b71601c58796549a4969',1,0,1391379720,1391379720,1391379869,'108.178.61.130','Mozilla/5.0 (compatible; BLEXBot/1.0; +http://webmeup-crawler.com/)','','ucp.php?mode=sendpassword',1,0,0),('df5cae00fa31236733303422821d97df',59,0,1391201165,1391201165,1391201187,'66.57.253.158','Mozilla/5.0 (Macintosh; Intel Mac OS X 10_8_5) AppleWebKit/537.73.11 (KHTML, like Gecko) Version/6.1.1 Safari/537.73.11','','ucp.php?i=main&mode=subscribed',1,1,0),('31798d361d4fcce74c40f9d42c6742be',1,0,1390934903,1390934903,1390934904,'46.164.191.173','Opera/9.80 (Windows NT 6.0) Presto/2.12.388 Version/12.10','','ucp.php?mode=register',1,0,0),('ca97394f782966c85f243e6d0a972f88',1,0,1390619423,1390619423,1390619423,'54.213.22.145','Mozilla/5.0 (compatible; URLAppendBot/1.0; +http://www.profound.net/urlappendbot.html)','','index.php',1,0,0),('6bd3091d02f4f3020b576c00ca50ba2a',1,0,1393781012,1393781012,1393781012,'77.245.122.122','Opera/9.80 (Windows NT 5.1; U; ru) Presto/2.2.15 Version/10.10','','memberlist.php',1,0,0),('7682c5e64008747566ddfe7973b7b503',1,0,1390151751,1390151751,1390151752,'109.111.10.15','Mozilla/5.0 (Windows NT 6.2; WOW64) AppleWebKit/537.11 (KHTML, like Gecko) Chrome/23.0.1271.91 Safari/537.11','','ucp.php?mode=login',1,0,0),('9b755b7a83cd8ce5fc1a651edef22d75',1,0,1390127673,1390127673,1390127673,'54.213.38.196','Mozilla/5.0 (compatible; URLAppendBot/1.0; +http://www.profound.net/urlappendbot.html)','','index.php',1,0,0),('218e686312aacab8fdb8f48c7bf8570a',1,0,1390097629,1390097629,1390097630,'109.111.6.125','Mozilla/5.0 (Windows NT 5.2; WOW64; rv:16.0) Gecko/20100101 Firefox/16.0','','ucp.php?mode=login',1,0,0),('3928bbf7a3cfc073add99f02cc1f0f08',1,0,1390054035,1390054035,1390054035,'208.115.113.91','Mozilla/5.0 (compatible; Ezooms/1.0; help@moz.com)','','ucp.php?mode=login',1,0,0),('93e134cc1cc7d092e5077f0d224cae37',1,0,1389996118,1389996118,1389996118,'208.115.113.91','Mozilla/5.0 (compatible; Ezooms/1.0; help@moz.com)','','ucp.php?mode=register',1,0,0),('48cddb4b1e1470aa156d9f0336a1e234',1,0,1389810140,1389810140,1389810140,'195.234.136.80','Mozilla/5.0 (X11; Ubuntu; Linux x86_64; rv:10.0.1) Gecko/20100101 Firefox/10.0.1','','index.php',1,0,0),('04ebb96d3977c98d79a5623aaf3a413f',1,0,1389673637,1389673637,1389673637,'208.43.251.180','Mozilla/5.0 (compatible; SiteExplorer/1.0b; +http://siteexplorer.info/)','','index.php',1,0,0),('2804d98332b4c659848bc11b73735213',1,0,1389623280,1389623280,1389623280,'31.184.241.10','Mozilla/5.0 (Windows NT 6.1; WOW64) AppleWebKit/536.5 (KHTML, like Gecko) YaBrowser/1.1.1084.5409 Chrome/19.1.1084.5409 Safari/536.5','','index.php',1,0,0),('5877ecb501746f575a38e4ef6773844c',1,0,1389566649,1389566649,1389566649,'207.241.237.220','Mozilla/5.0 (compatible; archive.org_bot +http://www.archive.org/details/archive.org_bot)','','index.php',1,0,0),('5486b29b9d097d4f8c1cca1efdb6bf08',1,0,1389508263,1389508263,1389508264,'109.111.20.188','Mozilla/5.0 (Windows NT 5.1) AppleWebKit/536.11 (KHTML, like Gecko) Chrome/20.0.1132.57 Safari/536.11','','ucp.php?mode=register',1,0,0),('b86a665d12f041bf0ca79ffbf0aab44e',1,0,1389488563,1389488563,1389488874,'81.144.138.34','Wotbox/2.01 (+http://www.wotbox.com/bot/)','','index.php',1,0,0),('73f5440bad9ddb95c65a1dff5ebe10ff',1,0,1389330618,1389330618,1389330618,'91.200.13.100','Opera/9.80 (Windows NT 6.1; MRA 6.0 (build 5976)) Presto/2.12.388 Version/12.10','','index.php',1,0,0),('707c638ab5861088eea3c11f4f6e2270',1,0,1389305791,1389305791,1389305828,'195.234.136.80','Mozilla/5.0 (Windows NT 6.1; WOW64) AppleWebKit/535.7 (KHTML, like Gecko) Chrome/16.0.912.77 Safari/535.7','','ucp.php?mode=login',1,0,0),('6c1474b364d66f91ffe1e633c5f70a58',1,0,1389266894,1389266894,1389266894,'208.115.111.75','Mozilla/5.0 (compatible; Ezooms/1.0; help@moz.com)','','index.php',1,0,0),('58ca2e652bd5ff4ff3aeb29f7442d336',1,0,1389261685,1389261685,1389261686,'91.210.100.141','Mozilla/5.0 (Windows; U; Windows NT 6.1; ru; rv:1.9.2.28) Gecko/20120306 Firefox/3.6.28 sputnik 2.5.2.8','','ucp.php?mode=register',1,0,0),('40df3080f76f33acb2260a4c40ce9232',1,0,1389246329,1389246329,1389246329,'123.125.71.77','Mozilla/5.0 (compatible; Baiduspider/2.0; +http://www.baidu.com/search/spider.html)','','index.php',1,0,0),('133d228b00c0ecf7c89f9ec3f74f0a2d',1,0,1389224898,1389224898,1389224898,'208.43.255.29','Mozilla/5.0 (compatible; MSIE 9.0; Windows NT 6.1; WOW64; Trident/5.0; chromeframe/19.0.1084.52)','','ucp.php?mode=register',1,0,0),('80e5d96142eb3605c386fc2cb26bbc01',1,0,1389189618,1389189618,1389189618,'46.39.249.31','Mozilla/5.0 (Windows NT 6.2; WOW64) AppleWebKit/537.11 (KHTML, like Gecko) Chrome/23.0.1271.95 Safari/537.11','','index.php',1,0,0),('1409a1cf20167b28d0dccb9d0efa79ed',1,0,1389183130,1389183130,1389183130,'208.43.225.84','Mozilla/5.0 (compatible; SiteExplorer/1.0b; +http://siteexplorer.info/)','','index.php',1,0,0),('6a33522ab6e2e6dd136229056861cc64',1,0,1389060004,1389060004,1389060005,'91.246.5.75','Mozilla/5.0 (Windows NT 6.1; rv:10.0.2) Gecko/20100101 Firefox/10.0.2','','ucp.php?mode=register',1,0,0),('b177bd063be27edef09c1fa9d0e53e00',1,0,1388817261,1388817261,1388817262,'109.111.20.178','Opera/9.80 (Windows NT 5.1; U; ru) Presto/2.10.229 Version/11.64','','ucp.php?mode=register',1,0,0),('76c9567c11f1d4407078d6b2c9e9c60c',1,0,1388724654,1388724654,1388724654,'144.76.71.146','Mozilla/5.0 (compatible; SISTRIX Crawler; http://crawler.sistrix.net/)','','index.php',1,0,0),('f6def2cb3000aaf6af12c7fa8da3f310',1,0,1388680507,1388680507,1388680508,'109.111.3.233','Mozilla/5.0 (Windows NT 5.2; WOW64; rv:16.0) Gecko/20100101 Firefox/16.0','','ucp.php?mode=register',1,0,0),('cdfff93ad358d5eaba942ed37002d686',1,0,1388599094,1388599094,1388599094,'208.115.113.91','Mozilla/5.0 (compatible; Ezooms/1.0; help@moz.com)','','ucp.php?mode=login',1,0,0),('13c3d26b17e8bc8016e50f17f6abfa16',1,0,1388594777,1388594777,1388594777,'195.234.136.80','Mozilla/5.0 (X11; Ubuntu; Linux x86_64; rv:10.0.1) Gecko/20100101 Firefox/10.0.1','','index.php',1,0,0),('391478306009de79a5a2e22921bfbf6f',1,0,1388541452,1388541452,1388541452,'208.115.113.91','Mozilla/5.0 (compatible; Ezooms/1.0; help@moz.com)','','ucp.php?mode=register',1,0,0),('e0c0c072e6b3fccb78927bb1042d21b3',1,0,1388419415,1388419415,1388419418,'46.235.68.75','Mozilla/5.0 (Windows NT 5.1; rv:7.0) Gecko/20100101 Firefox/7.0','','ucp.php?mode=register',1,0,0),('92d8456a2474263f8dfa84301c4f206f',1,0,1388418169,1388418169,1388418169,'91.210.100.124','Mozilla/4.0 (compatible; MSIE 7.0; AOL 8.0; Windows NT 5.1; .NET CLR 2.0.50727; .NET CLR 1.1.4322; .NET CLR 3.0.04506.30)','','ucp.php?mode=register',1,0,0),('15ed2d519fc1b1744ac7a2b7b73c95ca',1,0,1388418167,1388418167,1388418167,'91.210.101.161','Mozilla/4.0 (compatible; MSIE 7.0; AOL 8.0; Windows NT 5.1; .NET CLR 2.0.50727; .NET CLR 1.1.4322; .NET CLR 3.0.04506.30)','','ucp.php?mode=login',1,0,0),('1a28b25214c3c45e20f3acb4140dffac',1,0,1388418013,1388418013,1388418013,'109.111.21.134','Mozilla/4.0 (compatible; MSIE 7.0; AOL 8.0; Windows NT 5.1; .NET CLR 2.0.50727; .NET CLR 1.1.4322; .NET CLR 3.0.04506.30)','','index.php',1,0,0),('81431814db068d90d60b91094581bab7',1,0,1388418012,1388418012,1388418012,'109.111.21.134','Mozilla/4.0 (compatible; MSIE 7.0; AOL 8.0; Windows NT 5.1; .NET CLR 2.0.50727; .NET CLR 1.1.4322; .NET CLR 3.0.04506.30)','','index.php',1,0,0),('33f9eae35ff213b8025856ece3a7082a',1,0,1388317289,1388317289,1388317289,'66.110.224.151','Mozilla/5.0 (Linux; Android 4.2.2; GT-N5110 Build/JDQ39) AppleWebKit/537.36 (KHTML, like Gecko) Chrome/31.0.1650.59 Safari/537.36','','index.php',1,0,0),('addebcd5b643b4a20121d14d561e032e',1,0,1388226480,1388226480,1388226480,'220.181.108.96','Mozilla/5.0 (compatible; Baiduspider/2.0; +http://www.baidu.com/search/spider.html)','','index.php',1,0,0),('b8147965cd1b72565597c874fd19994b',1,0,1388012918,1388012918,1388012918,'54.197.50.60','Mozilla/5.0 (X11; Linux x86_64) AppleWebKit/534.34 (KHTML, like Gecko) Qt/4.8.2','','index.php',1,0,0),('cb941e1cb710f41e8c3dfc2a1edcc859',1,0,1387770981,1387770981,1387770983,'119.165.206.3','Mozilla/5.0 (Windows NT 6.1; WOW64) AppleWebKit/537.4 (KHTML, like Gecko) Chrome/22.0.1229.94 Safari/537.4','','ucp.php?mode=register',1,0,0),('bea3cabab76234ca06f5612aa8d18377',1,0,1387768500,1387768500,1387768500,'54.196.94.96','Ruby','','index.php',1,0,0),('3df8dc8482ba93b088bcd10fff9445c6',1,0,1387754952,1387754952,1387754954,'94.103.230.229','Mozilla/5.0 (Windows NT 6.1; rv:16.0) Gecko/20100101 Firefox/16.0','','ucp.php?mode=register',1,0,0),('2edeb88aee2d6277e98937e0124da11b',1,0,1387677735,1387677735,1387677737,'178.92.153.3','Mozilla/5.0 (Windows NT 5.2; rv:16.0) Gecko/20100101 Firefox/16.0','','ucp.php?mode=register',1,0,0),('677048c472237d37c7f482731c7a8271',1,0,1387653856,1387653856,1387653856,'208.115.111.75','Mozilla/5.0 (compatible; Ezooms/1.0; help@moz.com)','','index.php',1,0,0),('73327cf5ac2bf36f2b440ff0f0023181',1,0,1387603127,1387603127,1387603127,'208.43.255.24','Mozilla/5.0 (compatible; MSIE 9.0; Windows NT 6.1; WOW64; Trident/5.0; chromeframe/19.0.1084.52)','','index.php',1,0,0),('39e345a959eeacf232a702b4ee4f0bc2',1,0,1387561847,1387561847,1387561847,'176.9.139.112','Mozilla/5.0 (compatible; SISTRIX Crawler; http://crawler.sistrix.net/)','','index.php',1,0,0),('e56a180e64822d2963316ddac603f079',1,0,1387490789,1387490789,1387490834,'195.234.136.80','Mozilla/5.0 (Windows NT 6.1; WOW64) AppleWebKit/535.7 (KHTML, like Gecko) Chrome/16.0.912.77 Safari/535.7','','ucp.php?mode=register',1,0,0),('9f52fe5fc5438ba24ed4b908c468a3d4',1,0,1387435005,1387435005,1387435005,'23.238.207.163','Mozilla/5.0 (Windows NT 5.1) AppleWebKit/535.19 (KHTML, like Gecko) Chrome/18.0.1025.1634 Safari/535.19 YI','','index.php',1,0,0),('4af52e5a565e7d6800fed6891ce3c1bf',1,0,1387373241,1387373241,1387373241,'195.234.136.80','Mozilla/5.0 (X11; Ubuntu; Linux x86_64; rv:10.0.1) Gecko/20100101 Firefox/10.0.1','','index.php',1,0,0),('3dc74c0850517753e28ec4cedf5a9508',1,0,1387371973,1387371973,1387371973,'91.210.101.120','Mozilla/4.0 (compatible; MSIE 7.0; AOL 8.0; Windows NT 5.1; .NET CLR 2.0.50727; .NET CLR 1.1.4322; .NET CLR 3.0.04506.30)','','ucp.php?mode=register',1,0,0),('a59c574c014fe83d25b358489fdcf804',1,0,1387371970,1387371970,1387371970,'91.210.102.45','Mozilla/4.0 (compatible; MSIE 7.0; AOL 8.0; Windows NT 5.1; .NET CLR 2.0.50727; .NET CLR 1.1.4322; .NET CLR 3.0.04506.30)','','ucp.php?mode=login',1,0,0),('8ca71513678b3cf07c422418f7af5b0a',1,0,1387371893,1387371893,1387371893,'109.111.12.2','Mozilla/4.0 (compatible; MSIE 7.0; AOL 8.0; Windows NT 5.1; .NET CLR 2.0.50727; .NET CLR 1.1.4322; .NET CLR 3.0.04506.30)','','index.php',1,0,0),('ac297d1f61aba5b61e83eb53a4101c9d',1,0,1387371892,1387371892,1387371892,'109.111.12.2','Mozilla/4.0 (compatible; MSIE 7.0; AOL 8.0; Windows NT 5.1; .NET CLR 2.0.50727; .NET CLR 1.1.4322; .NET CLR 3.0.04506.30)','','index.php',1,0,0),('fe9a9c1cb6114a4d35d80aec27b76bb2',1,0,1387365783,1387365783,1387365783,'117.219.96.26','Mozilla/5.0 (Windows NT 6.1; WOW64; rv:23.0) Gecko/20100101 Firefox/25.0','','index.php?-dsafe_mode%3dOff+-ddisable_functions%3dNULL+-dallow_url_fopen%3dOn+-dallow_url_include%3dOn+-dauto_prepend_file%3dhttp%3A%2F%2Fgeovoyagers.de%2Fecho.txt',1,0,0),('3240dfeeda83ea810c8dc89d9930c42f',1,0,1387365657,1387365657,1387365657,'93.144.108.146','Mozilla/5.0 (Windows NT 6.1; WOW64; rv:23.0) Gecko/20100101 Firefox/25.0','','index.php?-dsafe_mode%3dOff+-ddisable_functions%3dNULL+-dallow_url_fopen%3dOn+-dallow_url_include%3dOn+-dauto_prepend_file%3dhttp%3A%2F%2Fgeovoyagers.de%2Fecho.txt',1,0,0),('d7f4f2e81686ec1b84d9eea16bff26a3',1,0,1387267088,1387267088,1387267088,'204.12.251.37','Mozilla/4.0 (compatible; MSIE 6.0; Windows NT 5.1; en)','','index.php',1,0,0),('7bd9af6922e6c1fbbce0fea9fe65949c',1,0,1387071304,1387071304,1387071304,'208.115.113.91','Mozilla/5.0 (compatible; Ezooms/1.0; help@moz.com)','','ucp.php?mode=login',1,0,0),('2a90e649c4eadecc54382e2b52e93c86',1,0,1387014315,1387014315,1387014315,'208.115.113.91','Mozilla/5.0 (compatible; Ezooms/1.0; help@moz.com)','','ucp.php?mode=register',1,0,0),('dc6851db0eb3789086fa596979a5d9e2',1,0,1387004528,1387004528,1387004528,'89.169.32.187','Mozilla/5.0 (Windows NT 5.1) AppleWebKit/537.11 (KHTML, like Gecko) Chrome/23.0.1271.91 Safari/537.11','','index.php',1,0,0),('ffb1f5d9b9b5fd9eaf9e0c3083271b7e',1,0,1386937864,1386937864,1386937864,'23.238.207.163','Mozilla/4.0 (compatible; MSIE 6.0; Windows NT 5.2; SV1; .NET CLR 1.1.4322)','','index.php',1,0,0),('ff46f476f93afc0eff9ef7a875a2e3c8',1,0,1386914938,1386914938,1386914939,'91.207.7.45','Mozilla/5.0 (Windows NT 6.1; rv:10.0.2) Gecko/20100101 Firefox/10.0.2','','ucp.php?mode=register',1,0,0),('ef1d5a61221713541c142bce995ee62c',1,0,1386902886,1386902886,1386902886,'208.43.255.29','Mozilla/5.0 (compatible; MSIE 9.0; Windows NT 6.1; WOW64; Trident/5.0; chromeframe/19.0.1084.52)','','index.php',1,0,0),('c76757c9bac4ba8038fe17b1a4e18af0',1,0,1386662485,1386662485,1386662485,'221.10.40.234','Mozilla/5.0 (Windows NT 5.2; rv:17.0) Gecko/17.0 Firefox/17.0','','index.php',1,0,0),('c725a3e8d2701cbcfa0b9fa85ddde949',1,0,1386468062,1386468062,1386468135,'109.86.4.198','Opera/9.80 (Windows NT 5.1; MRA 6.0 (build 5831)) Presto/2.12.388 Version/12.10','','ucp.php?mode=register',1,0,0),('d41c14ac3b2999fd1319bd264589a081',1,0,1386443105,1386443105,1386443116,'69.84.207.246','Mozilla/4.0 (compatible; MSIE 7.0;Windows NT 5.1;.NET CLR 1.1.4322;.NET CLR 2.0.50727;.NET CLR 3.0.04506.30) Lightspeedsystems','','ucp.php?mode=register',1,0,0),('e8941244f9227c0a6400088426f8240f',1,0,1386438990,1386438990,1386439005,'69.84.207.246','Mozilla/4.0 (compatible; MSIE 7.0;Windows NT 5.1;.NET CLR 1.1.4322;.NET CLR 2.0.50727;.NET CLR 3.0.04506.30) Lightspeedsystems','','ucp.php?mode=register',1,0,0),('5d16628fb9e4fb78b1b9b44864896b9b',1,0,1386343688,1386343688,1386343688,'144.76.183.41','Mozilla/5.0 (compatible; SISTRIX Crawler; http://crawler.sistrix.net/)','','index.php',1,0,0),('96cfbc3a2d3a4f0a0303890a87d8f9a3',1,0,1386289779,1386289779,1386289779,'192.187.114.179','Mozilla/5.0 (Windows NT 5.1; rv:11.0) Gecko/20100101 Firefox/11.0','','index.php',1,0,0),('9644113d3515b477f48893e5acaaf962',1,0,1386214051,1386214051,1386214051,'208.115.111.75','Mozilla/5.0 (compatible; Ezooms/1.0; ezooms.bot@gmail.com)','','index.php',1,0,0),('0e47621a1da71c7dbd275556c56a93f4',1,0,1386281179,1386281179,1386281251,'195.234.136.80','Mozilla/5.0 (Windows NT 6.1; WOW64) AppleWebKit/535.7 (KHTML, like Gecko) Chrome/16.0.912.77 Safari/535.7','','ucp.php?mode=login',1,0,0),('3af6f23d9c2e886b0d8193d51089208e',1,0,1386195133,1386195133,1386195133,'220.181.108.110','Mozilla/5.0 (compatible; Baiduspider/2.0; +http://www.baidu.com/search/spider.html)','','index.php',1,0,0),('a473779116259b5321bd5e21e3802503',1,0,1386160366,1386160366,1386160366,'195.234.136.80','Mozilla/5.0 (X11; Ubuntu; Linux x86_64; rv:10.0.1) Gecko/20100101 Firefox/10.0.1','','index.php',1,0,0),('f978c8f0d5c1eb94ad96df5107fd8a7d',1,0,1386098919,1386098919,1386098920,'94.178.255.185','Mozilla/5.0 (Windows NT 5.1) AppleWebKit/537.11 (KHTML, like Gecko) Chrome/23.0.1271.64 Safari/537.11','','ucp.php?mode=register',1,0,0),('034d97aca7d0a1a5ae82b86b1fa267e3',1,0,1386073834,1386073834,1386073834,'86.123.242.192','Java/1.7.0_25','','index.php',1,0,0),('54cdcbb885df76753e305c756b947f87',1,0,1386065288,1386065288,1386065288,'89.169.32.187','Opera/9.80 (Windows NT 6.1; MRA 6.0 (build 5976)) Presto/2.12.388 Version/12.10','','index.php',1,0,0),('5bb6db9ff6edb119492284ab1911bf86',1,0,1385885857,1385885857,1385885857,'193.105.210.68','Opera/9.80 (Windows NT 6.1) Presto/2.12.388 Version/12.11','','index.php',1,0,0),('4c5d347d05f4e79ab36474ff536d2068',1,0,1385869716,1385869716,1385869716,'162.243.19.119','Mozilla/5.0 (compatible; spbot/4.0.3; +http://www.seoprofiler.com/bot )','','ucp.php?mode=sendpassword',1,0,0),('f445fae3d2154c56fc40939128a4d873',1,0,1385869685,1385869685,1385869685,'162.243.19.119','Mozilla/5.0 (compatible; spbot/4.0.3; +http://www.seoprofiler.com/bot )','','ucp.php?mode=register',1,0,0),('08f5d0e4128ebb4f898895f43c352992',1,0,1385869635,1385869635,1385869635,'162.243.19.119','Mozilla/5.0 (compatible; spbot/4.0.3; +http://www.seoprofiler.com/bot )','','index.php',1,0,0),('6c6ba5c10b7944adb8d1c903a16ee479',1,0,1385869630,1385869630,1385869630,'162.243.19.119','Mozilla/5.0 (compatible; spbot/4.0.3; +http://www.seoprofiler.com/bot )','','ucp.php?mode=login',1,0,0),('08eac6d0f992fcd402b0eea6e36f9727',1,0,1385869550,1385869550,1385869550,'162.243.19.119','Mozilla/5.0 (compatible; spbot/4.0.3; +http://www.seoprofiler.com/bot )','','index.php',1,0,0),('1d279e6c3c2d375fc4b79e51afcb7961',1,0,1385819453,1385819453,1385819453,'68.57.184.90','Mozilla/5.0 (iPad; CPU OS 7_0 like Mac OS X) AppleWebKit/537.51.1 (KHTML, like Gecko) Version/7.0 Mobile/11A465 Safari/9537.53','','index.php',1,0,0),('914f2aeb00911715ac6729d1b4e79cb6',1,0,1385760181,1385760181,1385760181,'208.115.113.91','Mozilla/5.0 (compatible; Ezooms/1.0; ezooms.bot@gmail.com)','','ucp.php?mode=login',1,0,0),('dfda9d2300a759b04c5036e6dd18c8dc',1,0,1385753093,1385753093,1385753093,'100.43.83.145','Mozilla/5.0 (compatible; YandexImages/3.0; +http://yandex.com/bots)','','cron.php?cron_type=tidy_cache',1,0,0),('4d73a9ad364decd48496d4401bbaedd3',1,0,1385703782,1385703782,1385703782,'94.23.233.204','Mozilla/4.0 (compatible; MSIE 6.0; Windows NT 5.1; SV1)','','index.php',1,0,0),('e2c63596b78b0b8623df37f4de8ad4de',1,0,1385703177,1385703177,1385703177,'208.115.113.91','Mozilla/5.0 (compatible; Ezooms/1.0; ezooms.bot@gmail.com)','','ucp.php?mode=register',1,0,0),('19286a52d918c9cf5c29c3a121743576',1,0,1385533175,1385533175,1385533175,'175.44.58.148','Mozilla/5.0 (Windows NT 6.1) AppleWebKit/535.19 (KHTML, like Gecko) Chrome/18.0.1025.1634 Safari/535.19 YI','','index.php',1,0,0),('f9ac44bda6ca97acc3beb06ea0dcc994',1,0,1385374231,1385374231,1385374234,'82.209.219.149','Opera/9.80 (Windows NT 6.1; MRA 6.0 (build 5970)) Presto/2.12.388 Version/12.10','','ucp.php?mode=register',1,0,0),('29b3ba55abdc76ef1d3394ba8895b9cc',1,0,1385360490,1385360490,1385360490,'192.187.114.179','Opera/9.80 (Windows NT 6.1; MRA 6.0 (build 5970)) Presto/2.12.388 Version/12.11','','index.php',1,0,0),('912bc5c7592685e197c46167b451243c',1,0,1385360335,1385360335,1385360335,'192.187.114.179','Mozilla/4.0 (compatible; MSIE 8.0; Windows NT 5.1; Trident/4.0; GTB7.4; MRA 6.0 (build 6005); User-agent: Mozilla/4.0 (compatible; MSIE 6.0; Windows','','index.php',1,0,0),('31508958f5e50f1277f65085175f2a06',1,0,1385360335,1385360335,1385360335,'192.187.114.179','Mozilla/5.0 (Windows NT 6.1; WOW64) AppleWebKit/537.11 (KHTML, like Gecko) Chrome/23.0.1271.64 Safari/537.11','','index.php',1,0,0),('bdd10966abc1861e9f53fb25ebce36f3',1,0,1385286216,1385286216,1385286216,'36.248.170.89','Opera/9.80 (Windows NT 5.1; U; MRA 8.0 (build 5784); ru) Presto/2.10.289 Version/12.02','','index.php',1,0,0),('1075184e6a22fd1a401dbe17e77bef19',1,0,1385340627,1385340627,1385340628,'178.137.18.32','Mozilla/5.0 (Windows; U; Windows NT 5.1; ru; rv:1.9.0.19) Gecko/2010031422 Firefox/3.0.19 YB/3.5.1 (.NET CLR 3.5.30729)','','ucp.php?mode=register',1,0,0),('90fc8b7931a1ce50774497bf26092c1a',1,0,1385266254,1385266254,1385266254,'162.243.85.71','Mozilla/5.0 (compatible; spbot/4.0.2; +http://www.seoprofiler.com/bot )','','ucp.php?mode=sendpassword',1,0,0),('da8920f3d4fc0c1c0343d245cc4ac8b3',1,0,1385266210,1385266210,1385266210,'162.243.85.71','Mozilla/5.0 (compatible; spbot/4.0.2; +http://www.seoprofiler.com/bot )','','ucp.php?mode=register',1,0,0),('010fb9f5ae62d3a365698f0a13d16783',1,0,1385266164,1385266164,1385266164,'162.243.85.71','Mozilla/5.0 (compatible; spbot/4.0.2; +http://www.seoprofiler.com/bot )','','index.php',1,0,0),('d27b9d7e47387db57ccf7257877f10af',1,0,1385266159,1385266159,1385266159,'162.243.85.71','Mozilla/5.0 (compatible; spbot/4.0.2; +http://www.seoprofiler.com/bot )','','ucp.php?mode=login',1,0,0),('4647de4ace278124b6d57d74bbe67789',1,0,1385266085,1385266085,1385266085,'162.243.85.71','Mozilla/5.0 (compatible; spbot/4.0.2; +http://www.seoprofiler.com/bot )','','index.php',1,0,0),('f8d5817c34a670931c7c7fbe26a44469',1,0,1385266064,1385266064,1385266064,'31.128.87.234','Mozilla/5.0 (Windows NT 6.1; Win64; x64; rv:11.0) Gecko/20120313 Firefox/11.0','','index.php',1,0,0),('e7b8450f3a7ad76e69913ffced164bbd',1,0,1385254533,1385254533,1385254533,'175.44.31.120','Mozilla/5.0 (Windows NT 5.1; rv:13.0) Gecko/20100101 Firefox/13.0','','index.php',1,0,0),('529ef86b48ebf8fa3c58f0d1fe6252cc',1,0,1385189168,1385189168,1385189168,'180.76.5.59','Mozilla/5.0 (compatible; Baiduspider/2.0; +http://www.baidu.com/search/spider.html)','','index.php',1,0,0),('773d16694d179c2eb88b0a2f8424eb26',1,0,1385189167,1385189167,1385189167,'180.76.5.196','Mozilla/5.0 (compatible; Baiduspider/2.0; +http://www.baidu.com/search/spider.html)','','index.php',1,0,0),('9021dbb12fea2444688e87e3504d708f',1,0,1385159073,1385159073,1385159075,'46.63.39.160','Mozilla/5.0 (Windows NT 5.1; rv:17.0) Gecko/17.0 Firefox/17.0','','ucp.php?mode=register',1,0,0),('50f100c4ff8652ce8361ef8fbdbda86f',1,0,1385149182,1385149182,1385149182,'5.9.112.68','Mozilla/5.0 (compatible; SISTRIX Crawler; http://crawler.sistrix.net/)','','index.php',1,0,0),('b5ad0c91e66b47d1d83c5a14e66af624',1,0,1385141332,1385141332,1385141332,'87.244.154.36','Mozilla/4.0 (compatible; MSIE 8.0; Windows NT 5.1; Trident/4.0; .NET CLR 1.1.4322; .NET CLR 2.0.50727; .NET CLR 3.0.4506.2152; .NET CLR 3.5.30729)','','index.php',1,0,0),('59bba23e573264983d3e630a2b4c13c4',1,0,1385141331,1385141331,1385141331,'87.244.154.36','Mozilla/5.0 (Windows NT 6.1; rv:12.0) Gecko/20100101 Firefox/12.0','','index.php',1,0,0),('d3017d9013599eeca6af1a89f7233832',1,0,1385141330,1385141330,1385141330,'87.244.154.36','Mozilla/5.0 (Windows NT 5.1) AppleWebKit/536.11 (KHTML, like Gecko) Chrome/20.0.1132.57 Safari/536.11','','index.php',1,0,0),('1966b3ee933ce3694e127089a11fea86',1,0,1385077256,1385077256,1385077256,'178.172.231.157','Mozilla/5.0 (Windows NT 5.1) AppleWebKit/537.19 (KHTML, like Gecko) Chrome/25.0.1323.1 Safari/537.19','','index.php',1,0,0),('7b8ea1877a74338cf4f93eb174df3527',1,0,1385020510,1385020510,1385020510,'112.111.191.160','Opera/9.80 (Windows NT 6.1; WOW64; Edition Yx) Presto/2.12.388 Version/12.10','','index.php',1,0,0),('eb037523eb052f14b9a0af97893f519d',1,0,1384931081,1384931081,1384931081,'195.234.136.80','Mozilla/5.0 (X11; Ubuntu; Linux x86_64; rv:10.0.1) Gecko/20100101 Firefox/10.0.1','','index.php',1,0,0),('f0e946ca373e9cd88f3d4fb8c62ed0c8',1,0,1384918067,1384918067,1384918067,'208.115.111.75','Mozilla/5.0 (compatible; Ezooms/1.0; ezooms.bot@gmail.com)','','index.php',1,0,0),('af63d1d19b0d5e3ea24019a8bc3a1c8c',1,0,1384907506,1384907506,1384907506,'220.181.108.79','Mozilla/5.0 (compatible; Baiduspider/2.0; +http://www.baidu.com/search/spider.html)','','index.php',1,0,0),('0bfc460746b7645d959e8da039086330',1,0,1384904549,1384904549,1384904549,'175.44.30.209','Mozilla/5.0 (Windows NT 5.1; rv:15.0) Gecko/20100101 Firefox/15.0','','index.php',1,0,0),('db5806af4310cb3213b58f97e6905ccb',1,0,1384783678,1384783678,1384783678,'175.44.0.111','Mozilla/5.0 (Windows NT 6.1; rv:13.0) Gecko/20100101 Firefox/13.0.1','','index.php',1,0,0),('9db97d53fd16436e9ddddcc225c04a64',1,0,1384783677,1384783677,1384783677,'175.44.0.111','Opera/9.80 (Windows NT 5.1; U; YB/3.5.1; ru) Presto/2.10.229 Version/11.64','','index.php',1,0,0),('0f87ff9594bf20ddd00f4a3d1f93fa0a',1,0,1384777329,1384777329,1384777329,'36.248.169.220','Opera/9.80 (Windows NT 6.1; WOW64; MRA 6.0 (build 5976)) Presto/2.12.388 Version/12.11','','index.php',1,0,0),('5e689455c63dba529d1578dc0b338bb3',1,0,1384766530,1384766530,1384766530,'175.44.58.72','Mozilla/5.0 (X11; Ubuntu; Linux x86_64; rv:16.0) Gecko/20100101 Firefox/16.0','','index.php',1,0,0),('58feed146cc78810c62a1504b1d81ab2',1,0,1384752129,1384752129,1384752129,'192.187.114.179','Mozilla/5.0 (Windows NT 6.1) AppleWebKit/537.4 (KHTML, like Gecko) Chrome/22.0.1229.79 Safari/537.4 u01-09','','index.php',1,0,0),('dc3e588fb0d1c337a27b3e62a4fef3ff',1,0,1384752129,1384752129,1384752129,'192.187.114.179','Mozilla/5.0 (Windows NT 5.1; rv:17.0) Gecko/20100101 Firefox/17.0','','index.php',1,0,0),('0d639b90bd8ba1a9165cccd52cc8181c',1,0,1384687148,1384687148,1384687148,'180.76.5.157','Mozilla/5.0 (compatible; Baiduspider/2.0; +http://www.baidu.com/search/spider.html)','','ucp.php?mode=login',1,0,0),('180c9af5e4d5086513f7c5329ec69182',1,0,1384622308,1384622308,1384622308,'80.80.204.50','Mozilla/4.0 (compatible; MSIE 7.0; AOL 8.0; Windows NT 5.1; .NET CLR 2.0.50727; .NET CLR 1.1.4322; .NET CLR 3.0.04506.30)','','ucp.php?mode=register',1,0,0),('a137b128e24abc082e19e3ac56f991bb',1,0,1384622306,1384622306,1384622306,'80.80.204.50','Mozilla/4.0 (compatible; MSIE 7.0; AOL 8.0; Windows NT 5.1; .NET CLR 2.0.50727; .NET CLR 1.1.4322; .NET CLR 3.0.04506.30)','','ucp.php?mode=login',1,0,0),('89845d96a757248598f67aa8fb02efc7',1,0,1384622305,1384622305,1384622305,'80.80.204.50','Mozilla/4.0 (compatible; MSIE 7.0; AOL 8.0; Windows NT 5.1; .NET CLR 2.0.50727; .NET CLR 1.1.4322; .NET CLR 3.0.04506.30)','','index.php',1,0,0),('7fa02f0b3971492f2b194b91631b4881',1,0,1384622304,1384622304,1384622304,'80.80.204.50','Mozilla/4.0 (compatible; MSIE 7.0; AOL 8.0; Windows NT 5.1; .NET CLR 2.0.50727; .NET CLR 1.1.4322; .NET CLR 3.0.04506.30)','','index.php',1,0,0),('89523533068c162d4526c60fba306746',1,0,1384580188,1384580188,1384580188,'109.86.4.198','Mozilla/4.0 (compatible; MSIE 6.0; Windows NT 5.1)','','index.php',1,0,0),('2c7876abde6130f62a508861ec8b45f5',1,0,1384565840,1384565840,1384565840,'192.187.114.178','Mozilla/4.0 (compatible; MSIE 8.0; Windows NT 5.1; Trident/4.0; .NET CLR 1.1.4322; .NET CLR 2.0.50727; .NET CLR 3.0.4506.2152; .NET CLR 3.5.30729)','','index.php',1,0,0),('d19be61782f0eec6aac3bf999eda12e9',1,0,1384544812,1384544812,1384544812,'96.240.57.129','Mozilla/5.0 (Macintosh; Intel Mac OS X 10_9) AppleWebKit/537.71 (KHTML, like Gecko) Version/7.0 Safari/537.71','','index.php',1,0,0),('665511d5255cb1731a9a08f83904d55c',1,0,1384518692,1384518692,1384518693,'90.157.48.55','Mozilla/4.0 (compatible; MSIE 6.0; Windows NT 5.1; MRA 4.3 (build 01218); .NET CLR 1.1.4322)','','ucp.php?mode=register',1,0,0),('3c65acb6491c085d754ce461adb692e4',1,0,1384479576,1384479576,1384479576,'188.128.96.114','Mozilla/4.0 (compatible; MSIE 6.0; Windows NT 5.0)','','index.php',1,0,0),('a15ef881bb4ca8d016c5c7cbf2040eaf',1,0,1384479573,1384479573,1384479573,'188.128.96.114','Mozilla/4.0 (compatible; MSIE 6.0; Windows NT 5.0)','','index.php',1,0,0),('2c8d14c528a91cb76d9f18e3c42c48f3',1,0,1384479571,1384479571,1384479571,'188.128.96.114','Mozilla/4.0 (compatible; MSIE 6.0; Windows NT 5.0)','','index.php',1,0,0),('dbcc250ab81b6b8d3f2fe0f9f52ec687',1,0,1384479568,1384479568,1384479568,'188.128.96.114','Mozilla/4.0 (compatible; MSIE 6.0; Windows NT 5.0)','','index.php',1,0,0),('0eb1daff2a5e0d112d847f86dae1009a',1,0,1384470068,1384470068,1384470068,'162.243.81.123','Mozilla/5.0 (compatible; spbot/4.0.1; +http://www.seoprofiler.com/bot )','','ucp.php?mode=sendpassword',1,0,0),('c40e0d8fb8adebafdaadb95f893b77a9',1,0,1384470034,1384470034,1384470034,'162.243.81.123','Mozilla/5.0 (compatible; spbot/4.0.1; +http://www.seoprofiler.com/bot )','','ucp.php?mode=register',1,0,0),('19c61f4d0291b335ca09c21b84598e60',1,0,1384469984,1384469984,1384469984,'162.243.81.123','Mozilla/5.0 (compatible; spbot/4.0.1; +http://www.seoprofiler.com/bot )','','index.php',1,0,0),('4b89aa8788f53cf69d92e7810159670e',1,0,1384469980,1384469980,1384469980,'162.243.81.123','Mozilla/5.0 (compatible; spbot/4.0.1; +http://www.seoprofiler.com/bot )','','ucp.php?mode=login',1,0,0),('b844f0c9f4f98a4c2cecc99383365310',1,0,1384469899,1384469899,1384469899,'162.243.81.123','Mozilla/5.0 (compatible; spbot/4.0.1; +http://www.seoprofiler.com/bot )','','index.php',1,0,0),('72767c3fc5e24e766116ef096a1b2c8f',1,0,1384466956,1384466956,1384467017,'195.234.136.80','Mozilla/5.0 (Windows NT 6.1; WOW64) AppleWebKit/535.7 (KHTML, like Gecko) Chrome/16.0.912.77 Safari/535.7','','ucp.php?mode=register',1,0,0),('e7722cdfdb2f57471256aaf27f5d5886',1,0,1384451156,1384451156,1384451156,'208.115.113.91','Mozilla/5.0 (compatible; Ezooms/1.0; ezooms.bot@gmail.com)','','ucp.php?mode=login',1,0,0),('7b8753a3ebdd225595460a5ffb39b153',1,0,1384423194,1384423194,1384423194,'85.17.73.171','Mozilla/5.0 (compatible; SolomonoBot/1.05; +http://www.solomono.ru)','','index.php',1,0,0),('b0f386a532c56e559b5a0367fba075b9',1,0,1384393340,1384393340,1384393340,'208.115.113.91','Mozilla/5.0 (compatible; Ezooms/1.0; ezooms.bot@gmail.com)','','ucp.php?mode=register',1,0,0),('cb24e98d9f195b6878da977679034896',1,0,1384322677,1384322677,1384322677,'112.111.190.159','Opera/9.80 (Windows NT 6.1; WOW64; U; ru) Presto/2.10.289 Version/12.01','','index.php',1,0,0),('d5c946ec46902d03bb99e02ab9388fe1',1,0,1384153049,1384153049,1384153049,'185.24.218.3','Mozilla/5.0 (Windows NT 6.1) AppleWebKit/537.11 (KHTML, like Gecko) Chrome/23.0.1271.91 Safari/537.11','','index.php',1,0,0),('4080ddf3daf8ffa7bd09a7506736cfbc',1,0,1384103213,1384103213,1384103213,'220.181.108.172','Mozilla/5.0 (compatible; Baiduspider/2.0; +http://www.baidu.com/search/spider.html)','','index.php',1,0,0),('6caf36b2eacfd143d9a9fd773d9162ab',1,0,1384074572,1384074572,1384074572,'89.169.187.22','Opera/9.80 (Windows NT 5.1; Edition Yx) Presto/2.12.388 Version/12.10','','index.php',1,0,0),('2d9176564aa16cdb5f8a3834696f297d',1,0,1384071079,1384071079,1384071079,'80.80.206.222','Mozilla/4.0 (compatible; MSIE 7.0; AOL 8.0; Windows NT 5.1; .NET CLR 2.0.50727; .NET CLR 1.1.4322; .NET CLR 3.0.04506.30)','','ucp.php?mode=register',1,0,0),('60e9d9a335b20db71e0400dc5a7cd9ab',1,0,1384071074,1384071074,1384071074,'80.80.206.222','Mozilla/4.0 (compatible; MSIE 7.0; AOL 8.0; Windows NT 5.1; .NET CLR 2.0.50727; .NET CLR 1.1.4322; .NET CLR 3.0.04506.30)','','ucp.php?mode=login',1,0,0),('6ccec66cfd7bde58149ede3ad957396b',1,0,1384071073,1384071073,1384071073,'80.80.206.222','Mozilla/4.0 (compatible; MSIE 7.0; AOL 8.0; Windows NT 5.1; .NET CLR 2.0.50727; .NET CLR 1.1.4322; .NET CLR 3.0.04506.30)','','index.php',1,0,0),('dd0117378f5baecf9a5f22b1b4fc5eec',1,0,1384071071,1384071071,1384071071,'80.80.206.222','Mozilla/4.0 (compatible; MSIE 7.0; AOL 8.0; Windows NT 5.1; .NET CLR 2.0.50727; .NET CLR 1.1.4322; .NET CLR 3.0.04506.30)','','index.php',1,0,0),('2d56355e63e778815ef0575499b3e015',1,0,1384043798,1384043798,1384043798,'175.44.31.239','Mozilla/5.0 (Windows NT 6.1) AppleWebKit/535.1 (KHTML, like Gecko) Chrome/14.0.835.163 Safari/535.1','','index.php',1,0,0),('e40ec7d5ffb3070bfabf486e13c64141',1,0,1383944045,1383944045,1383944045,'192.187.114.178','Mozilla/5.0 (Windows NT 5.2; rv:16.0) Gecko/20100101 Firefox/16.0','','index.php',1,0,0),('12902cdb362f4439ee7dc49af5bae7d0',1,0,1394546932,1394546932,1394546932,'24.167.180.113','Mozilla/5.0 (Macintosh; Intel Mac OS X 10_8_2) AppleWebKit/536.26.14 (KHTML, like Gecko) Version/6.0.1 Safari/536.26.14','','index.php',1,0,0),('f0e6ea8a179f472b9a260d7ec21ada51',1,0,1383924254,1383924254,1383924254,'176.9.148.197','Mozilla/5.0 (compatible; SISTRIX Crawler; http://crawler.sistrix.net/)','','index.php',1,0,0),('69453a94a8c56dce7288563813f19f13',1,0,1383871812,1383871812,1383871812,'27.150.223.31','Mozilla/5.0 (Windows NT 6.1; WOW64) AppleWebKit/537.4 (KHTML, like Gecko) Chrome/22.0.1229.92 Safari/537.4','','index.php',1,0,0),('6ece737547e82358b0fa63105b34f622',1,0,1383853769,1383853769,1383853769,'213.186.98.176','Mozilla/4.0 (compatible; MSIE 6.0; Windows NT 5.1)','','index.php',1,0,0),('a984f2907415a1f38c3e213966535050',1,0,1383833970,1383833970,1383833970,'213.186.98.176','Mozilla/4.0 (compatible; MSIE 6.0; Windows NT 5.1)','','index.php',1,0,0),('0960f297acee62c66767c7e79e97cc96',1,0,1383749556,1383749556,1383749557,'90.157.48.55','Mozilla/0.91 Beta (Windows)','','ucp.php?mode=register',1,0,0),('6c83c33816408d7be5de69bfc7d04ba8',1,0,1383723700,1383723700,1383723700,'195.234.136.80','Mozilla/5.0 (X11; Ubuntu; Linux x86_64; rv:10.0.1) Gecko/20100101 Firefox/10.0.1','','index.php',1,0,0),('bb2b636e38201c770a253670bfa514f9',1,0,1383714625,1383714625,1383714625,'208.43.225.85','Mozilla/5.0 (compatible; SiteExplorer/1.0b; +http://siteexplorer.info/)','','index.php',1,0,0),('de886851932c4a5970364ab050704648',1,0,1383674503,1383674503,1383674503,'27.159.239.161','Mozilla/5.0 (Windows; U; Windows NT 5.1; en-US) AppleWebKit/534.16 (KHTML, like Gecko) Chrome/10.0.648.204 Safari/534.16','','index.php',1,0,0),('f2ee79f62cf33eea6f5b27a78d034306',1,0,1383632009,1383632009,1383632009,'217.69.133.247','Mozilla/5.0 (compatible; Linux x86_64; Mail.RU_Bot/2.0; +http://go.mail.ru/help/robots)','','index.php',1,0,0),('b522bc55c758bb4ddaf202eda18648f1',1,0,1383621809,1383621809,1383621809,'208.115.111.75','Mozilla/5.0 (compatible; Ezooms/1.0; ezooms.bot@gmail.com)','','index.php',1,0,0),('59b6135fd6a92a26ab01dd8a039ff04d',59,0,1383614182,1383614182,1383614183,'66.57.253.158','Mozilla/5.0 (Macintosh; Intel Mac OS X 10_8_5) AppleWebKit/537.71 (KHTML, like Gecko) Version/6.1 Safari/537.71','','index.php',1,1,0),('26171bb8b7da536fe2ec50bcf14c9fa2',1,0,1383635554,1383635554,1383635554,'74.95.0.186','nrsbot/6','','ucp.php?mode=login',1,0,0),('f8fd5cdf4d362da073c3582dae57db91',1,0,1383469801,1383469801,1383469801,'175.44.28.233','Mozilla/5.0 (Windows; U; Windows NT 5.1; ru; rv:1.9.0.19) Gecko/2010031422 Firefox/3.0.19 YB/3.5.1 (.NET CLR 3.5.30729)','','index.php',1,0,0),('b565c2feaacbb4a30c594aada2d36a4a',1,0,1383461419,1383461419,1383461419,'27.150.222.222','Opera/9.80 (Windows NT 6.1) Presto/2.12.388 Version/12.10','','index.php',1,0,0),('b60b1a9c116787b93a20550dc6d164e5',1,0,1383446288,1383446288,1383446288,'198.204.237.66','Mozilla/5.0 (Windows NT 6.1; WOW64) AppleWebKit/537.4 (KHTML, like Gecko) Chrome/22.0.1229.96 Safari/537.4','','index.php',1,0,0),('01bef4e0fd9fcebec7bfc6a53d444990',1,0,1383410541,1383410541,1383410568,'188.168.92.203','Mozilla/5.0 (Windows NT 6.1; rv:9.0.1) Gecko/20100101 Firefox/9.0.1','','ucp.php?mode=register',1,0,0),('6edfb56947453da6ba80e09ab9520b8f',1,0,1383331817,1383331817,1383331817,'5.9.178.82','Mozilla/4.0 (compatible; MSIE 7.0; AOL 8.0; Windows NT 5.1; .NET CLR 2.0.50727; .NET CLR 1.1.4322; .NET CLR 3.0.04506.30)','','ucp.php?mode=register',1,0,0),('42f0065b18cf65bdd795747cd9683858',1,0,1383331816,1383331816,1383331816,'5.9.178.82','Mozilla/4.0 (compatible; MSIE 7.0; AOL 8.0; Windows NT 5.1; .NET CLR 2.0.50727; .NET CLR 1.1.4322; .NET CLR 3.0.04506.30)','','ucp.php?mode=login',1,0,0),('c17d55280e9b74d48f783185de63c569',1,0,1383331815,1383331815,1383331815,'5.9.178.82','Mozilla/4.0 (compatible; MSIE 7.0; AOL 8.0; Windows NT 5.1; .NET CLR 2.0.50727; .NET CLR 1.1.4322; .NET CLR 3.0.04506.30)','','index.php',1,0,0),('935d80e6acc7f577a5d80d1a4317d444',1,0,1383331814,1383331814,1383331814,'5.9.178.82','Mozilla/4.0 (compatible; MSIE 7.0; AOL 8.0; Windows NT 5.1; .NET CLR 2.0.50727; .NET CLR 1.1.4322; .NET CLR 3.0.04506.30)','','index.php',1,0,0),('80fb696d472b5b24d31baa832d8b5144',1,0,1383232269,1383232269,1383232269,'198.199.120.250','Mozilla/5.0 (compatible; spbot/4.0; +http://www.seoprofiler.com/bot )','','ucp.php?mode=sendpassword',1,0,0),('e76f6d454a9d8716917128170e2c8adb',1,0,1383232230,1383232230,1383232230,'198.199.120.250','Mozilla/5.0 (compatible; spbot/4.0; +http://www.seoprofiler.com/bot )','','ucp.php?mode=register',1,0,0),('259340b67bf862849a0b17eacbcf1c95',1,0,1383232179,1383232179,1383232179,'198.199.120.250','Mozilla/5.0 (compatible; spbot/4.0; +http://www.seoprofiler.com/bot )','','index.php',1,0,0),('3fda353b96e55f50e9e690e8440ee51c',1,0,1383232174,1383232174,1383232174,'198.199.120.250','Mozilla/5.0 (compatible; spbot/4.0; +http://www.seoprofiler.com/bot )','','ucp.php?mode=login',1,0,0),('47f3c0a79ecba3b42d49424a56a3f1a4',1,0,1383232099,1383232099,1383232099,'198.199.120.250','Mozilla/5.0 (compatible; spbot/4.0; +http://www.seoprofiler.com/bot )','','index.php',1,0,0),('7c601904edf27efd51175e9de9620050',1,0,1383226747,1383226747,1383226747,'121.205.198.16','Mozilla/5.0 (Windows NT 5.2; rv:12.0) Gecko/20100101 Firefox/12.0','','index.php',1,0,0),('340fb142f7c55b5669e2b98bb48dbcd7',1,0,1383198842,1383198842,1383198842,'46.236.128.155','Mozilla/5.0 (Windows NT 5.1; U; en) Opera 8.01','','index.php',1,0,0),('072ffbf2b063cd7592b677b7e4c902f0',1,0,1383140800,1383140800,1383140800,'208.115.113.91','Mozilla/5.0 (compatible; Ezooms/1.0; ezooms.bot@gmail.com)','','ucp.php?mode=login',1,0,0),('86e9a06e2e34f85b120bcaef07eda8d5',1,0,1383103454,1383103454,1383103454,'5.9.178.82','Mozilla/4.0 (compatible; MSIE 7.0; Windows NT 6.0; GTB6; SLCC1; .NET CLR 2.0.50727; .NET CLR 3.0.04506)','','index.php',1,0,0),('808c05d7700e703b51e616081615965b',1,0,1383103453,1383103453,1383103453,'5.9.178.82','Mozilla/4.0 (compatible; MSIE 7.0; Windows NT 6.0; GTB6; SLCC1; .NET CLR 2.0.50727; .NET CLR 3.0.04506)','','index.php',1,0,0),('215003ee527666935091d1388417c52d',1,0,1383103453,1383103453,1383103453,'5.9.178.82','Mozilla/4.0 (compatible; MSIE 7.0; Windows NT 6.0; GTB6; SLCC1; .NET CLR 2.0.50727; .NET CLR 3.0.04506)','','index.php',1,0,0),('6b76b9a473862e2f5ca25e42c95e2157',1,0,1383103425,1383103425,1383103425,'5.9.178.82','Mozilla/4.0 (compatible; MSIE 7.0; Windows NT 6.0; GTB6; SLCC1; .NET CLR 2.0.50727; .NET CLR 3.0.04506)','','index.php',1,0,0),('c4430b86efcad93d2b201fbea28382ac',1,0,1383103424,1383103424,1383103424,'5.9.178.82','Mozilla/4.0 (compatible; MSIE 7.0; Windows NT 6.0; GTB6; SLCC1; .NET CLR 2.0.50727; .NET CLR 3.0.04506)','','index.php',1,0,0),('34b5a691769d82cba725a4e7ce71f428',1,0,1383082473,1383082473,1383082473,'208.115.113.91','Mozilla/5.0 (compatible; Ezooms/1.0; ezooms.bot@gmail.com)','','ucp.php?mode=register',1,0,0),('0051ba849a4ff72b6c1ce8c287a7edc1',1,0,1384766518,1384766518,1384766518,'36.250.177.113','Mozilla/5.0 (Windows NT 5.1; rv:16.0) Gecko/20121026 Firefox/16.0 SeaMonkey/2.13.2','','index.php',1,0,0),('b8b7d19f6ff46fb7b971a5dd29349342',1,0,1382761361,1382761361,1382761361,'23.244.1.66','Opera/9.80 (Windows NT 6.1; MRA 6.0 (build 5970)) Presto/2.12.388 Version/12.11','','index.php',1,0,0),('541d982b4c21f36f1ac44b3f28d7643a',1,0,1382652747,1382652747,1382652796,'195.234.136.80','Mozilla/5.0 (Windows NT 6.1; WOW64) AppleWebKit/535.7 (KHTML, like Gecko) Chrome/16.0.912.77 Safari/535.7','','ucp.php?mode=register',1,0,0),('a60d857fe30a0bcd9a56c667369d7186',1,0,1382549422,1382549422,1382549424,'91.200.14.96','Opera/9.80 (Windows NT 6.1; WOW64; U; ru) Presto/2.10.289 Version/12.02','','ucp.php?mode=register',1,0,0),('d95844c0737bd88e5b88383f20d7cfc4',1,0,1382530091,1382530091,1382530091,'5.9.112.67','Mozilla/5.0 (compatible; SISTRIX Crawler; http://crawler.sistrix.net/)','','index.php',1,0,0),('2f153889c4b7ac847ca74ad7970393d7',1,0,1382507422,1382507422,1382507422,'109.185.145.239','Opera/9.80 (Windows NT 6.1; MRA 6.0 (build 5970)) Presto/2.12.388 Version/12.11','','index.php',1,0,0),('fa3d8001f936dbda09ca45f6e682b3f9',1,0,1382500705,1382500705,1382500706,'90.157.48.55','Mozilla/3.0 (compatible; WebCapture 2.0; Auto; Windows)','','ucp.php?mode=register',1,0,0),('2760e5173998318e14f1c6bb2cb8ce0e',1,0,1382493399,1382493399,1382493399,'195.234.136.80','Mozilla/5.0 (X11; Ubuntu; Linux x86_64; rv:10.0.1) Gecko/20100101 Firefox/10.0.1','','index.php',1,0,0),('b414b214333e979ab017a31a49ec7cd5',1,0,1382475757,1382475757,1382475757,'46.119.122.184','Mozilla/5.0 (Macintosh; Intel Mac OS X 10_6_8) AppleWebKit/534.57.2 (KHTML, like Gecko) Version/5.1.7 Safari/534.57.2','','index.php',1,0,0),('7055806c082d1716f4f1e780568752be',1,0,1382460706,1382460706,1382460707,'188.138.115.94','Mozilla/5.0 (Windows NT 6.1; rv:9.0.1) Gecko/20100101 Firefox/9.0.1','','ucp.php?mode=register',1,0,0),('132f4c5f2ccd38505008ba48b7dd7405',1,0,1382421860,1382421860,1382421860,'46.119.117.175','Mozilla/5.0 (Windows NT 6.1; rv:17.0) Gecko/17.0 Firefox/17.0','','index.php',1,0,0),('ff140e235f45821ce9adf95e8fe8e1c0',1,0,1382407992,1382407992,1382407992,'37.140.141.23','Mozilla/5.0 (compatible; YandexImages/3.0; +http://yandex.com/bots)','','cron.php?cron_type=tidy_warnings',1,0,0),('c6ad27c8099b440a71c1246e236d96fb',1,0,1382404178,1382404178,1382404178,'37.140.141.23','Mozilla/5.0 (compatible; YandexImages/3.0; +http://yandex.com/bots)','','cron.php?cron_type=tidy_cache',1,0,0),('16c1149c2ca425e264fdf04929479d0d',1,0,1382326053,1382326053,1382326053,'208.115.111.75','Mozilla/5.0 (compatible; Ezooms/1.0; ezooms.bot@gmail.com)','','index.php',1,0,0),('066689b63a3d9c76e79ae6f3916c815a',1,0,1382314292,1382314292,1382314292,'100.43.83.145','Mozilla/5.0 (compatible; YandexImages/3.0; +http://yandex.com/bots)','','cron.php?cron_type=tidy_cache',1,0,0),('38872d79d611c1124a38c8efa311ca8f',1,0,1382309714,1382309714,1382309714,'100.43.83.145','Mozilla/5.0 (compatible; YandexImages/3.0; +http://yandex.com/bots)','','cron.php?cron_type=tidy_warnings',1,0,0),('e8844408545335d668aa6f2485e15aa1',1,0,1382279663,1382279663,1382279664,'91.200.14.96','Mozilla/5.0 (Windows NT 6.2; WOW64; rv:17.0) Gecko/17.0 Firefox/17.0','','ucp.php?mode=register',1,0,0),('66625ce27224eb7f940e69c3fdb14d35',1,0,1382266525,1382266525,1382266525,'220.181.108.83','Mozilla/5.0 (compatible; Baiduspider/2.0; +http://www.baidu.com/search/spider.html)','','index.php',1,0,0),('1a7ad2867f63366ffbb54a4d878087c4',1,0,1382052140,1382052140,1382052140,'208.115.111.75','Mozilla/5.0 (compatible; Ezooms/1.0; ezooms.bot@gmail.com)','','index.php',1,0,0),('5437c1a3f9b067970add05b4a8742b9f',1,0,1382049868,1382049868,1382049868,'92.82.239.245','Java/1.6.0_04','','index.php',1,0,0),('09a2d31111b8be66e3a38342f0518dec',1,0,1382004115,1382004115,1382004115,'100.43.83.145','Mozilla/5.0 (compatible; YandexImages/3.0; +http://yandex.com/bots)','','cron.php?cron_type=tidy_cache',1,0,0),('b2bc3ab1b371a279d846cfa48ebeacdf',1,0,1381950934,1381950934,1381950934,'100.43.83.145','Mozilla/5.0 (compatible; YandexImages/3.0; +http://yandex.com/bots)','','cron.php?cron_type=tidy_warnings',1,0,0),('8601b331a550c99ff75103ab5d2d2241',1,0,1381882675,1381882675,1381882675,'36.248.168.87','Opera/9.80 (Windows NT 6.1; WOW64) Presto/2.12.388 Version/12.11','','index.php',1,0,0),('f5460bc13299383ffe7e4b4897bf2aec',1,0,1381717069,1381717069,1381717070,'46.119.122.184','Opera/9.80 (Windows NT 6.1; WOW64; MRA 6.0 (build 5976)) Presto/2.12.388 Version/12.11','','ucp.php?mode=register',1,0,0),('1b77bb6d03a92cc2c567e6c408e5c0c0',1,0,1381716081,1381716081,1381716081,'208.115.113.91','Mozilla/5.0 (compatible; Ezooms/1.0; ezooms.bot@gmail.com)','','ucp.php?mode=login',1,0,0),('c85fedf09007bea181d4559a6007d9bb',1,0,1381686452,1381686452,1381686452,'185.24.218.3','Mozilla/5.0 (Windows NT 6.1; rv:10.0) Gecko/20100101 Firefox/10.0','','index.php',1,0,0),('146b9409809a5254942bbc612af33a4d',1,0,1381658332,1381658332,1381658332,'208.115.113.91','Mozilla/5.0 (compatible; Ezooms/1.0; ezooms.bot@gmail.com)','','ucp.php?mode=register',1,0,0),('6dbf03c6bdf7cb92c99529286e6b3b18',1,0,1381566144,1381566144,1381566144,'100.43.83.145','Mozilla/5.0 (compatible; YandexImages/3.0; +http://yandex.com/bots)','','cron.php?cron_type=tidy_cache',1,0,0),('aa84b1a174c48b587de2a0dd2e1278f5',1,0,1381584077,1381584077,1381584077,'100.43.83.145','Mozilla/5.0 (compatible; YandexImages/3.0; +http://yandex.com/bots)','','cron.php?cron_type=tidy_warnings',1,0,0),('8361ea3a6f5d8a9fb91ce3d4d2d73eb3',1,0,1381550248,1381550248,1381550249,'91.200.14.96','Opera/9.80 (Windows NT 6.1; U; ru) Presto/2.10.289 Version/12.02','','ucp.php?mode=register',1,0,0),('445458d9c8554901cddf2ebd64c8a9ce',1,0,1381514702,1381514702,1381514996,'81.144.138.34','Wotbox/2.01 (+http://www.wotbox.com/bot/)','','index.php',1,0,0),('f37d4829225467b0f6953fd1c8b4681b',1,0,1381529090,1381529090,1381529090,'112.111.190.171','Opera/9.80 (Windows NT 6.1; MRA 6.0 (build 5976)) Presto/2.12.388 Version/12.10','','index.php',1,0,0),('5598fd7da3b02f656f27238f0b14d17a',1,0,1381470455,1381470455,1381470455,'173.252.196.63','Mozilla/5.0 (Windows; U; Windows NT 5.1; en-US; rv:1.9.0.6pre) Gecko/2008121605 Firefox/3.0.6pre','','ucp.php?mode=login',1,0,0),('e21979040fbfc0955679ac464c88754e',1,0,1381470455,1381470455,1381470455,'68.68.106.25','Mozilla/6.0 (Windows; U; Windows NT 7.0; en-US; rv:1.9.0.8) Gecko/2009032609 Firefox/3.0.9 (.NET CLR 3.5.30729)','','index.php',1,0,0),('fe770efe695ce6c2c35f5a51d146339f',1,0,1381466220,1381466220,1381466220,'198.27.80.33','Mozilla/4.0 (compatible; MSIE 6.0; Windows NT 5.1; SV1)','','index.php',1,0,0),('91b3d79e0e0624b0df812cb63a74f4db',1,0,1381442887,1381442887,1381442940,'195.234.136.80','Mozilla/5.0 (Windows NT 6.1; WOW64) AppleWebKit/535.7 (KHTML, like Gecko) Chrome/16.0.912.77 Safari/535.7','','ucp.php?mode=login',1,0,0),('c273ef71aabeab1d481663ffb99a3f22',1,0,1381470455,1381470455,1381470455,'199.195.129.163','Mozilla/5.0 (X11; U; Linux x86_64; en-GB; rv:1.9.0.8) Gecko/2009032712 Ubuntu/8.10 (intrepid) Firefox/3.0.8 FirePHP/0.2.4','','ucp.php?mode=register',1,0,0),('54ed7a7e8a71fa8517b7edf17c1ad73c',1,0,1381409565,1381409565,1381409565,'36.248.168.224','Mozilla/5.0 (Windows NT 6.2) AppleWebKit/537.11 (KHTML, like Gecko) Chrome/23.0.1271.64 Safari/537.11','','index.php',1,0,0),('0fff759e20699f8783550d978efae91a',1,0,1381351955,1381351955,1381351955,'176.9.148.197','Mozilla/5.0 (compatible; SISTRIX Crawler; http://crawler.sistrix.net/)','','index.php',1,0,0),('276c02f1c39208b1caba40cfd67cd775',1,0,1381341307,1381341307,1381341307,'72.27.58.246','Mozilla/5.0 (Windows NT 6.1; WOW64) AppleWebKit/537.36 (KHTML, like Gecko) Chrome/30.0.1599.69 Safari/537.36','','index.php',1,0,0),('079a840b70e9abf81ac0ccb7afa96144',1,0,1381333274,1381333274,1381333275,'91.200.14.96','Opera/9.80 (Windows NT 6.1) Presto/2.12.388 Version/12.10','','ucp.php?mode=register',1,0,0),('4d559fc01fe06cbd05e6d81de5a84369',1,0,1381326645,1381326645,1381326646,'95.172.115.177','Opera/9.80 (Windows NT 6.1; WOW64; MRA 6.0 (build 5976)) Presto/2.12.388 Version/12.11','','ucp.php?mode=register',1,0,0),('c03ccd0f3e34eda7320cb55698af7452',1,0,1381295362,1381295362,1381295362,'195.234.136.80','Mozilla/5.0 (X11; Ubuntu; Linux x86_64; rv:10.0.1) Gecko/20100101 Firefox/10.0.1','','index.php',1,0,0),('4ccd62118b68d4139aef0ed58363a7ce',1,0,1381277122,1381277122,1381277122,'94.27.67.96','Mozilla/4.0 (compatible; MSIE 6.0; Windows NT 5.1)','','index.php',1,0,0),('5cb6ff1756311b50113af2eb7171cdbf',1,0,1381260601,1381260601,1381260601,'100.43.83.145','Mozilla/5.0 (compatible; YandexImages/3.0; +http://yandex.com/bots)','','cron.php?cron_type=tidy_warnings',1,0,0),('8238134e527c8e9d6be09bd11304bdf7',1,0,1381249001,1381249001,1381249001,'94.27.67.96','Mozilla/4.0 (compatible; MSIE 6.0; Windows NT 5.1)','','index.php',1,0,0),('d051ed9e02f92308810c6c3c68cd0bbd',1,0,1381245560,1381245560,1381245560,'100.43.83.145','Mozilla/5.0 (compatible; YandexImages/3.0; +http://yandex.com/bots)','','cron.php?cron_type=tidy_cache',1,0,0),('7bbba54ac602ab798b408c577a614e9f',1,0,1381169825,1381169825,1381169825,'144.76.167.214','Mozilla/5.0 (compatible; SISTRIX Crawler; http://crawler.sistrix.net/)','','index.php',1,0,0),('a6761c51821fc79fc0916d6b4797d564',1,0,1381136339,1381136339,1381136339,'100.43.83.145','Mozilla/5.0 (compatible; YandexImages/3.0; +http://yandex.com/bots)','','cron.php?cron_type=tidy_cache',1,0,0),('481844a9a721a09adca0a1f63139ebfc',1,0,1381131464,1381131464,1381131464,'100.43.83.145','Mozilla/5.0 (compatible; YandexImages/3.0; +http://yandex.com/bots)','','cron.php?cron_type=tidy_warnings',1,0,0),('d1e428c2d90b515526c7bb4f54cbaf21',1,0,1381030001,1381030001,1381030001,'208.115.111.75','Mozilla/5.0 (compatible; Ezooms/1.0; ezooms.bot@gmail.com)','','index.php',1,0,0),('55e40023980bcab19356efdd3c3cf685',1,0,1381125455,1381125455,1381125455,'208.177.76.18','Mozilla/5.0 (Windows NT 5.2; rv:16.0) Gecko/20100101 Firefox/16.0','','ucp.php?mode=register',1,0,0),('cd315703e3bffb4374b9dd28ad5bc842',1,0,1381024326,1381024326,1381024328,'46.118.62.192','Mozilla/4.0 (compatible; MSIE 6.0; Windows NT 5.1; en) Opera 9.0','','ucp.php?mode=register',1,0,0),('77ce17386ef6a0999ac5c7343146e2fb',1,0,1381023434,1381023434,1381023434,'100.43.83.145','Mozilla/5.0 (compatible; YandexImages/3.0; +http://yandex.com/bots)','','cron.php?cron_type=tidy_warnings',1,0,0),('2d4996bcea8fa99f80fac12c09fdd76c',1,0,1385126728,1385126728,1385126728,'87.244.154.36','Mozilla/5.0 (Windows NT 6.1; WOW64) AppleWebKit/537.4 (KHTML, like Gecko) Chrome/22.0.1229.92 Safari/537.4','','index.php',1,0,0),('80cc9083d993805beb2b892eb58124ea',1,0,1381017700,1381017700,1381017700,'100.43.83.145','Mozilla/5.0 (compatible; YandexImages/3.0; +http://yandex.com/bots)','','cron.php?cron_type=tidy_cache',1,0,0),('839c03ad9b9ef37f68765cfd34931f0f',1,0,1380931785,1380931785,1380931785,'36.248.168.178','Mozilla/4.0 (compatible; MSIE 8.0; Windows NT 5.1; Trident/4.0)','','index.php',1,0,0),('66d03800bf3a9abcb6541cef646eeaf0',1,0,1380915169,1380915169,1380915169,'208.177.76.18','Mozilla/5.0 (Windows; U; Windows NT 6.1; en-US; rv:1.9.2.22) Gecko/20110902 Firefox/3.6.22','','ucp.php?mode=register',1,0,0),('bb323020f45dcbebfdc0ac0a7c8fa334',1,0,1380831368,1380831368,1380831368,'100.43.83.145','Mozilla/5.0 (compatible; YandexImages/3.0; +http://yandex.com/bots)','','cron.php?cron_type=tidy_cache',1,0,0),('96f1862a7bb968d3bcbd9c86da23e9c3',1,0,1380803898,1380803898,1380803898,'100.43.83.145','Mozilla/5.0 (compatible; YandexImages/3.0; +http://yandex.com/bots)','','cron.php?cron_type=tidy_warnings',1,0,0),('f0a97d4caf31f21573d2cc4bc01773b0',1,0,1379458167,1379458167,1379458167,'100.43.83.145','Mozilla/5.0 (compatible; YandexImages/3.0; +http://yandex.com/bots)','','cron.php?cron_type=tidy_cache',1,0,0),('5846284dceedba042c0ad93f63fc3749',1,0,1377471079,1377471079,1377471079,'180.76.5.136','Mozilla/5.0 (compatible; Baiduspider/2.0; +http://www.baidu.com/search/spider.html)','','ucp.php?mode=register',1,0,0),('35b5223ba9c8206fe342df816e06f39e',1,0,1377477731,1377477731,1377477731,'220.181.108.77','Mozilla/5.0 (compatible; Baiduspider/2.0; +http://www.baidu.com/search/spider.html)','','index.php',1,0,0),('492c1242b401ea968423a16fca82887d',1,0,1377495939,1377495939,1377495939,'175.44.56.104','Mozilla/5.0 (Windows; U; Windows NT 5.1; ru; rv:1.9.0.19) Gecko/2010031422 Firefox/3.0.19 YB/3.5.1 (.NET CLR 3.5.30729)','','index.php',1,0,0),('f1f9bc622424d729f52ee6dbc90c3eec',1,0,1380399513,1380399513,1380399513,'100.43.83.145','Mozilla/5.0 (compatible; YandexImages/3.0; +http://yandex.com/bots)','','cron.php?cron_type=tidy_cache',1,0,0),('d66c344ef0a942f60f2063796535984f',1,0,1377550204,1377550204,1377550204,'123.125.71.44','Mozilla/5.0 (compatible; Baiduspider/2.0; +http://www.baidu.com/search/spider.html)','','index.php',1,0,0),('9b46f16539a515104f65618b3f4460e5',1,0,1377641059,1377641059,1377641059,'195.234.136.80','Mozilla/5.0 (X11; Ubuntu; Linux x86_64; rv:10.0.1) Gecko/20100101 Firefox/10.0.1','','index.php',1,0,0),('45817196c4f90feb46340696e9d6707c',1,0,1377682604,1377682604,1377682604,'208.115.113.91','Mozilla/5.0 (compatible; Ezooms/1.0; ezooms.bot@gmail.com)','','ucp.php?mode=register',1,0,0),('92ebb0fef3caeae752ae388f0852ddb4',1,0,1377727821,1377727821,1377727821,'100.43.83.145','Mozilla/5.0 (compatible; YandexImages/3.0; +http://yandex.com/bots)','','cron.php?cron_type=tidy_cache',1,0,0),('98fc3466eecf15422146de9aab5f122f',1,0,1377740261,1377740261,1377740261,'208.115.113.91','Mozilla/5.0 (compatible; Ezooms/1.0; ezooms.bot@gmail.com)','','ucp.php?mode=login',1,0,0),('567578f71c8068106310b746d2e3e6ec',1,0,1377792262,1377792262,1377792262,'91.231.40.51','Mozilla/5.0 (Windows NT 6.1) AppleWebKit/535.19 (KHTML, like Gecko) Chrome/18.0.1025.1634 Safari/535.19 YE','','index.php',1,0,0),('5dbbf084bc0171e2144da6946178996c',1,0,1377847616,1377847616,1377847616,'91.231.40.52','Opera/9.80 (Windows NT 6.1; MRA 6.0 (build 5976)) Presto/2.12.388 Version/12.10','','index.php',1,0,0),('0f17dd5bb87d41b92fd5be0c4f21c25c',1,0,1377849639,1377849639,1377849640,'137.175.11.1','Mozilla/5.0 (compatible; MSIE 9.0; Windows NT 6.1; WOW64; Trident/5.0)','','ucp.php?mode=register',1,0,0),('c9feac1244cd629986abe6db798a668c',1,0,1377879571,1377879571,1377879571,'109.111.9.133','Mozilla/4.0 (compatible; MSIE 7.0; Windows NT 6.0; GTB6; SLCC1; .NET CLR 2.0.50727; .NET CLR 3.0.04506)','','index.php',1,0,0),('baef2ba40ceca7ddb8366a7820a4003d',1,0,1377879572,1377879572,1377879572,'109.111.9.133','Mozilla/4.0 (compatible; MSIE 7.0; Windows NT 6.0; GTB6; SLCC1; .NET CLR 2.0.50727; .NET CLR 3.0.04506)','','index.php',1,0,0),('04cf4a472fbc48bbb45b27ad21026ed1',1,0,1380851348,1380851348,1380851348,'158.106.67.93','BPImageWalker/2.0 (www.bdbrandprotect.com)','','cron.php?cron_type=tidy_cache',1,0,0),('7b3c0122d484e79b1282ef0f47b83f51',1,0,1380756142,1380756142,1380756142,'208.115.111.75','Mozilla/5.0 (compatible; Ezooms/1.0; ezooms.bot@gmail.com)','','index.php',1,0,0),('3fa8c608d7ece6bef85557ceeb9eed36',1,0,1376839256,1376839256,1376839256,'36.248.171.117','Mozilla/5.0 (Windows NT 5.1) AppleWebKit/537.4 (KHTML, like Gecko) Chrome/22.0.1229.79 Safari/537.4','','index.php',1,0,0),('64ad3afd5aa679cddb73845a0d29822a',26,0,1389765297,1376849880,1389765297,'65.55.213.72','msnbot/2.0b (+http://search.msn.com/msnbot.htm)','','index.php',1,0,0),('4bbda163d5fca913f03fbb7b41db2013',8,0,1397747025,1397747025,1397747025,'157.56.93.72','Mozilla/5.0 (compatible; bingbot/2.0; +http://www.bing.com/bingbot.htm)','','index.php',1,0,0),('f5430729ca4e983f22f45b5a82192caa',1,0,1376970262,1376970262,1376970262,'123.125.71.35','Mozilla/5.0 (compatible; Baiduspider/2.0; +http://www.baidu.com/search/spider.html)','','index.php',1,0,0),('cb54e4639d001200e777ed5990db4279',1,0,1376992184,1376992184,1376992184,'109.108.60.66','Mozilla/4.0 (compatible; MSIE 6.0; Windows NT 5.1) Opera 7.54 [en]','','index.php',1,0,0),('bad07dca80e145f26a387e498c4e46c2',1,0,1377018015,1377018015,1377018015,'217.195.202.4','Mozilla/5.0 (Windows NT 6.1; WOW64; rv:10.0.2) Gecko/20100101 Firefox/10.0.2','','index.php',1,0,0),('b47aabc83d3c597ad9c153a2003ad846',1,0,1377046524,1377046524,1377046524,'37.147.148.99','Mozilla/4.0 (compatible; MSIE 7.0; AOL 8.0; Windows NT 5.1; .NET CLR 2.0.50727; .NET CLR 1.1.4322; .NET CLR 3.0.04506.30)','','index.php',1,0,0),('615821cd88ade0dc4c3b3fd68dc54f23',1,0,1377046526,1377046526,1377046526,'37.147.148.99','Mozilla/4.0 (compatible; MSIE 7.0; AOL 8.0; Windows NT 5.1; .NET CLR 2.0.50727; .NET CLR 1.1.4322; .NET CLR 3.0.04506.30)','','index.php',1,0,0),('677f15eb08e0e3026904e1844362b63d',1,0,1377046527,1377046527,1377046527,'37.147.148.99','Mozilla/4.0 (compatible; MSIE 7.0; AOL 8.0; Windows NT 5.1; .NET CLR 2.0.50727; .NET CLR 1.1.4322; .NET CLR 3.0.04506.30)','','ucp.php?mode=login',1,0,0),('c8412c087ea3d2a3f5355c8919ba4360',1,0,1377046529,1377046529,1377046529,'37.147.148.99','Mozilla/4.0 (compatible; MSIE 7.0; AOL 8.0; Windows NT 5.1; .NET CLR 2.0.50727; .NET CLR 1.1.4322; .NET CLR 3.0.04506.30)','','ucp.php?mode=register',1,0,0),('8fc49cb6e8692a6fbaaeff41a1b63966',1,0,1377104394,1377104394,1377104395,'218.93.127.107','Mozilla/5.0 (Windows NT 6.1; Win64; x64; rv:11.0) Gecko/20120313 Firefox/11.0','','ucp.php?mode=register',1,0,0),('fa0313a7480ef58d8e7ca8d666522f54',1,0,1377153744,1377153744,1377153744,'180.76.5.54','Mozilla/5.0 (compatible; Baiduspider/2.0; +http://www.baidu.com/search/spider.html)','','ucp.php?mode=login',1,0,0),('7671f175cc6ab0f81f7f20d8721c9a67',1,0,1377155602,1377155602,1377155650,'89.31.73.1','Mozilla/5.0 (X11; U; Linux i686; it; rv:1.9.0.4) Gecko/2008102920 Firefox/3.0.4','','ucp.php?mode=sendpassword',1,0,0),('ed32957f6e0a118b2dd50d176e49e552',1,0,1380648039,1380648039,1380648039,'100.43.83.145','Mozilla/5.0 (compatible; YandexImages/3.0; +http://yandex.com/bots)','','cron.php?cron_type=tidy_warnings',1,0,0),('286c053e44f0d65e84a24d6fa627f178',1,0,1380629585,1380629585,1380629585,'128.68.68.80','Mozilla/5.0 (Windows NT 5.1) AppleWebKit/537.11 (KHTML, like Gecko) Chrome/23.0.1271.91 Safari/537.11','','index.php',1,0,0),('0ebef4bf9b8d8ac03eee7897b6ebd9a2',1,0,1380629584,1380629584,1380629584,'128.68.68.80','Opera/9.80 (Windows NT 6.1; WOW64; Edition Yx) Presto/2.12.388 Version/12.10','','index.php',1,0,0),('beec030034ac03f356947c230449fa28',1,0,1380557654,1380557654,1380557654,'144.76.71.140','Mozilla/5.0 (compatible; SISTRIX Crawler; http://crawler.sistrix.net/)','','index.php',1,0,0),('b586a5b7021fe67c136f79f9dd3b30b8',1,0,1380552691,1380552691,1380552691,'175.136.110.69','Mozilla/5.0 (Windows NT 6.1; WOW64) AppleWebKit/537.36 (KHTML, like Gecko) Chrome/29.0.1547.62 Safari/537.36','','index.php',1,0,0),('dda6351aaf0b90abb785702927800956',1,0,1380522333,1380522333,1380522333,'100.43.83.145','Mozilla/5.0 (compatible; YandexImages/3.0; +http://yandex.com/bots)','','cron.php?cron_type=tidy_cache',1,0,0),('9e0f002bfaa9d9740d9aedf2e91a2829',1,0,1380471906,1380471906,1380471906,'100.43.83.145','Mozilla/5.0 (compatible; YandexImages/3.0; +http://yandex.com/bots)','','cron.php?cron_type=tidy_warnings',1,0,0),('461e9e57169a93a514742d66c174b879',1,0,1379273489,1379273489,1379273489,'100.43.83.145','Mozilla/5.0 (compatible; YandexImages/3.0; +http://yandex.com/bots)','','cron.php?cron_type=tidy_cache',1,0,0),('c5476b4fa202b7936bbc7985aab45db7',1,0,1376734917,1376734917,1376734917,'188.143.232.111','Mozilla/4.0 (compatible; MSIE 6.0; Windows NT 5.1; SV1)','','index.php',1,0,0),('386abcb07f4587a35e11852d3cd0fc89',1,0,1380389683,1380389683,1380389683,'112.111.189.214','Mozilla/5.0 (X11; Linux i686) AppleWebKit/537.11 (KHTML, like Gecko) Chrome/23.0.1271.64 Safari/537.11','','index.php',1,0,0),('6830d8b432879f4704585f2522b4a59e',1,0,1380389304,1380389304,1380389304,'208.115.113.91','Mozilla/5.0 (compatible; Ezooms/1.0; ezooms.bot@gmail.com)','','ucp.php?mode=login',1,0,0),('1bc6dfa840e54eea6dc5937cec2e33a9',1,0,1380362394,1380362394,1380362394,'31.44.10.5','Mozilla/4.0 (compatible; MSIE 7.0; AOL 8.0; Windows NT 5.1; .NET CLR 2.0.50727; .NET CLR 1.1.4322; .NET CLR 3.0.04506.30)','','index.php',1,0,0),('2a6583b2c4e538e43dc56f3bd5cce936',1,0,1380362327,1380362327,1380362327,'31.44.10.5','Mozilla/4.0 (compatible; MSIE 7.0; AOL 8.0; Windows NT 5.1; .NET CLR 2.0.50727; .NET CLR 1.1.4322; .NET CLR 3.0.04506.30)','','ucp.php?mode=register',1,0,0),('e2221756ff3f669b6c7619c23874a7f1',1,0,1380362269,1380362269,1380362269,'31.44.10.5','Mozilla/4.0 (compatible; MSIE 7.0; AOL 8.0; Windows NT 5.1; .NET CLR 2.0.50727; .NET CLR 1.1.4322; .NET CLR 3.0.04506.30)','','ucp.php?mode=login',1,0,0),('d75f2dc150e82a1bd568a78d8c3ebc67',1,0,1380362261,1380362261,1380362261,'31.44.10.5','Mozilla/4.0 (compatible; MSIE 7.0; AOL 8.0; Windows NT 5.1; .NET CLR 2.0.50727; .NET CLR 1.1.4322; .NET CLR 3.0.04506.30)','','index.php',1,0,0),('9e526b1ad85546da55c87185db1ce01e',1,0,1377917094,1377917094,1377917094,'109.111.9.133','Mozilla/4.0 (compatible; MSIE 7.0; Windows NT 6.0; GTB6; SLCC1; .NET CLR 2.0.50727; .NET CLR 3.0.04506)','','index.php',1,0,0),('bbd73e0b40b07ed2de317b2598a3d0d3',1,0,1377917146,1377917146,1377917146,'109.111.9.133','Mozilla/4.0 (compatible; MSIE 7.0; Windows NT 6.0; GTB6; SLCC1; .NET CLR 2.0.50727; .NET CLR 3.0.04506)','','index.php',1,0,0),('87afcb57f5c2ce8e684c84154af312a2',1,0,1378063240,1378063240,1378063240,'123.125.71.60','Mozilla/5.0 (compatible; Baiduspider/2.0; +http://www.baidu.com/search/spider.html)','','index.php',1,0,0),('f5b7c55b3e5f9a289b88301ba501c51e',1,0,1378134561,1378134561,1378134561,'94.178.115.90','Mozilla/4.0 (compatible; MSIE 6.0; Windows NT 5.1)','','index.php',1,0,0),('3fad8f5238920da3da07f9c1beb82952',1,0,1378329071,1378329071,1378329071,'178.140.230.41','Mozilla/5.0 (Windows NT 6.0; rv:16.0) Gecko/20100101 Firefox/16.0','','index.php',1,0,0),('def37cec66242f3dda99343760f2fdc2',1,0,1378409348,1378409348,1378409349,'218.93.127.107','Mozilla/5.0 (Windows NT 6.0) AppleWebKit/537.11 (KHTML, like Gecko) Chrome/23.0.1271.64 Safari/537.11','','ucp.php?mode=register',1,0,0),('3fced688af8cda0eb63ca78d812b00c3',1,0,1378437551,1378437551,1378437551,'208.115.111.75','Mozilla/5.0 (compatible; Ezooms/1.0; ezooms.bot@gmail.com)','','index.php',1,0,0),('1ead20eb90186bd393a26cb58ee9ba72',1,0,1378439234,1378439234,1378439234,'71.177.184.59','Mozilla/5.0 (X11; Ubuntu; Linux x86_64; rv:16.0) Gecko/20100101 Firefox/16.0','','index.php',1,0,0),('52188ccaa4599e9a8a0bc9728d0983ea',1,0,1378561964,1378561964,1378562019,'195.234.136.80','Mozilla/5.0 (Windows NT 6.1; WOW64) AppleWebKit/535.7 (KHTML, like Gecko) Chrome/16.0.912.77 Safari/535.7','','ucp.php?mode=login',1,0,0),('7b3b7ec65337b7a4103f1016384a8013',1,0,1378567317,1378567317,1378567319,'218.93.127.107','Mozilla/5.0 (Windows NT 6.1; rv:17.0) Gecko/17.0 Firefox/17.0','','ucp.php?mode=register',1,0,0),('f1be1ddae4b95f3fc681d48f8334607a',1,0,1378677940,1378677940,1378677940,'175.44.29.235','Mozilla/5.0 (Windows; U; Windows NT 5.1; en-US) AppleWebKit/534.16 (KHTML, like Gecko) Chrome/10.0.648.204 Safari/534.16','','index.php',1,0,0),('827419b477a1774a9fc8ff5ed18e4761',1,0,1380362247,1380362247,1380362247,'31.44.10.5','Mozilla/4.0 (compatible; MSIE 7.0; AOL 8.0; Windows NT 5.1; .NET CLR 2.0.50727; .NET CLR 1.1.4322; .NET CLR 3.0.04506.30)','','index.php',1,0,0),('33b988ff97af44a1192696cc0a35437a',1,0,1380331632,1380331632,1380331632,'208.115.113.91','Mozilla/5.0 (compatible; Ezooms/1.0; ezooms.bot@gmail.com)','','ucp.php?mode=register',1,0,0),('21b04ae271e6c7b3e8e956981c6774f3',1,0,1380300578,1380300578,1380300578,'144.76.69.142','Mozilla/5.0 (compatible; SISTRIX Crawler; http://crawler.sistrix.net/)','','index.php',1,0,0),('64d7297879a1ac56dee95694cbda3a60',1,0,1380292252,1380292252,1380292253,'91.200.14.96','Opera/9.80 (Windows NT 6.1; U; Edition Next; ru) Presto/2.11.310 Version/12.50','','ucp.php?mode=register',1,0,0),('e9e1c2a7221031250e95a695ebb0e5ba',1,0,1380285349,1380285349,1380285351,'218.93.127.107','Opera/9.80 (Windows NT 6.1; MRA 6.0 (build 5976)) Presto/2.12.388 Version/12.10','','ucp.php?mode=register',1,0,0),('990fad77ad454e8eb60a0156f49a17e0',1,0,1380232974,1380232974,1380232976,'218.93.127.107','Mozilla/5.0 (Windows; U; Windows NT 6.1; en-US; rv:1.9.2.22) Gecko/20110902 Firefox/3.6.22','','ucp.php?mode=register',1,0,0),('db5bf76e4aa659735dce05da97e0e106',1,0,1380190391,1380190391,1380190391,'94.178.118.229','Mozilla/4.0 (compatible; MSIE 6.0; Windows NT 5.1)','','index.php',1,0,0),('66553a7dd3bfa984231985a874f4255a',1,0,1380189544,1380189544,1380189546,'37.57.133.179','Mozilla/5.0 (Windows NT 5.2; rv:17.0) Gecko/20100101 Firefox/17.0','','ucp.php?mode=register',1,0,0),('b5c3a1f3d424c308b8ba308f2c392583',1,0,1380176008,1380176008,1380176096,'144.76.87.119','Mozilla/5.0 (compatible; SISTRIX Crawler; http://crawler.sistrix.net/)','','index.php',1,0,0),('49f528386b6e1a286ad792908c48ff64',1,0,1380161429,1380161429,1380161431,'91.200.14.96','Mozilla/5.0 (Windows NT 6.1; rv:10.0.2) Gecko/20100101 Firefox/10.0.2','','ucp.php?mode=register',1,0,0),('15aa993ab0f091138d0bbc842767fc71',1,0,1380127820,1380127820,1380127820,'123.125.71.104','Mozilla/5.0 (compatible; Baiduspider/2.0; +http://www.baidu.com/search/spider.html)','','index.php',1,0,0),('d03cfb3236e7d8ff947dcd90c2609908',1,0,1380047066,1380047066,1380047066,'31.44.11.154','Mozilla/4.0 (compatible; MSIE 7.0; Windows NT 6.0; GTB6; SLCC1; .NET CLR 2.0.50727; .NET CLR 3.0.04506)','','index.php',1,0,0),('616fa613ee5917c4727787d10dddf321',1,0,1380047051,1380047051,1380047051,'31.44.11.154','Mozilla/4.0 (compatible; MSIE 7.0; Windows NT 6.0; GTB6; SLCC1; .NET CLR 2.0.50727; .NET CLR 3.0.04506)','','index.php',1,0,0),('5fbfa23479603233e9c9813d39ed3197',1,0,1380047016,1380047016,1380047016,'31.44.11.154','Mozilla/4.0 (compatible; MSIE 7.0; Windows NT 6.0; GTB6; SLCC1; .NET CLR 2.0.50727; .NET CLR 3.0.04506)','','index.php',1,0,0),('4eb4df30ae9b645036046f3becdc3f85',1,0,1380046805,1380046805,1380046805,'31.44.11.154','Mozilla/4.0 (compatible; MSIE 7.0; Windows NT 6.0; GTB6; SLCC1; .NET CLR 2.0.50727; .NET CLR 3.0.04506)','','index.php',1,0,0),('62f6063c00ff013ac697f1d2cf400e25',1,0,1380046801,1380046801,1380046801,'31.44.11.154','Mozilla/4.0 (compatible; MSIE 7.0; Windows NT 6.0; GTB6; SLCC1; .NET CLR 2.0.50727; .NET CLR 3.0.04506)','','index.php',1,0,0),('698528ba7705b70af821c2679917c0c1',1,0,1379999686,1379999686,1379999686,'83.99.139.223','Mozilla/5.0 (Macintosh; Intel Mac OS X 10_8_2) AppleWebKit/537.1 (KHTML, like Gecko) Chrome/21.0.1180.82 Safari/537.1','','index.php',1,0,0),('2ebb13a339dfb76af24268e58f8fd8f8',1,0,1379892564,1379892564,1379892564,'180.76.5.136','Mozilla/5.0 (compatible; Baiduspider/2.0; +http://www.baidu.com/search/spider.html)','','index.php',1,0,0),('f301d7f15455bd619f90af7d7abdd419',1,0,1379891746,1379891746,1379891746,'220.181.108.94','Mozilla/5.0 (compatible; Baiduspider/2.0; +http://www.baidu.com/search/spider.html)','','index.php',1,0,0),('a76f3e98d9a48ef5f5283a014f2c4106',1,0,1380334602,1380334602,1380334602,'100.43.83.145','Mozilla/5.0 (compatible; YandexImages/3.0; +http://yandex.com/bots)','','cron.php?cron_type=tidy_warnings',1,0,0),('1a6f4032298b9d53cc6db60fbd7d3432',1,0,1379871600,1379871600,1379871600,'123.125.71.85','Mozilla/5.0 (compatible; Baiduspider/2.0; +http://www.baidu.com/search/spider.html)','','index.php',1,0,0),('35f5852aeed035972c0221e102c18ba7',1,0,1379832749,1379832749,1379832749,'100.43.83.145','Mozilla/5.0 (compatible; YandexImages/3.0; +http://yandex.com/bots)','','cron.php?cron_type=tidy_cache',1,0,0),('13938b55c714541c24ba68438c296533',1,0,1379802721,1379802721,1379802721,'128.72.138.17','Mozilla/4.0 (compatible; MSIE 6.0; Windows NT 5.2; SV1; .NET CLR 1.1.4322)','','index.php',1,0,0),('9a4478392f3552c55de37c27ee0b6185',1,0,1379802722,1379802722,1379802722,'128.72.138.17','Mozilla/5.0 (X11; Ubuntu; Linux i686; rv:16.0) Gecko/20100101 Firefox/16.0','','index.php',1,0,0),('3d5635e42cf337a4bba2f2102851d71a',1,0,1379772563,1379772563,1379772563,'220.181.108.177','Mozilla/5.0 (compatible; Baiduspider/2.0; +http://www.baidu.com/search/spider.html)','','index.php',1,0,0),('a6c755d71b2708644eba02dd18ff8a9f',1,0,1377159451,1377159451,1377159451,'85.17.73.171','Mozilla/5.0 (compatible; SolomonoBot/1.05; +http://www.solomono.ru)','','index.php',1,0,0),('5314bba569501f79acb5011b587b7b46',1,0,1379715091,1379715091,1379715091,'100.43.83.145','Mozilla/5.0 (compatible; YandexImages/3.0; +http://yandex.com/bots)','','cron.php?cron_type=tidy_cache',1,0,0),('578bf06fffd103a2ca0ec180109e64e6',1,0,1379698463,1379698463,1379698463,'220.181.108.92','Mozilla/5.0 (compatible; Baiduspider/2.0; +http://www.baidu.com/search/spider.html)','','index.php',1,0,0),('4698b6a09e844881ab811c11acc7cf1b',1,0,1379692872,1379692872,1379692872,'109.111.10.220','Mozilla/4.0 (compatible; MSIE 7.0; AOL 8.0; Windows NT 5.1; .NET CLR 2.0.50727; .NET CLR 1.1.4322; .NET CLR 3.0.04506.30)','','ucp.php?mode=register',1,0,0),('7dbf87e2d5b2134e776c3527cdb02b21',1,0,1379257113,1379257113,1379257113,'109.111.19.109','Mozilla/4.0 (compatible; MSIE 7.0; AOL 8.0; Windows NT 5.1; .NET CLR 2.0.50727; .NET CLR 1.1.4322; .NET CLR 3.0.04506.30)','','ucp.php?mode=login',1,0,0),('0550ca2ac2eb4640b17ede6f10d30656',1,0,1379257115,1379257115,1379257115,'109.111.19.109','Mozilla/4.0 (compatible; MSIE 7.0; AOL 8.0; Windows NT 5.1; .NET CLR 2.0.50727; .NET CLR 1.1.4322; .NET CLR 3.0.04506.30)','','ucp.php?mode=register',1,0,0),('09505cf26cda959e7285a9f78296b93f',1,0,1379692869,1379692869,1379692869,'109.111.10.220','Mozilla/4.0 (compatible; MSIE 7.0; AOL 8.0; Windows NT 5.1; .NET CLR 2.0.50727; .NET CLR 1.1.4322; .NET CLR 3.0.04506.30)','','ucp.php?mode=login',1,0,0),('3cc74fdddc6ed1124a3b497765881ff0',1,0,1379692868,1379692868,1379692868,'109.111.10.220','Mozilla/4.0 (compatible; MSIE 7.0; AOL 8.0; Windows NT 5.1; .NET CLR 2.0.50727; .NET CLR 1.1.4322; .NET CLR 3.0.04506.30)','','index.php',1,0,0),('50dab6096eb9a57dd0bfe2ed587c835b',1,0,1379692866,1379692866,1379692866,'109.111.10.220','Mozilla/4.0 (compatible; MSIE 7.0; AOL 8.0; Windows NT 5.1; .NET CLR 2.0.50727; .NET CLR 1.1.4322; .NET CLR 3.0.04506.30)','','index.php',1,0,0),('c70e653a71e2131e0744e9c66bf3f63e',1,0,1379540989,1379540989,1379540989,'112.111.191.189','Mozilla/5.0 (Windows NT 5.1; rv:11.0) Gecko/20100101 Firefox/11.0','','index.php',1,0,0),('291a2cf89ad88a29d11a2b1ca73f5eec',1,0,1379498584,1379498584,1379498584,'198.27.80.33','Mozilla/4.0 (compatible; MSIE 6.0; Windows NT 5.1; SV1)','','index.php',1,0,0),('f3d7ce07224586076d92e3c21dbc5d57',23,0,1379478168,1379478168,1379478168,'173.208.180.234','Mozilla/5.0 (compatible; MJ12bot/v1.4.4; http://www.majestic12.co.uk/bot.php?+)','','index.php',1,0,0),('5eeb705feea733b3dd1b43bf46d29268',1,0,1389428152,1389428152,1389428152,'92.112.37.39','Mozilla/4.0 (compatible; MSIE 6.0; Windows NT 5.1; SV1; .NET CLR 1.1.4322)','','index.php',1,0,0),('60b3821dab01f020998762c1a6d8516e',1,0,1387062459,1387062459,1387062459,'217.69.133.241','Mozilla/5.0 (compatible; Linux x86_64; Mail.RU_Bot/2.0; +http://go.mail.ru/help/robots)','','cron.php?cron_type=tidy_cache',1,0,0),('e6036f6e4566e71618796afbcfe82ed2',1,0,1382947695,1382947695,1382947695,'46.119.122.184','Mozilla/5.0 (Windows NT 5.1) AppleWebKit/535.19 (KHTML, like Gecko) Chrome/18.0.1025.1634 Safari/535.19 YI','','index.php',1,0,0),('e00c623f83fd278fb024c38d356bef0d',1,0,1379342722,1379342722,1379342722,'217.73.208.111','Mozilla/5.0 (compatible; IstellaBot/1.10.2 +http://www.tiscali.it/)','','index.php',1,0,0),('b4568151e1cb62f74c017aa66585ee7f',1,0,1379331456,1379331456,1379331456,'175.44.58.85','Mozilla/5.0 (Windows NT 5.1; rv:11.0) Gecko/20100101 Firefox/11.0','','index.php',1,0,0),('7cf46cde420d83fce9191512a2dbf3cb',1,0,1379320617,1379320617,1379320617,'112.111.189.244','Opera/9.80 (Windows NT 6.1; WOW64; U; ru) Presto/2.10.289 Version/12.02','','index.php',1,0,0),('8267776be189a93c79ecb3adce413876',1,0,1379257112,1379257112,1379257112,'109.111.19.109','Mozilla/4.0 (compatible; MSIE 7.0; AOL 8.0; Windows NT 5.1; .NET CLR 2.0.50727; .NET CLR 1.1.4322; .NET CLR 3.0.04506.30)','','index.php',1,0,0),('e53feb2314a85b2de560cdf7b3cceab9',1,0,1379257110,1379257110,1379257110,'109.111.19.109','Mozilla/4.0 (compatible; MSIE 7.0; AOL 8.0; Windows NT 5.1; .NET CLR 2.0.50727; .NET CLR 1.1.4322; .NET CLR 3.0.04506.30)','','index.php',1,0,0),('1f5ced29da7ea03506693ca935399067',1,0,1379200445,1379200445,1379200446,'208.177.76.18','Mozilla/5.0 (Windows NT 6.1) AppleWebKit/536.5 (KHTML, like Gecko) YaBrowser/1.1.1084.5409 Chrome/19.1.1084.5409 Safari/536.5','','ucp.php?mode=register',1,0,0),('91c4f01f028683c2b9f1eb52820bf7d6',1,0,1379200436,1379200436,1379200439,'208.177.76.18','Opera/9.80 (Windows NT 6.1; Win64; x64) Presto/2.12.388 Version/12.11','','ucp.php?mode=register',1,0,0),('2270854fc0691ce70747ae4a6f3b65d8',1,0,1379190279,1379190279,1379190279,'208.177.76.18','Mozilla/5.0 (Windows NT 6.1; WOW64) AppleWebKit/535.19 (KHTML, like Gecko) Chrome/18.0.1025.1634 Safari/535.19 YI','','ucp.php?mode=register',1,0,0),('e1950ada677d95722aabdadf8918cdcf',1,0,1379172314,1379172314,1379172314,'120.37.230.54','Mozilla/5.0 (Windows NT 6.1; rv:16.0) Gecko/20100101 Firefox/16.0','','index.php',1,0,0),('e022159de8c476d216cb9ef7ed944624',1,0,1379104577,1379104577,1379104577,'91.231.40.51','Mozilla/5.0 (Windows NT 6.1; WOW64) AppleWebKit/537.4 (KHTML, like Gecko) Chrome/22.0.1229.79 Safari/537.4','','index.php',1,0,0),('925c0ec8d0d5d2a047aeea300be9cc30',1,0,1379050273,1379050273,1379050273,'208.115.113.91','Mozilla/5.0 (compatible; Ezooms/1.0; ezooms.bot@gmail.com)','','ucp.php?mode=login',1,0,0),('4ae594fa829eeb6c5b79ea43cd72bde7',1,0,1378834270,1378834270,1378834270,'195.234.136.80','Mozilla/5.0 (X11; Ubuntu; Linux x86_64; rv:10.0.1) Gecko/20100101 Firefox/10.0.1','','index.php',1,0,0),('fb85f7872bc20feead9e3e2e075dd2e5',1,0,1378992964,1378992964,1378992964,'208.115.113.91','Mozilla/5.0 (compatible; Ezooms/1.0; ezooms.bot@gmail.com)','','ucp.php?mode=register',1,0,0),('9c0a8582a3e4c79058828eb55dd1ab30',1,0,1378791651,1378791651,1378791651,'100.43.83.145','Mozilla/5.0 (compatible; YandexImages/3.0; +http://yandex.com/bots)','','cron.php?cron_type=tidy_cache',1,0,0),('73a320b7643afb4c0814b3136d54e1a0',1,0,1378757745,1378757745,1378757745,'220.181.51.107','Mozilla/5.0 (Windows NT 5.1; rv:6.0.2) Gecko/20100101 Firefox/6.0.2','','index.php',1,0,0),('6e506f44ab7e81cf23310e9690117e6f',1,0,1378757746,1378757746,1378757746,'220.181.51.104','Mozilla/5.0 (Windows NT 5.1; rv:6.0.2) Gecko/20100101 Firefox/6.0.2','','index.php',1,0,0),('87548937a09c792c7582a925d286ae85',59,0,1376678064,1376678064,1376940546,'66.57.253.158','Mozilla/5.0 (Macintosh; Intel Mac OS X 10_8_4) AppleWebKit/536.30.1 (KHTML, like Gecko) Version/6.0.5 Safari/536.30.1','','index.php',1,1,0),('7a85f64294ddd279da6188552b763d39',1,0,1392675324,1392675324,1392675324,'100.43.83.145','Mozilla/5.0 (compatible; YandexImages/3.0; +http://yandex.com/bots)','','cron.php?cron_type=tidy_cache',1,0,0),('13c10c4afd23c207e1849db4526a516d',1,0,1392800779,1392800779,1392800780,'178.187.28.241','Mozilla/5.0 (Windows; U; Windows NT 5.1; ru; rv:1.9.0.19) Gecko/2010031422 Firefox/3.0.19 YB/3.5.1 (.NET CLR 3.5.30729)','','ucp.php?mode=register',1,0,0),('a13be02e702bc5eefcade529a0a6d2fd',1,0,1392808326,1392808326,1392808327,'109.111.1.151','Mozilla/5.0 (Windows NT 6.1; rv:13.0) Gecko/20100101 Firefox/13.0.1','','ucp.php?mode=register',1,0,0),('91cabf9ea4cbc767d310fb2e673f8b5a',1,0,1392819801,1392819801,1392819801,'37.140.141.23','Mozilla/5.0 (compatible; YandexImages/3.0; +http://yandex.com/bots)','','cron.php?cron_type=tidy_cache',1,0,0),('a823cb5d218acf143c71ed21d81cb30f',1,0,1392885695,1392885695,1392885697,'109.111.20.230','Mozilla/5.0 (Windows NT 6.1) AppleWebKit/535.1 (KHTML, like Gecko) Chrome/14.0.835.163 Safari/535.1','','ucp.php?mode=register',1,0,0),('3bb11cde8b86a7ade4fd5bd4c28df33b',1,0,1392905746,1392905746,1392905747,'193.106.202.134','Mozilla/4.0 (compatible; MSIE 6.0; Windows NT 5.0)','','ucp.php?mode=register',1,0,0),('ab3fb3205e08268787af2588b9dcd711',1,0,1392921820,1392921820,1392921821,'176.241.147.12','Mozilla/5.0 (Windows NT 6.0; rv:16.0) Gecko/20100101 Firefox/16.0','','ucp.php?mode=register',1,0,0),('89db406138ef8ea9f9e7ee822667b161',1,0,1392938480,1392938480,1392938480,'183.60.212.139','Mozilla/5.0 (compatible; EasouSpider; +http://www.easou.com/search/spider.html)','','index.php',1,0,0),('d31f55a6c5b91c16eb68e01a0aab3a60',1,0,1393014554,1393014554,1393014591,'109.95.74.218','Mozilla/5.0 (Windows NT 5.1) AppleWebKit/537.19 (KHTML, like Gecko) Chrome/25.0.1323.1 Safari/537.19','','ucp.php?mode=register',1,0,0),('10f97539cff1875bb9d7ec3c9159c78e',1,0,1393118347,1393118347,1393118347,'46.166.199.137','Mozilla/5.0 (Windows NT 6.1; WOW64) AppleWebKit/535.19 (KHTML, like Gecko) Chrome/18.0.1025.1634 Safari/535.19 YE','','index.php',1,0,0),('b16c7316514b3a78cb05236d32cbcbd3',1,0,1393200901,1393200901,1393200901,'100.43.83.145','Mozilla/5.0 (compatible; YandexImages/3.0; +http://yandex.com/bots)','','cron.php?cron_type=tidy_cache',1,0,0),('15b11cee0c1055892141ebe822910c0d',1,0,1393250774,1393250774,1393250774,'208.115.113.91','Mozilla/5.0 (compatible; Ezooms/1.0; help@moz.com)','','ucp.php?mode=register',1,0,0),('63698ceff3e0ef56b31beb825937a6b9',1,0,1395880785,1395880785,1395880785,'195.234.136.80','Mozilla/5.0 (X11; Ubuntu; Linux x86_64; rv:10.0.1) Gecko/20100101 Firefox/10.0.1','','index.php',1,0,0),('02446a5620cd8386f98d97f5cd5910ec',1,0,1393288278,1393288278,1393288279,'178.187.72.103','Opera/9.80 (Windows NT 6.0; U; ru) Presto/2.10.289 Version/12.02','','ucp.php?mode=login',1,0,0),('199442ac86c7d30711346e6580cd599c',1,0,1393308367,1393308367,1393308367,'208.115.113.91','Mozilla/5.0 (compatible; Ezooms/1.0; help@moz.com)','','ucp.php?mode=login',1,0,0),('9f0840a5fed65509a39810421ef9ef1f',1,0,1393310202,1393310202,1393310202,'183.207.228.14','Mozilla/5.0 (Windows NT 6.1) AppleWebKit/535.19 (KHTML, like Gecko) Chrome/18.0.1025.1634 Safari/535.19 YE','','index.php',1,0,0),('7708c2d7db2cf3ac8df88f07d570421e',1,0,1393361407,1393361407,1393361408,'109.95.74.218','Opera/9.80 (Windows NT 5.1; U; ru) Presto/2.10.289 Version/12.01','','ucp.php?mode=register',1,0,0),('01af68ddb8e2fbd4e480a0c8ed1e0f04',1,0,1393450703,1393450703,1393450703,'69.26.184.240','Mozilla/5.0 (Windows NT 6.1; WOW64) AppleWebKit/537.11 (KHTML, like Gecko) Chrome/23.0.1271.91 Safari/537.11','','index.php',1,0,0),('2357ee6dd7d9ed610a80de8f5ac0ad4d',1,0,1393499212,1393499212,1393499212,'193.28.178.55','Mozilla/5.0 (X11; Ubuntu; Linux x86_64; rv:10.0.1) Gecko/20100101 Firefox/10.0.1','','index.php',1,0,0),('0a95fb9fd293f6482f18d0becd8b97a4',1,0,1393565220,1393565220,1393565220,'144.76.4.165','Mozilla/5.0 (compatible; SISTRIX Crawler; http://crawler.sistrix.net/)','','index.php',1,0,0),('8187e5422f60b8ecab310e732882eab9',1,0,1393718542,1393718542,1393718543,'109.111.12.50','Opera/9.80 (Windows NT 6.1; MRA 6.0 (build 5970)) Presto/2.12.388 Version/12.10','','ucp.php?mode=register',1,0,0),('4cf96d4c0cb39a7369d06cff73332ce7',1,0,1393768223,1393768223,1393768224,'109.111.28.179','Mozilla/5.0 (Windows NT 6.1; rv:11.0) Gecko/20100101 Firefox/11.0','','ucp.php?mode=register',1,0,0),('5bae87a38c47712ac42149c7c9936ad1',1,0,1393770605,1393770605,1393770631,'82.80.249.137','Mozilla/5.0 (X11; Ubuntu; Linux x86_64; rv:11.0) Gecko/20100101 Firefox/11.0','','ucp.php?mode=sendpassword',1,0,0),('16962876d0e17f55bc12598fb92fd31b',1,0,1393790960,1393790960,1393790960,'77.245.122.122','Opera/9.80 (Windows NT 5.1; U; ru) Presto/2.2.15 Version/10.10','','memberlist.php',1,0,0),('430323b9b75bbe779d093a25a1f3db04',1,0,1393854985,1393854985,1393854985,'199.187.122.91','Mozilla/4.0 (compatible; MSIE 6.0; Windows NT 5.1; SV1; .NET CLR 2.0.50727)','','index.php',1,0,0),('1824fa49f262ab26508eaff912e5487a',1,0,1394015937,1394015937,1394015937,'185.25.49.181','Java/1.6.0_04','','index.php',1,0,0),('178ee3051cfbeee6c022e20cfba85937',1,0,1394015951,1394015951,1394015951,'185.25.49.181','Java/1.6.0_04','','cron.php?cron_type=tidy_cache&amp;sid=1824fa49f262ab26508eaff912e5487a',1,0,0),('f8973106ec54ca91a34be460a344c67d',1,0,1394015952,1394015952,1394015974,'185.25.49.181','Java/1.6.0_04','','index.php',1,0,0),('26cb9101c46ca0ab71cfb494f822cad6',1,0,1394015975,1394015975,1394015975,'185.25.49.181','Java/1.6.0_04','','ucp.php?mode=login&amp;amp;sid=1824fa49f262ab26508eaff912e5487a&amp;sid=f8973106ec54ca91a34be460a344c67d',1,0,0),('9aa12546ae104a3cbea561680bce07ca',1,0,1394015953,1394015953,1394015976,'185.25.49.181','Java/1.6.0_04','','index.php',1,0,0),('abf2ea62ac1e8d53a243babf5091db23',1,0,1394086335,1394086335,1394086337,'193.106.202.134','Mozilla/4.0 (compatible; MSIE 6.0; Windows NT 5.0)','','ucp.php?mode=register',1,0,0),('530bbe45ffa06e7fe56e8c8b039be3a7',1,0,1394015958,1394015958,1394015958,'185.25.49.181','Java/1.6.0_04','','index.php',1,0,0),('9c48f11ab811852ec8e10942957c4905',1,0,1394015972,1394015972,1394015972,'185.25.49.181','Java/1.6.0_04','','cron.php?cron_type=tidy_warnings&amp;sid=1824fa49f262ab26508eaff912e5487a',1,0,0),('9b0c77c6c074938e547135d3ed834b85',1,0,1394015973,1394015973,1394015973,'185.25.49.181','Java/1.6.0_04','','ucp.php?mode=login&amp;sid=1824fa49f262ab26508eaff912e5487a',1,0,0),('bcc31876d6c3a4c5edc68c51757c28a1',1,0,1394015974,1394015974,1394015974,'185.25.49.181','Java/1.6.0_04','','ucp.php?mode=register&amp;sid=1824fa49f262ab26508eaff912e5487a',1,0,0),('903dc68a58a740575bc154f82336c9aa',1,0,1394015974,1394015974,1394015974,'185.25.49.181','Java/1.6.0_04','','cron.php?cron_type=tidy_warnings&amp;sid=f8973106ec54ca91a34be460a344c67d',1,0,0),('6cf9af3a050be8ddcbf65490fb9e1989',1,0,1394015975,1394015975,1394015975,'185.25.49.181','Java/1.6.0_04','','ucp.php?mode=login&amp;sid=f8973106ec54ca91a34be460a344c67d',1,0,0),('e305b10b8b74d9e20c7cc1561e7f1e85',1,0,1394015976,1394015976,1394015976,'185.25.49.181','Java/1.6.0_04','','ucp.php?mode=register&amp;sid=f8973106ec54ca91a34be460a344c67d',1,0,0),('1ee4708d234553638dbfed039e22cbbd',1,0,1394015976,1394015976,1394015976,'185.25.49.181','Java/1.6.0_04','','ucp.php?mode=sendpassword&amp;sid=f8973106ec54ca91a34be460a344c67d',1,0,0),('1b24faa1f5201edc1d96d9c220f60771',1,0,1394145535,1394145535,1394145573,'195.234.136.80','Mozilla/5.0 (Windows NT 6.1; WOW64) AppleWebKit/535.7 (KHTML, like Gecko) Chrome/16.0.912.77 Safari/535.7','','ucp.php?mode=register',1,0,0),('8c42131278bb882185f5ed3fcb2a15e5',1,0,1399479090,1399479090,1399479090,'54.219.166.13','Mozilla/5.0 (compatible; URLAppendBot/1.0; +http://www.profound.net/urlappendbot.html)','','index.php',1,0,0),('7c008e403bbe4cf092ca97ddf8967060',1,0,1394278320,1394278320,1394278320,'208.115.111.75','Mozilla/5.0 (compatible; Ezooms/1.0; help@moz.com)','','index.php',1,0,0),('d17ca39b93c66bc89d05f65b416df06f',1,0,1394350869,1394350869,1394350869,'202.188.47.160','Mozilla/5.0 (Linux; Android 4.4.2; en-gb; SAMSUNG SM-N9005 Build/KOT49H) AppleWebKit/537.36 (KHTML, like Gecko) Version/1.5 Chrome/28.0.1500.94 Mobil','','index.php',1,0,0),('c46a273e0721cd2c4c93ff2b6a7c44e2',1,0,1394529235,1394529235,1394529236,'91.203.190.195','Opera/9.80 (Windows NT 5.1; U; ru) Presto/2.10.289 Version/12.01','','ucp.php?mode=register',1,0,0),('719809dceff2d5a80edf5ab18ee7dfbc',1,0,1394543164,1394543164,1394543164,'54.215.169.168','Mozilla/5.0 (compatible; URLAppendBot/1.0; +http://www.profound.net/urlappendbot.html)','','index.php',1,0,0),('627a0105afb6a1900c2ad30badb1b24c',1,0,1394650128,1394650128,1394650128,'195.234.136.80','Mozilla/5.0 (X11; Ubuntu; Linux x86_64; rv:10.0.1) Gecko/20100101 Firefox/10.0.1','','index.php',1,0,0),('ef3148b93dc20764d82105d7464bdae5',1,0,1394774507,1394774507,1394774507,'5.9.223.170','Mozilla/5.0 (compatible; SISTRIX Crawler; http://crawler.sistrix.net/)','','index.php',1,0,0),('ac256a6a866eece93fb696b40ed1a300',1,0,1394858059,1394858059,1394858061,'109.95.74.218','Opera/9.80 (Windows NT 6.1; WOW64; MRA 6.0 (build 5976)) Presto/2.12.388 Version/12.11','','ucp.php?mode=register',1,0,0),('2dd151b8f790bcbaac983afeee0f37ad',1,0,1394890968,1394890968,1394890968,'42.2.7.88','Mozilla/5.0 (Macintosh; Intel Mac OS X 10_7_5) AppleWebKit/537.74.9 (KHTML, like Gecko) Version/6.1.2 Safari/537.74.9','','index.php',1,0,0),('ed215dd112fd3e8298a556bbc3a3b475',1,0,1394904625,1394904625,1394904633,'69.84.207.246','Mozilla/4.0 (compatible; MSIE 7.0;Windows NT 5.1;.NET CLR 1.1.4322;.NET CLR 2.0.50727;.NET CLR 3.0.04506.30) Lightspeedsystems','','ucp.php?mode=register',1,0,0),('4d141dd8350e92cda69038c8c3bb784a',1,0,1394970336,1394970336,1394970336,'216.151.137.34','Mozilla/4.0 (compatible; MSIE 6.0; Windows NT 5.1; SV1)','','index.php',1,0,0),('f4de2e3ce4c5900bbc2ffddf90b19e19',43,0,1394971411,1394971411,1394971411,'38.111.147.83','TurnitinBot/3.0 (http://www.turnitin.com/robot/crawlerinfo.html)','','index.php',1,0,0),('840fe7782fd3144d0b70e7735084a223',1,0,1395014032,1395014032,1395014038,'85.17.75.221','Mozilla/4.0 (compatible; MSIE 6.0; Windows  NT 5.1; Q312461)','','ucp.php?mode=sendpassword',1,0,0),('2ff9359cded7ea91c4de807a8917182e',1,0,1395068198,1395068198,1395068198,'46.166.199.137','Mozilla/5.0 (Windows NT 5.1) AppleWebKit/535.2 (KHTML, like Gecko) Chrome/15.0.874.121 Safari/535.2','','index.php',1,0,0),('aa297d28b7f7c238cf57954e3a78fc77',1,0,1395160154,1395160154,1395160154,'37.187.24.122','','','index.php',1,0,0),('8efa00bac54a15deadedd19ba4fff6d5',1,0,1395212982,1395212982,1395212982,'54.215.164.189','Mozilla/5.0 (compatible; URLAppendBot/1.0; +http://www.profound.net/urlappendbot.html)','','index.php',1,0,0),('1a114c71cb51a3d129ac6d4d1880a8fa',1,0,1395245476,1395245476,1395245476,'91.221.84.227','Mozilla/5.0 (Windows NT 5.1) AppleWebKit/537.11 (KHTML, like Gecko) Chrome/23.0.1271.64 Safari/537.11','','index.php',1,0,0),('debb0217d3fdcf1734fbe723c4e6c426',1,0,1395280130,1395280130,1395280130,'128.70.253.6','Mozilla/4.0 (compatible; MSIE 5.5; Windows NT 5.0)','','index.php',1,0,0),('c5f9a9781458abcbaf1be51e49cdf990',1,0,1395284644,1395284644,1395284644,'128.70.253.6','Mozilla/4.0 (compatible; MSIE 5.5; Windows NT 5.0)','','index.php',1,0,0),('9e7814f48ea7f82d71a35125fcdb70d2',1,0,1395321760,1395321760,1395321760,'128.70.253.6','Mozilla/4.0 (compatible; MSIE 5.5; Windows NT 5.0)','','index.php',1,0,0),('0cf3e514f4aba954047fbcc9f638fd6c',1,0,1395321762,1395321762,1395321762,'128.70.253.6','Mozilla/4.0 (compatible; MSIE 5.5; Windows NT 5.0)','','index.php',1,0,0),('b657e6489f79398ab5eeef61714b7aed',1,0,1395335597,1395335597,1395335597,'91.203.190.195','Mozilla/5.0 (Windows NT 5.1; rv:27.0) Gecko/20100101 Firefox/27.0','','ucp.php?mode=register',1,0,0),('50208faed6c4e3d1b8d7cd6332397347',1,0,1395337909,1395337909,1395337909,'54.215.139.30','Mozilla/5.0 (compatible; URLAppendBot/1.0; +http://www.profound.net/urlappendbot.html)','','index.php',1,0,0),('81ecb758c01cdaba3539f5b4c4daa2f6',1,0,1395346596,1395346596,1395346596,'128.70.253.6','Mozilla/4.0 (compatible; MSIE 5.5; Windows NT 5.0)','','index.php',1,0,0),('5fcaa7cc24b3e67f2209249a6eda4130',1,0,1395346603,1395346603,1395346603,'128.70.253.6','Mozilla/4.0 (compatible; MSIE 5.5; Windows NT 5.0)','','index.php',1,0,0),('f6ba82f391d6faa690412ff41d443e68',1,0,1395418351,1395418351,1395418353,'46.166.199.137','Mozilla/5.0 (Windows NT 5.1) AppleWebKit/535.19 (KHTML, like Gecko) Chrome/18.0.1025.1634 Safari/535.19 YE','','ucp.php?mode=register',1,0,0),('abfb44a7a3f0c592ee2e8734d6080643',1,0,1395434690,1395434690,1395434690,'78.46.145.195','ScreenerBot Crawler Beta 2.0 (+http://www.ScreenerBot.com)','','index.php',1,0,0),('7dcbb4325c0a76a2a1796dfc381642d9',1,0,1395450021,1395450021,1395450021,'193.106.202.134','Mozilla/4.0 (compatible; MSIE 6.0; Windows NT 5.0)','','ucp.php?mode=register',1,0,0),('95af8d785c217b916012bc6b9c3262c4',1,0,1395482081,1395482081,1395482117,'112.101.64.58','Mozilla/5.0 (Windows NT 5.1) AppleWebKit/535.19 (KHTML, like Gecko) Chrome/18.0.1025.1634 Safari/535.19 YE','','ucp.php?mode=register',1,0,0),('fa2e69e250f1c88da747941e6938b1d4',1,0,1395516766,1395516766,1395516767,'92.113.234.201','Opera/9.80 (Windows NT 6.1; WOW64) Presto/2.12.388 Version/12.15','','ucp.php?mode=register',1,0,0),('64705748b280d09c5671da47da6859de',1,0,1395529337,1395529337,1395529337,'162.243.85.171','Mozilla/5.0 (compatible; spbot/4.0.9; +http://OpenLinkProfiler.org/bot )','','index.php',1,0,0),('603e2ce19c091b419dadef65adcac3b4',1,0,1395529416,1395529416,1395529416,'162.243.85.171','Mozilla/5.0 (compatible; spbot/4.0.9; +http://OpenLinkProfiler.org/bot )','','ucp.php?mode=login',1,0,0),('b6d51d04156bac29508eea1161f7911a',1,0,1395529421,1395529421,1395529421,'162.243.85.171','Mozilla/5.0 (compatible; spbot/4.0.9; +http://OpenLinkProfiler.org/bot )','','index.php',1,0,0),('a2a0901b9af2c05c632446cd22672b23',1,0,1395529477,1395529477,1395529477,'162.243.85.171','Mozilla/5.0 (compatible; spbot/4.0.9; +http://OpenLinkProfiler.org/bot )','','ucp.php?mode=register',1,0,0),('8916d123eea429b8ef8af4d736eecbef',1,0,1395529507,1395529507,1395529507,'162.243.85.171','Mozilla/5.0 (compatible; spbot/4.0.9; +http://OpenLinkProfiler.org/bot )','','ucp.php?mode=sendpassword',1,0,0),('53125ed3754d6d0659dcca408a1ee81b',1,0,1395607619,1395607619,1395607619,'123.125.71.50','Mozilla/5.0 (compatible; Baiduspider/2.0; +http://www.baidu.com/search/spider.html)','','index.php',1,0,0),('3e487e4f32a43539d3d782707376db35',1,0,1395819026,1395819026,1395819026,'27.55.12.14','Mozilla/5.0 (Windows; U; Windows NT 5.1; en-US; rv:1.7.7) Gecko/20050414 Firefox/1.0.3','','index.php',1,0,0),('dc60666b155dc16066594ddefff47e1c',1,0,1397775777,1397775777,1397775804,'195.234.136.80','Mozilla/5.0 (Windows NT 6.1; WOW64) AppleWebKit/535.7 (KHTML, like Gecko) Chrome/16.0.912.77 Safari/535.7','','ucp.php?mode=login',1,0,0),('86b1e1f0745b172d387af7abeafe1030',1,0,1395891453,1395891453,1395891453,'208.115.111.75','Mozilla/5.0 (compatible; Ezooms/1.0; help@moz.com)','','index.php',1,0,0),('1abf550ea40806193d9bd3bb29c96c33',1,0,1395927075,1395927075,1395927090,'69.204.208.250','Mozilla/5.0 (Windows NT 6.3; WOW64) AppleWebKit/537.36 (KHTML, like Gecko) Chrome/33.0.1750.154 Safari/537.36','','ucp.php?mode=login',1,0,0),('5f9fe4fed4655ea633dbecd57fedeaec',1,0,1395959081,1395959081,1395959127,'195.234.136.80','Mozilla/5.0 (Windows NT 6.1; WOW64) AppleWebKit/535.7 (KHTML, like Gecko) Chrome/16.0.912.77 Safari/535.7','','ucp.php?mode=login',1,0,0),('119179a09511ee961e7c6bc117022baa',1,0,1396036007,1396036007,1396036007,'100.43.83.145','Mozilla/5.0 (compatible; YandexImages/3.0; +http://yandex.com/bots)','','cron.php?cron_type=tidy_cache',1,0,0),('4c5cfd7603363a84ff8bf4c1159d7ed0',1,0,1396255798,1396255798,1396255799,'80.77.33.200','Mozilla/5.0 (Windows NT 6.3; WOW64) AppleWebKit/537.36 (KHTML, like Gecko) Chrome/32.0.1700.76 Safari/537.36','','ucp.php?mode=register',1,0,0),('d2c05dfd5680a740a33a592607e1036f',1,0,1396266471,1396266471,1396266471,'210.83.65.40','Opera/9.80 (Windows NT 5.1) Presto/2.12.388 Version/12.16','','index.php',1,0,0),('a68399bd84ed245e56c3e43d8d678182',1,0,1396330784,1396330784,1396330784,'208.115.113.91','Mozilla/5.0 (compatible; Ezooms/1.0; help@moz.com)','','ucp.php?mode=register',1,0,0),('2e1e5b668e8f142e6580be462bb21ef8',1,0,1396389760,1396389760,1396389760,'208.115.113.91','Mozilla/5.0 (compatible; Ezooms/1.0; help@moz.com)','','ucp.php?mode=login',1,0,0),('93a7b09cee9cfc0a0fb15844f56a8d0a',1,0,1396557882,1396557882,1396557882,'62.210.142.7','Mozilla/4.0 (compatible; MSIE 6.0; Windows NT 5.1; SV1)','','index.php',1,0,0),('cd58c96c0cd3dce6a7626496c5bbfa91',1,0,1396939669,1396939669,1396939669,'210.83.65.40','Mozilla/5.0 (Windows NT 6.3; WOW64) AppleWebKit/537.36 (KHTML, like Gecko) Chrome/32.0.1700.107 Safari/537.36','','index.php',1,0,0),('3e97c62857bdc5c7317177abd8e51bc5',1,0,1397114919,1397114919,1397114919,'195.234.136.80','Mozilla/5.0 (X11; Ubuntu; Linux x86_64; rv:10.0.1) Gecko/20100101 Firefox/10.0.1','','index.php',1,0,0),('c022aecd34a5b00f269aad651b72b8ea',1,0,1397139884,1397139884,1397139886,'221.176.23.242','Mozilla/4.0 (compatible; MSIE 6.0; Windows NT 5.0)','','ucp.php?mode=register',1,0,0),('a8517c140cf1b3e8349072e697699816',1,0,1397470831,1397470831,1397470863,'80.86.94.7','Mozilla/5.0 (compatible; WBSearchBot/1.1; +http://www.warebay.com/bot.html)','','ucp.php?mode=sendpassword',1,0,0),('21fd6a167c1436c6000037b1f5727758',1,0,1397478700,1397478700,1397478870,'81.144.138.34','Wotbox/2.01 (+http://www.wotbox.com/bot/)','','ucp.php?mode=register',1,0,0),('6fe9d815d90b02fed02c0aa2be7ef5d6',1,0,1397818560,1397818560,1397818560,'162.243.107.65','Mozilla/5.0 (compatible; spbot/4.0.9; +http://OpenLinkProfiler.org/bot )','','index.php',1,0,0),('9ab3d346325d25820818ca09f066256f',1,0,1397818649,1397818649,1397818649,'162.243.107.65','Mozilla/5.0 (compatible; spbot/4.0.9; +http://OpenLinkProfiler.org/bot )','','ucp.php?mode=login',1,0,0),('8963a79d2097678820d28b6eb384198c',1,0,1397818655,1397818655,1397818655,'162.243.107.65','Mozilla/5.0 (compatible; spbot/4.0.9; +http://OpenLinkProfiler.org/bot )','','index.php',1,0,0),('da7a9039cace4e18fbba59d0c8b4c155',1,0,1397818684,1397818684,1397818684,'162.243.107.65','Mozilla/5.0 (compatible; spbot/4.0.9; +http://OpenLinkProfiler.org/bot )','','ucp.php?mode=register',1,0,0),('396952474c7887a3aef3b89f32403d9b',1,0,1397818730,1397818730,1397818730,'162.243.107.65','Mozilla/5.0 (compatible; spbot/4.0.9; +http://OpenLinkProfiler.org/bot )','','ucp.php?mode=sendpassword',1,0,0),('e18d329c00c9aac8b06faec0abd0ba46',1,0,1397828677,1397828677,1397828681,'46.166.199.137','Mozilla/5.0 (Windows NT 6.3; WOW64) AppleWebKit/537.36 (KHTML, like Gecko) Chrome/32.0.1700.107 Safari/537.36','','ucp.php?mode=register',1,0,0),('b1baeeba16b77ef536b68df57d964e75',17,0,1399775735,1399775735,1399775735,'66.249.70.76','SAMSUNG-SGH-E250/1.0 Profile/MIDP-2.0 Configuration/CLDC-1.1 UP.Browser/6.2.3.3.c.1.101 (GUI) MMP/2.0 (compatible; Googlebot-Mobile/2.1; +http://www.','','index.php',1,0,0),('0b0e6ec82810afc7bcfac9c46162d30f',1,0,1398037114,1398037114,1398037114,'46.0.63.23','Mozilla/4.0 (compatible; MSIE 6.0; Windows NT 5.1)','','index.php',1,0,0),('60cef7b5a036ee2e80a2c683980eadad',1,0,1398160133,1398160133,1398160133,'208.115.113.91','Mozilla/5.0 (compatible; DotBot/1.1; http://www.opensiteexplorer.org/dotbot, help@moz.com)','','ucp.php?mode=register',1,0,0),('376638eff1a8745002e2827a59e25266',1,0,1398165906,1398165906,1398165906,'208.115.111.75','Mozilla/5.0 (compatible; DotBot/1.1; http://www.opensiteexplorer.org/dotbot, help@moz.com)','','index.php',1,0,0),('59853c41bd544b93cbee8d544c2fec13',1,0,1398187258,1398187258,1398187262,'209.153.21.11','Mozilla/5.0 (Macintosh; Intel Mac OS X 10_6_8) AppleWebKit/534.59.10 (KHTML, like Gecko) Version/5.1.9 Safari/534.59.10','','index.php',1,0,0),('1102ec26252eecfdd90d5eae6340111b',1,0,1398217517,1398217517,1398217517,'208.43.225.85','Mozilla/5.0 (compatible; SiteExplorer/1.0b; +http://SiteExplorer.Info/)','','index.php',1,0,0),('6e667764581f55aed45dbbe91209ea09',1,0,1398218444,1398218444,1398218444,'208.115.113.91','Mozilla/5.0 (compatible; DotBot/1.1; http://www.opensiteexplorer.org/dotbot, help@moz.com)','','ucp.php?mode=login',1,0,0),('8086f0a404a782337a06aa84474b82b5',1,0,1398298342,1398298342,1398298342,'210.83.65.40','Mozilla/5.0 (Windows NT 6.3; WOW64) AppleWebKit/537.36 (KHTML, like Gecko) Chrome/32.0.1700.76 Safari/537.36','','index.php',1,0,0),('d98c3f1dfb6e834af5debc9fb0e57763',1,0,1398306536,1398306536,1398306536,'195.234.136.80','Mozilla/5.0 (X11; Ubuntu; Linux x86_64; rv:10.0.1) Gecko/20100101 Firefox/10.0.1','','index.php',1,0,0),('a61238a77a684ce496c27bc060f3c1b9',1,0,1398590120,1398590120,1398590120,'208.117.14.238','Mozilla/5.0 (Windows; U; Windows NT 5.1; en-US; rv:1.9.2.13) Gecko/20101203 Firefox/3.6.13 (.NET CLR 3.5.30729) FBSMTWB','','ucp.php?mode=register',1,0,0),('a7c4a51c07bec96b5c325ba7db5dd542',1,0,1398438175,1398438175,1398438175,'77.172.150.206','Java/1.6.0_04','','index.php',1,0,0),('e65f2e3f5050e47bec76ce1184dcb541',1,0,1398468437,1398468437,1398468437,'180.76.6.40','Mozilla/5.0 (compatible; Baiduspider/2.0; +http://www.baidu.com/search/spider.html)','','index.php',1,0,0),('6397762b0a8ba81e7bd9c6d878947b86',1,0,1398470826,1398470826,1398470826,'217.69.133.245','Mozilla/5.0 (compatible; Linux x86_64; Mail.RU_Bot/2.0; +http://go.mail.ru/help/robots)','','index.php',1,0,0),('7036022fcc1b931cf8e00f5e1db439cc',1,0,1398498954,1398498954,1398498954,'109.173.24.194','Mozilla/5.0 (Windows NT 6.1; WOW64; rv:26.0) Gecko/20100101 Firefox/26.0','','index.php',1,0,0),('fb1ad9addfee22b8d2b2387d7fdd47b7',1,0,1398578271,1398578271,1398578273,'46.166.199.137','Mozilla/5.0 (Windows NT 6.1; WOW64; rv:26.0) Gecko/20100101 Firefox/26.0','','index.php',1,0,0),('e9eea4468cdcd58109abe5e9933ddba9',1,0,1398590119,1398590119,1398590119,'67.202.88.254','Mozilla/5.0 (X11; U; Linux i686; en-US) AppleWebKit/534.15 (KHTML, like Gecko) Ubuntu/10.04 Chromium/10.0.612.3 Chrome/10.0.612.3 Safari/534.15','','index.php',1,0,0),('816d88cbdbcd419c47bc6d2a235163b1',1,0,1398590121,1398590121,1398590121,'199.233.239.221','Mozilla/5.0 (Windows NT 6.0) AppleWebKit/534.30 (KHTML, like Gecko) Chrome/12.0.742.100 Safari/534.30','','ucp.php?mode=login',1,0,0),('febff8aa2d3305c1ac2540e5d3268409',1,0,1398735254,1398735254,1398735423,'108.178.61.130','Mozilla/5.0 (compatible; BLEXBot/1.0; +http://webmeup-crawler.com/)','','ucp.php?mode=register',1,0,0),('1d7cc1c0e3a3ec75607e3cbe63daef19',1,0,1399508398,1399508398,1399508398,'54.197.82.168','Ruby','','index.php',1,0,0),('8ed92576ca964deecbb806e7b312ba53',1,0,1399520052,1399520052,1399520052,'54.219.162.240','Mozilla/5.0 (compatible; URLAppendBot/1.0; +http://www.profound.net/urlappendbot.html)','','index.php',1,0,0),('0b3280a4dd0e366110949433ef44e224',1,0,1399539221,1399539221,1399539221,'193.28.178.55','Mozilla/5.0 (X11; Ubuntu; Linux x86_64; rv:10.0.1) Gecko/20100101 Firefox/10.0.1','','index.php',1,0,0),('2d7588fb1f9b9dc00948f1d892709f33',1,0,1399542778,1399542778,1399542778,'212.90.42.17','Mozilla/1.22 (compatible; MSIE 2.0d; Windows NT)','','index.php',1,0,0),('4e931a071d9eb8defe3d6073cf8a2eb2',1,0,1399567792,1399567792,1399567792,'50.205.44.38','Mozilla/5.0 (Windows NT 6.3; WOW64) AppleWebKit/537.36 (KHTML, like Gecko) Chrome/34.0.1847.131 Safari/537.36','','index.php',1,0,0),('334f67dc35e0591e3e09bb1e2556ddad',1,0,1399575947,1399575947,1399575947,'54.219.179.79','Mozilla/5.0 (compatible; URLAppendBot/1.0; +http://www.profound.net/urlappendbot.html)','','index.php',1,0,0),('cd610ccbbda10661864c8aabe3f6e284',1,0,1399619839,1399619839,1399619839,'71.177.184.59','Gimme60/Nutch-1.8 (page refresh: please visit gimme60.com; gimme60.com; support _AT__SIGN_ gimmie60 _DOT_COM_)','','index.php',1,0,0),('5391b9302988f34b70bbc75a494948ff',1,0,1399630773,1399630773,1399630773,'54.219.181.5','Mozilla/5.0 (compatible; URLAppendBot/1.0; +http://www.profound.net/urlappendbot.html)','','index.php',1,0,0),('a4b9651617e8b5bf658223e87768b525',1,0,1399645229,1399645229,1399645229,'144.76.71.146','Mozilla/5.0 (compatible; SISTRIX Crawler; http://crawler.sistrix.net/)','','index.php',1,0,0),('26a470b85d9936ea3572c07ce23d26ed',1,0,1399668051,1399668051,1399668051,'69.162.130.116','Mozilla/5.0 (Macintosh; U; Intel Mac OS X 10.5; en-US; rv:1.9.0.8) Gecko/2009032608 Firefox/3.0.8','','ucp.php?mode=register',1,0,0),('2ad4250b7df59a6b8e18cb1be4cc6780',1,0,1399668050,1399668050,1399668050,'162.213.223.60','Mozilla/5.0 (Windows; U; Windows NT 5.1; en-US; rv:1.9.0.4) Gecko/2008102920 Firefox/3.0.5','','index.php',1,0,0),('1a600bf6b20e21bc559b57314d6d55e4',1,0,1399668052,1399668052,1399668052,'69.197.13.35','Mozilla/5.0 (Windows; U; Windows NT 6.1; x64; fr; rv:1.9.2.13) Gecko/20101203 Firefox/3.6.13','','ucp.php?mode=login',1,0,0),('a7442631bd71ba8de696c30310d0635f',1,0,1399690617,1399690617,1399690617,'54.219.178.245','Mozilla/5.0 (compatible; URLAppendBot/1.0; +http://www.profound.net/urlappendbot.html)','','index.php',1,0,0),('0a46ae86218a0043255fcdd6fb23a242',1,0,1399759491,1399759491,1399759491,'107.170.48.98','Mozilla/5.0 (compatible; spbot/4.1.0; +http://OpenLinkProfiler.org/bot )','','index.php',1,0,0),('92e09c865716787e80756ec6ba568056',1,0,1399759571,1399759571,1399759571,'107.170.48.98','Mozilla/5.0 (compatible; spbot/4.1.0; +http://OpenLinkProfiler.org/bot )','','ucp.php?mode=login',1,0,0),('cc5f7e39c892ec530d6469bac66c3b27',1,0,1399759575,1399759575,1399759575,'107.170.48.98','Mozilla/5.0 (compatible; spbot/4.1.0; +http://OpenLinkProfiler.org/bot )','','index.php',1,0,0),('280fa0e223df2853b89c047296a0fd41',1,0,1399759616,1399759616,1399759616,'107.170.48.98','Mozilla/5.0 (compatible; spbot/4.1.0; +http://OpenLinkProfiler.org/bot )','','ucp.php?mode=register',1,0,0),('3555455cb5fb1cb68df4aeb81801fceb',1,0,1399759661,1399759661,1399759661,'107.170.48.98','Mozilla/5.0 (compatible; spbot/4.1.0; +http://OpenLinkProfiler.org/bot )','','ucp.php?mode=sendpassword',1,0,0),('c0179841e1bb49d5655d6509acc61940',1,0,1399794635,1399794635,1399794635,'180.76.6.29','Mozilla/5.0 (compatible; Baiduspider/2.0; +http://www.baidu.com/search/spider.html)','','ucp.php?mode=login',1,0,0),('0d3f66af8b909cb7e51173c62c0beb36',1,0,1399795237,1399795237,1399795237,'54.219.180.125','Mozilla/5.0 (compatible; URLAppendBot/1.0; +http://www.profound.net/urlappendbot.html)','','index.php',1,0,0),('f361166fb9c9c93758bd74a0e3fecb89',1,0,1399798734,1399798734,1399798735,'213.238.175.66','Mozilla/5.0 (Windows NT 6.1; WOW64) AppleWebKit/537.36 (KHTML, like Gecko) Chrome/33.0.1750.117 Safari/537.36 OPR/20.0.1387.64','','ucp.php?mode=register',1,0,0),('4f52cb82536bc6f3051593931a52426f',1,0,1399822521,1399822521,1399822521,'54.219.178.250','Mozilla/5.0 (compatible; URLAppendBot/1.0; +http://www.profound.net/urlappendbot.html)','','index.php',1,0,0);

--
-- Table structure for table `phpbb_sessions_keys`
--

CREATE TABLE `phpbb_sessions_keys` (
  `key_id` char(32) NOT NULL DEFAULT '',
  `user_id` mediumint(8) unsigned NOT NULL DEFAULT '0',
  `last_ip` varchar(40) NOT NULL DEFAULT '',
  `last_login` int(11) unsigned NOT NULL DEFAULT '0',
  PRIMARY KEY (`key_id`,`user_id`),
  KEY `last_login` (`last_login`)
) ENGINE=MyISAM DEFAULT CHARSET=latin1;

--
-- Dumping data for table `phpbb_sessions_keys`
--

INSERT INTO `phpbb_sessions_keys` VALUES ('21af6e2daae02959b7521d5ef5ea2d4d',57,'24.167.165.214',1331519262),('6b8b7507d97b2ff3029bd2e1db642faf',62,'70.75.24.136',1331174952),('087fed8110ac89fb44f0ff053814f4de',62,'70.75.24.136',1330656739),('7a5c45466e078a62b023a195b31a58c4',60,'206.45.155.248',1334931753),('46a58217441219053576ba6bbee809bb',67,'75.54.30.88',1361799548),('42a19d0c8ddf627542f644885496f0e3',64,'68.58.148.17',1330817115),('a498ad516bd6527f00393032ff657c80',65,'80.176.133.157',1332854093),('6f17c7d7de232812e4634ef7e5de78e4',62,'174.0.67.160',1331070963),('b6b738cceca8bcc43a7a78850cd971c9',62,'174.0.67.160',1331140837),('498eb40120bcf120e3addc1db61f4091',62,'174.0.67.160',1331238827),('4468ee3e113786504dbfebd677d1ed62',61,'24.98.61.227',1331662645),('c1d56fe168b334c4670f947b38d7eb56',70,'98.100.167.246',1339001437),('4d7abacac40cb30b8d97e45a99c15012',68,'71.68.61.69',1343132910),('69b85eac4c57d8dc9436a20515c6e404',64,'68.58.148.17',1335761227),('04453cb522d2b13c56e235717766c880',66,'66.72.176.14',1339535373),('b2e56b832271b23d7fc5343bdb9a73be',72,'72.80.135.141',1365352802),('d7f865883651bac85ea517c60136fc62',59,'66.57.253.158',1391201165);

--
-- Table structure for table `phpbb_sitelist`
--

CREATE TABLE `phpbb_sitelist` (
  `site_id` mediumint(8) unsigned NOT NULL AUTO_INCREMENT,
  `site_ip` varchar(40) NOT NULL DEFAULT '',
  `site_hostname` varchar(255) NOT NULL DEFAULT '',
  `ip_exclude` tinyint(1) unsigned NOT NULL DEFAULT '0',
  PRIMARY KEY (`site_id`)
) ENGINE=MyISAM DEFAULT CHARSET=latin1;

--
-- Dumping data for table `phpbb_sitelist`
--


--
-- Table structure for table `phpbb_smilies`
--

CREATE TABLE `phpbb_smilies` (
  `smiley_id` mediumint(8) unsigned NOT NULL AUTO_INCREMENT,
  `code` varchar(50) NOT NULL DEFAULT '',
  `emotion` varchar(50) NOT NULL DEFAULT '',
  `smiley_url` varchar(50) NOT NULL DEFAULT '',
  `smiley_width` smallint(4) unsigned NOT NULL DEFAULT '0',
  `smiley_height` smallint(4) unsigned NOT NULL DEFAULT '0',
  `smiley_order` mediumint(8) unsigned NOT NULL DEFAULT '0',
  `display_on_posting` tinyint(1) unsigned NOT NULL DEFAULT '1',
  PRIMARY KEY (`smiley_id`),
  KEY `display_on_post` (`display_on_posting`)
) ENGINE=MyISAM AUTO_INCREMENT=43 DEFAULT CHARSET=latin1;

--
-- Dumping data for table `phpbb_smilies`
--

INSERT INTO `phpbb_smilies` VALUES (1,':D','Very Happy','icon_e_biggrin.gif',15,17,1,1),(2,':-D','Very Happy','icon_e_biggrin.gif',15,17,2,1),(3,':grin:','Very Happy','icon_e_biggrin.gif',15,17,3,1),(4,':)','Smile','icon_e_smile.gif',15,17,4,1),(5,':-)','Smile','icon_e_smile.gif',15,17,5,1),(6,':smile:','Smile','icon_e_smile.gif',15,17,6,1),(7,';)','Wink','icon_e_wink.gif',15,17,7,1),(8,';-)','Wink','icon_e_wink.gif',15,17,8,1),(9,':wink:','Wink','icon_e_wink.gif',15,17,9,1),(10,':(','Sad','icon_e_sad.gif',15,17,10,1),(11,':-(','Sad','icon_e_sad.gif',15,17,11,1),(12,':sad:','Sad','icon_e_sad.gif',15,17,12,1),(13,':o','Surprised','icon_e_surprised.gif',15,17,13,1),(14,':-o','Surprised','icon_e_surprised.gif',15,17,14,1),(15,':eek:','Surprised','icon_e_surprised.gif',15,17,15,1),(16,':shock:','Shocked','icon_eek.gif',15,17,16,1),(17,':?','Confused','icon_e_confused.gif',15,17,17,1),(18,':-?','Confused','icon_e_confused.gif',15,17,18,1),(19,':???:','Confused','icon_e_confused.gif',15,17,19,1),(20,'8-)','Cool','icon_cool.gif',15,17,20,1),(21,':cool:','Cool','icon_cool.gif',15,17,21,1),(22,':lol:','Laughing','icon_lol.gif',15,17,22,1),(23,':x','Mad','icon_mad.gif',15,17,23,1),(24,':-x','Mad','icon_mad.gif',15,17,24,1),(25,':mad:','Mad','icon_mad.gif',15,17,25,1),(26,':P','Razz','icon_razz.gif',15,17,26,1),(27,':-P','Razz','icon_razz.gif',15,17,27,1),(28,':razz:','Razz','icon_razz.gif',15,17,28,1),(29,':oops:','Embarrassed','icon_redface.gif',15,17,29,1),(30,':cry:','Crying or Very Sad','icon_cry.gif',15,17,30,1),(31,':evil:','Evil or Very Mad','icon_evil.gif',15,17,31,1),(32,':twisted:','Twisted Evil','icon_twisted.gif',15,17,32,1),(33,':roll:','Rolling Eyes','icon_rolleyes.gif',15,17,33,1),(34,':!:','Exclamation','icon_exclaim.gif',15,17,34,1),(35,':?:','Question','icon_question.gif',15,17,35,1),(36,':idea:','Idea','icon_idea.gif',15,17,36,1),(37,':arrow:','Arrow','icon_arrow.gif',15,17,37,1),(38,':|','Neutral','icon_neutral.gif',15,17,38,1),(39,':-|','Neutral','icon_neutral.gif',15,17,39,1),(40,':mrgreen:','Mr. Green','icon_mrgreen.gif',15,17,40,1),(41,':geek:','Geek','icon_e_geek.gif',17,17,41,1),(42,':ugeek:','Uber Geek','icon_e_ugeek.gif',17,18,42,1);

--
-- Table structure for table `phpbb_styles`
--

CREATE TABLE `phpbb_styles` (
  `style_id` mediumint(8) unsigned NOT NULL AUTO_INCREMENT,
  `style_name` varchar(255) NOT NULL DEFAULT '',
  `style_copyright` varchar(255) NOT NULL DEFAULT '',
  `style_active` tinyint(1) unsigned NOT NULL DEFAULT '1',
  `template_id` mediumint(8) unsigned NOT NULL DEFAULT '0',
  `theme_id` mediumint(8) unsigned NOT NULL DEFAULT '0',
  `imageset_id` mediumint(8) unsigned NOT NULL DEFAULT '0',
  PRIMARY KEY (`style_id`),
  UNIQUE KEY `style_name` (`style_name`),
  KEY `template_id` (`template_id`),
  KEY `theme_id` (`theme_id`),
  KEY `imageset_id` (`imageset_id`)
) ENGINE=MyISAM AUTO_INCREMENT=3 DEFAULT CHARSET=latin1;

--
-- Dumping data for table `phpbb_styles`
--

INSERT INTO `phpbb_styles` VALUES (1,'prosilver','© phpBB Group',1,1,1,1),(2,'andreahalsey','cAndreaHalseyPhotographyLLC',1,2,2,2);

--
-- Table structure for table `phpbb_styles_imageset`
--

CREATE TABLE `phpbb_styles_imageset` (
  `imageset_id` mediumint(8) unsigned NOT NULL AUTO_INCREMENT,
  `imageset_name` varchar(255) NOT NULL DEFAULT '',
  `imageset_copyright` varchar(255) NOT NULL DEFAULT '',
  `imageset_path` varchar(100) NOT NULL DEFAULT '',
  PRIMARY KEY (`imageset_id`),
  UNIQUE KEY `imgset_nm` (`imageset_name`)
) ENGINE=MyISAM AUTO_INCREMENT=3 DEFAULT CHARSET=latin1;

--
-- Dumping data for table `phpbb_styles_imageset`
--

INSERT INTO `phpbb_styles_imageset` VALUES (1,'prosilver','&copy; phpBB Group','prosilver'),(2,'andreahalsey','&copy; 2012 The Designer Concept','andreahalsey');

--
-- Table structure for table `phpbb_styles_imageset_data`
--

CREATE TABLE `phpbb_styles_imageset_data` (
  `image_id` mediumint(8) unsigned NOT NULL AUTO_INCREMENT,
  `image_name` varchar(200) NOT NULL DEFAULT '',
  `image_filename` varchar(200) NOT NULL DEFAULT '',
  `image_lang` varchar(30) NOT NULL DEFAULT '',
  `image_height` smallint(4) unsigned NOT NULL DEFAULT '0',
  `image_width` smallint(4) unsigned NOT NULL DEFAULT '0',
  `imageset_id` mediumint(8) unsigned NOT NULL DEFAULT '0',
  PRIMARY KEY (`image_id`),
  KEY `i_d` (`imageset_id`)
) ENGINE=MyISAM AUTO_INCREMENT=889 DEFAULT CHARSET=latin1;

--
-- Dumping data for table `phpbb_styles_imageset_data`
--

INSERT INTO `phpbb_styles_imageset_data` VALUES (1,'site_logo','site_logo.gif','',52,139,1),(2,'forum_link','forum_link.gif','',27,27,1),(3,'forum_read','forum_read.gif','',27,27,1),(4,'forum_read_locked','forum_read_locked.gif','',27,27,1),(5,'forum_read_subforum','forum_read_subforum.gif','',27,27,1),(6,'forum_unread','forum_unread.gif','',27,27,1),(7,'forum_unread_locked','forum_unread_locked.gif','',27,27,1),(8,'forum_unread_subforum','forum_unread_subforum.gif','',27,27,1),(9,'topic_moved','topic_moved.gif','',27,27,1),(10,'topic_read','topic_read.gif','',27,27,1),(11,'topic_read_mine','topic_read_mine.gif','',27,27,1),(12,'topic_read_hot','topic_read_hot.gif','',27,27,1),(13,'topic_read_hot_mine','topic_read_hot_mine.gif','',27,27,1),(14,'topic_read_locked','topic_read_locked.gif','',27,27,1),(15,'topic_read_locked_mine','topic_read_locked_mine.gif','',27,27,1),(16,'topic_unread','topic_unread.gif','',27,27,1),(17,'topic_unread_mine','topic_unread_mine.gif','',27,27,1),(18,'topic_unread_hot','topic_unread_hot.gif','',27,27,1),(19,'topic_unread_hot_mine','topic_unread_hot_mine.gif','',27,27,1),(20,'topic_unread_locked','topic_unread_locked.gif','',27,27,1),(21,'topic_unread_locked_mine','topic_unread_locked_mine.gif','',27,27,1),(22,'sticky_read','sticky_read.gif','',27,27,1),(23,'sticky_read_mine','sticky_read_mine.gif','',27,27,1),(24,'sticky_read_locked','sticky_read_locked.gif','',27,27,1),(25,'sticky_read_locked_mine','sticky_read_locked_mine.gif','',27,27,1),(26,'sticky_unread','sticky_unread.gif','',27,27,1),(27,'sticky_unread_mine','sticky_unread_mine.gif','',27,27,1),(28,'sticky_unread_locked','sticky_unread_locked.gif','',27,27,1),(29,'sticky_unread_locked_mine','sticky_unread_locked_mine.gif','',27,27,1),(30,'announce_read','announce_read.gif','',27,27,1),(31,'announce_read_mine','announce_read_mine.gif','',27,27,1),(32,'announce_read_locked','announce_read_locked.gif','',27,27,1),(33,'announce_read_locked_mine','announce_read_locked_mine.gif','',27,27,1),(34,'announce_unread','announce_unread.gif','',27,27,1),(35,'announce_unread_mine','announce_unread_mine.gif','',27,27,1),(36,'announce_unread_locked','announce_unread_locked.gif','',27,27,1),(37,'announce_unread_locked_mine','announce_unread_locked_mine.gif','',27,27,1),(38,'global_read','announce_read.gif','',27,27,1),(39,'global_read_mine','announce_read_mine.gif','',27,27,1),(40,'global_read_locked','announce_read_locked.gif','',27,27,1),(41,'global_read_locked_mine','announce_read_locked_mine.gif','',27,27,1),(42,'global_unread','announce_unread.gif','',27,27,1),(43,'global_unread_mine','announce_unread_mine.gif','',27,27,1),(44,'global_unread_locked','announce_unread_locked.gif','',27,27,1),(45,'global_unread_locked_mine','announce_unread_locked_mine.gif','',27,27,1),(46,'pm_read','topic_read.gif','',27,27,1),(47,'pm_unread','topic_unread.gif','',27,27,1),(48,'icon_back_top','icon_back_top.gif','',11,11,1),(49,'icon_contact_aim','icon_contact_aim.gif','',20,20,1),(50,'icon_contact_email','icon_contact_email.gif','',20,20,1),(51,'icon_contact_icq','icon_contact_icq.gif','',20,20,1),(52,'icon_contact_jabber','icon_contact_jabber.gif','',20,20,1),(53,'icon_contact_msnm','icon_contact_msnm.gif','',20,20,1),(54,'icon_contact_www','icon_contact_www.gif','',20,20,1),(55,'icon_contact_yahoo','icon_contact_yahoo.gif','',20,20,1),(56,'icon_post_delete','icon_post_delete.gif','',20,20,1),(57,'icon_post_info','icon_post_info.gif','',20,20,1),(58,'icon_post_report','icon_post_report.gif','',20,20,1),(59,'icon_post_target','icon_post_target.gif','',9,11,1),(60,'icon_post_target_unread','icon_post_target_unread.gif','',9,11,1),(61,'icon_topic_attach','icon_topic_attach.gif','',10,7,1),(62,'icon_topic_latest','icon_topic_latest.gif','',9,11,1),(63,'icon_topic_newest','icon_topic_newest.gif','',9,11,1),(64,'icon_topic_reported','icon_topic_reported.gif','',14,16,1),(65,'icon_topic_unapproved','icon_topic_unapproved.gif','',14,16,1),(66,'icon_user_warn','icon_user_warn.gif','',20,20,1),(67,'subforum_read','subforum_read.gif','',9,11,1),(68,'subforum_unread','subforum_unread.gif','',9,11,1),(69,'icon_contact_pm','icon_contact_pm.gif','en',20,28,1),(70,'icon_post_edit','icon_post_edit.gif','en',20,42,1),(71,'icon_post_quote','icon_post_quote.gif','en',20,54,1),(72,'icon_user_online','icon_user_online.gif','en',58,58,1),(73,'button_pm_forward','button_pm_forward.gif','en',25,96,1),(74,'button_pm_new','button_pm_new.gif','en',25,84,1),(75,'button_pm_reply','button_pm_reply.gif','en',25,96,1),(76,'button_topic_locked','button_topic_locked.gif','en',25,88,1),(77,'button_topic_new','button_topic_new.gif','en',25,96,1),(78,'button_topic_reply','button_topic_reply.gif','en',25,96,1),(888,'button_topic_reply','button_topic_reply.gif','en',0,0,2),(887,'button_topic_new','button_topic_new.gif','en',0,0,2),(886,'button_topic_locked','button_topic_locked.gif','en',0,0,2),(885,'button_pm_reply','button_pm_reply.gif','en',0,0,2),(884,'button_pm_new','button_pm_new.gif','en',0,0,2),(883,'icon_user_warn','icon_user_warn.gif','en',0,0,2),(882,'icon_user_search','icon_user_search.gif','en',0,0,2),(881,'icon_user_profile','icon_user_profile.gif','en',0,0,2),(880,'icon_user_offline','icon_user_offline.gif','en',0,0,2),(879,'icon_user_online','icon_user_online.gif','en',0,0,2),(876,'icon_post_info','icon_post_info.gif','en',0,0,2),(878,'icon_post_report','icon_post_report.gif','en',0,0,2),(877,'icon_post_quote','icon_post_quote.gif','en',0,0,2),(875,'icon_post_edit','icon_post_edit.gif','en',0,0,2),(874,'icon_post_delete','icon_post_delete.gif','en',0,0,2),(873,'icon_contact_www','icon_contact_www.gif','en',0,0,2),(872,'icon_contact_yahoo','icon_contact_yahoo.gif','en',0,0,2),(871,'icon_contact_pm','icon_contact_pm.gif','en',0,0,2),(870,'icon_contact_msnm','icon_contact_msnm.gif','en',0,0,2),(869,'icon_contact_jabber','icon_contact_jabber.gif','en',0,0,2),(868,'icon_contact_icq','icon_contact_icq.gif','en',0,0,2),(867,'icon_contact_email','icon_contact_email.gif','en',0,0,2),(864,'icon_topic_reported','icon_topic_reported.gif','',18,19,2),(865,'icon_topic_unapproved','icon_topic_unapproved.gif','',18,19,2),(866,'icon_contact_aim','icon_contact_aim.gif','en',0,0,2),(863,'icon_topic_newest','icon_topic_newest.gif','',9,18,2),(860,'icon_post_target_unread','icon_post_target_unread.gif','',9,12,2),(861,'icon_topic_attach','icon_topic_attach.gif','',18,14,2),(862,'icon_topic_latest','icon_topic_latest.gif','',9,18,2),(859,'icon_post_target','icon_post_target.gif','',9,12,2),(857,'pm_read','topic_read.gif','',18,19,2),(858,'pm_unread','topic_unread.gif','',18,19,2),(856,'global_unread_locked_mine','announce_unread_locked_mine.gif','',18,19,2),(855,'global_unread_locked','announce_unread_locked.gif','',18,19,2),(853,'global_unread','announce_unread.gif','',18,19,2),(854,'global_unread_mine','announce_unread_mine.gif','',18,19,2),(852,'global_read_locked_mine','announce_read_locked_mine.gif','',18,19,2),(850,'global_read_mine','announce_read_mine.gif','',18,19,2),(851,'global_read_locked','announce_read_locked.gif','',18,19,2),(848,'announce_unread_locked_mine','announce_unread_locked_mine.gif','',18,19,2),(849,'global_read','announce_read.gif','',18,19,2),(847,'announce_unread_locked','announce_unread_locked.gif','',18,19,2),(845,'announce_unread','announce_unread.gif','',18,19,2),(846,'announce_unread_mine','announce_unread_mine.gif','',18,19,2),(839,'sticky_unread_locked','sticky_unread_locked.gif','',18,19,2),(840,'sticky_unread_locked_mine','sticky_unread_locked_mine.gif','',18,19,2),(844,'announce_read_locked_mine','announce_read_locked_mine.gif','',18,19,2),(843,'announce_read_locked','announce_read_locked.gif','',18,19,2),(842,'announce_read_mine','announce_read_mine.gif','',18,19,2),(841,'announce_read','announce_read.gif','',18,19,2),(838,'sticky_unread_mine','sticky_unread_mine.gif','',18,19,2),(837,'sticky_unread','sticky_unread.gif','',18,19,2),(836,'sticky_read_locked_mine','sticky_read_locked_mine.gif','',18,19,2),(835,'sticky_read_locked','sticky_read_locked.gif','',18,19,2),(834,'sticky_read_mine','sticky_read_mine.gif','',18,19,2),(832,'topic_unread_locked_mine','topic_unread_locked_mine.gif','',18,19,2),(833,'sticky_read','sticky_read.gif','',18,19,2),(831,'topic_unread_locked','topic_unread_locked.gif','',18,19,2),(830,'topic_unread_hot_mine','topic_unread_hot_mine.gif','',18,19,2),(829,'topic_unread_hot','topic_unread_hot.gif','',18,19,2),(827,'topic_unread','topic_unread.gif','',18,19,2),(828,'topic_unread_mine','topic_unread_mine.gif','',18,19,2),(826,'topic_read_locked_mine','topic_read_locked_mine.gif','',18,19,2),(825,'topic_read_locked','topic_read_locked.gif','',18,19,2),(824,'topic_read_hot_mine','topic_read_hot_mine.gif','',18,19,2),(823,'topic_read_hot','topic_read_hot.gif','',18,19,2),(822,'topic_read_mine','topic_read_mine.gif','',18,19,2),(821,'topic_read','topic_read.gif','',18,19,2),(819,'forum_unread_subforum','forum_unread_subforum.gif','',25,46,2),(820,'topic_moved','topic_moved.gif','',18,19,2),(818,'forum_unread_locked','forum_unread_locked.png','',25,46,2),(817,'forum_unread','forum_unread.png','',25,46,2),(816,'forum_read_subforum','forum_read_subforum.gif','',25,46,2),(815,'forum_read_locked','forum_read_locked.png','',25,46,2),(814,'forum_read','forum_read.png','',25,46,2),(813,'forum_link','forum_link.gif','',25,46,2),(812,'poll_right','poll_right.gif','',12,4,2),(811,'poll_center','poll_center.gif','',12,1,2),(810,'poll_left','poll_left.gif','',12,4,2),(809,'upload_bar','upload_bar.gif','',16,280,2),(808,'site_logo','site_logo.gif','',94,170,2);

--
-- Table structure for table `phpbb_styles_template`
--

CREATE TABLE `phpbb_styles_template` (
  `template_id` mediumint(8) unsigned NOT NULL AUTO_INCREMENT,
  `template_name` varchar(255) NOT NULL DEFAULT '',
  `template_copyright` varchar(255) NOT NULL DEFAULT '',
  `template_path` varchar(100) NOT NULL DEFAULT '',
  `bbcode_bitfield` varchar(255) NOT NULL DEFAULT 'kNg=',
  `template_storedb` tinyint(1) unsigned NOT NULL DEFAULT '0',
  `template_inherits_id` int(4) unsigned NOT NULL DEFAULT '0',
  `template_inherit_path` varchar(255) NOT NULL DEFAULT '',
  PRIMARY KEY (`template_id`),
  UNIQUE KEY `tmplte_nm` (`template_name`)
) ENGINE=MyISAM AUTO_INCREMENT=3 DEFAULT CHARSET=latin1;

--
-- Dumping data for table `phpbb_styles_template`
--

INSERT INTO `phpbb_styles_template` VALUES (1,'prosilver','&copy; phpBB Group','prosilver','lNg=',0,0,''),(2,'andreahalsey','&copy; 2012 The Designer Concept','andreahalsey','+Ng=',0,0,'');

--
-- Table structure for table `phpbb_styles_template_data`
--

CREATE TABLE `phpbb_styles_template_data` (
  `template_id` mediumint(8) unsigned NOT NULL DEFAULT '0',
  `template_filename` varchar(100) NOT NULL DEFAULT '',
  `template_included` text NOT NULL,
  `template_mtime` int(11) unsigned NOT NULL DEFAULT '0',
  `template_data` mediumtext NOT NULL,
  KEY `tid` (`template_id`),
  KEY `tfn` (`template_filename`)
) ENGINE=MyISAM DEFAULT CHARSET=latin1;

--
-- Dumping data for table `phpbb_styles_template_data`
--


--
-- Table structure for table `phpbb_styles_theme`
--

CREATE TABLE `phpbb_styles_theme` (
  `theme_id` mediumint(8) unsigned NOT NULL AUTO_INCREMENT,
  `theme_name` varchar(255) NOT NULL DEFAULT '',
  `theme_copyright` varchar(255) NOT NULL DEFAULT '',
  `theme_path` varchar(100) NOT NULL DEFAULT '',
  `theme_storedb` tinyint(1) unsigned NOT NULL DEFAULT '0',
  `theme_mtime` int(11) unsigned NOT NULL DEFAULT '0',
  `theme_data` mediumtext NOT NULL,
  PRIMARY KEY (`theme_id`),
  UNIQUE KEY `theme_name` (`theme_name`)
) ENGINE=MyISAM AUTO_INCREMENT=3 DEFAULT CHARSET=latin1;

--
-- Dumping data for table `phpbb_styles_theme`
--

INSERT INTO `phpbb_styles_theme` VALUES (1,'prosilver','&copy; phpBB Group','prosilver',1,1329070278,'/*  phpBB3 Style Sheet\n    --------------------------------------------------------------\n	Style name:			prosilver (the default phpBB 3.0.x style)\n	Based on style:		\n	Original author:	Tom Beddard ( http://www.subblue.com/ )\n	Modified by:		phpBB Group ( http://www.phpbb.com/ )\n    --------------------------------------------------------------\n*/\n\n/* General Markup Styles\n---------------------------------------- */\n\n* {\n	/* Reset browsers default margin, padding and font sizes */\n	margin: 0;\n	padding: 0;\n}\n\nhtml {\n	font-size: 100%;\n	/* Always show a scrollbar for short pages - stops the jump when the scrollbar appears. non-IE browsers */\n	height: 101%;\n}\n\nbody {\n	/* Text-Sizing with ems: http://www.clagnut.com/blog/348/ */\n	font-family: Verdana, Helvetica, Arial, sans-serif;\n	color: #828282;\n	background-color: #FFFFFF;\n	/*font-size: 62.5%;			 This sets the default font size to be equivalent to 10px */\n	font-size: 10px;\n	margin: 0;\n	padding: 12px 0;\n}\n\nh1 {\n	/* Forum name */\n	font-family: \"Trebuchet MS\", Arial, Helvetica, sans-serif;\n	margin-right: 200px;\n	color: #FFFFFF;\n	margin-top: 15px;\n	font-weight: bold;\n	font-size: 2em;\n}\n\nh2 {\n	/* Forum header titles */\n	font-family: \"Trebuchet MS\", Arial, Helvetica, sans-serif;\n	font-weight: normal;\n	color: #3f3f3f;\n	font-size: 2em;\n	margin: 0.8em 0 0.2em 0;\n}\n\nh2.solo {\n	margin-bottom: 1em;\n}\n\nh3 {\n	/* Sub-headers (also used as post headers, but defined later) */\n	font-family: Arial, Helvetica, sans-serif;\n	font-weight: bold;\n	text-transform: uppercase;\n	border-bottom: 1px solid #CCCCCC;\n	margin-bottom: 3px;\n	padding-bottom: 2px;\n	font-size: 1.05em;\n	color: #989898;\n	margin-top: 20px;\n}\n\nh4 {\n	/* Forum and topic list titles */\n	font-family: \"Trebuchet MS\", Verdana, Helvetica, Arial, Sans-serif;\n	font-size: 1.3em;\n}\n\np {\n	line-height: 1.3em;\n	font-size: 1.1em;\n	margin-bottom: 1.5em;\n}\n\nimg {\n	border-width: 0;\n}\n\nhr {\n	/* Also see tweaks.css */\n	border: 0 none #FFFFFF;\n	border-top: 1px solid #CCCCCC;\n	height: 1px;\n	margin: 5px 0;\n	display: block;\n	clear: both;\n}\n\nhr.dashed {\n	border-top: 1px dashed #CCCCCC;\n	margin: 10px 0;\n}\n\nhr.divider {\n	display: none;\n}\n\np.right {\n	text-align: right;\n}\n\n/* Main blocks\n---------------------------------------- */\n#wrap {\n	padding: 0 20px;\n	min-width: 650px;\n}\n\n#simple-wrap {\n	padding: 6px 10px;\n}\n\n#page-body {\n	margin: 4px 0;\n	clear: both;\n}\n\n#page-footer {\n	clear: both;\n}\n\n#page-footer h3 {\n	margin-top: 20px;\n}\n\n#logo {\n	float: left;\n	width: auto;\n	padding: 10px 13px 0 10px;\n}\n\na#logo:hover {\n	text-decoration: none;\n}\n\n/* Search box\n--------------------------------------------- */\n#search-box {\n	color: #FFFFFF;\n	position: relative;\n	margin-top: 30px;\n	margin-right: 5px;\n	display: block;\n	float: right;\n	text-align: right;\n	white-space: nowrap; /* For Opera */\n}\n\n#search-box #keywords {\n	width: 95px;\n	background-color: #FFF;\n}\n\n#search-box input {\n	border: 1px solid #b0b0b0;\n}\n\n/* .button1 style defined later, just a few tweaks for the search button version */\n#search-box input.button1 {\n	padding: 1px 5px;\n}\n\n#search-box li {\n	text-align: right;\n	margin-top: 4px;\n}\n\n#search-box img {\n	vertical-align: middle;\n	margin-right: 3px;\n}\n\n/* Site description and logo */\n#site-description {\n	float: left;\n	width: 70%;\n}\n\n#site-description h1 {\n	margin-right: 0;\n}\n\n/* Round cornered boxes and backgrounds\n---------------------------------------- */\n.headerbar {\n	background: #ebebeb none repeat-x 0 0;\n	color: #FFFFFF;\n	margin-bottom: 4px;\n	padding: 0 5px;\n}\n\n.navbar {\n	background-color: #ebebeb;\n	padding: 0 10px;\n}\n\n.forabg {\n	background: #b1b1b1 none repeat-x 0 0;\n	margin-bottom: 4px;\n	padding: 0 5px;\n	clear: both;\n}\n\n.forumbg {\n	background: #ebebeb none repeat-x 0 0;\n	margin-bottom: 4px;\n	padding: 0 5px;\n	clear: both;\n}\n\n.panel {\n	margin-bottom: 4px;\n	padding: 0 10px;\n	background-color: #f3f3f3;\n	color: #3f3f3f;\n}\n\n.post {\n	padding: 0 10px;\n	margin-bottom: 4px;\n	background-repeat: no-repeat;\n	background-position: 100% 0;\n}\n\n.post:target .content {\n	color: #000000;\n}\n\n.post:target h3 a {\n	color: #000000;\n}\n\n.bg1	{ background-color: #f7f7f7;}\n.bg2	{ background-color: #f2f2f2; }\n.bg3	{ background-color: #ebebeb; }\n\n.rowbg {\n	margin: 5px 5px 2px 5px;\n}\n\n.ucprowbg {\n	background-color: #e2e2e2;\n}\n\n.fieldsbg {\n	/*border: 1px #DBDEE2 solid;*/\n	background-color: #eaeaea;\n}\n\nspan.corners-top, span.corners-bottom, span.corners-top span, span.corners-bottom span {\n	font-size: 1px;\n	line-height: 1px;\n	display: block;\n	height: 5px;\n	background-repeat: no-repeat;\n}\n\nspan.corners-top {\n	background-image: none;\n	background-position: 0 0;\n	margin: 0 -5px;\n}\n\nspan.corners-top span {\n	background-image: none;\n	background-position: 100% 0;\n}\n\nspan.corners-bottom {\n	background-image: none;\n	background-position: 0 100%;\n	margin: 0 -5px;\n	clear: both;\n}\n\nspan.corners-bottom span {\n	background-image: none;\n	background-position: 100% 100%;\n}\n\n.headbg span.corners-bottom {\n	margin-bottom: -1px;\n}\n\n.post span.corners-top, .post span.corners-bottom, .panel span.corners-top, .panel span.corners-bottom, .navbar span.corners-top, .navbar span.corners-bottom {\n	margin: 0 -10px;\n}\n\n.rules span.corners-top {\n	margin: 0 -10px 5px -10px;\n}\n\n.rules span.corners-bottom {\n	margin: 5px -10px 0 -10px;\n}\n\n/* Horizontal lists\n----------------------------------------*/\nul.linklist {\n	display: block;\n	margin: 0;\n}\n\nul.linklist li {\n	display: block;\n	list-style-type: none;\n	float: left;\n	width: auto;\n	margin-right: 5px;\n	font-size: 1.1em;\n	line-height: 2.2em;\n}\n\nul.linklist li.rightside, p.rightside {\n	float: right;\n	margin-right: 0;\n	margin-left: 5px;\n	text-align: right;\n}\n\nul.navlinks {\n	padding-bottom: 1px;\n	margin-bottom: 1px;\n	border-bottom: 1px solid #FFFFFF;\n	font-weight: bold;\n}\n\nul.leftside {\n	float: left;\n	margin-left: 0;\n	margin-right: 5px;\n	text-align: left;\n}\n\nul.rightside {\n	float: right;\n	margin-left: 5px;\n	margin-right: -5px;\n	text-align: right;\n}\n\n/* Table styles\n----------------------------------------*/\ntable.table1 {\n	/* See tweaks.css */\n}\n\n#ucp-main table.table1 {\n	padding: 2px;\n}\n\ntable.table1 thead th {\n	font-weight: normal;\n	text-transform: uppercase;\n	color: #FFFFFF;\n	line-height: 1.3em;\n	font-size: 1em;\n	padding: 0 0 4px 3px;\n}\n\ntable.table1 thead th span {\n	padding-left: 7px;\n}\n\ntable.table1 tbody tr {\n	border: 1px solid #cfcfcf;\n}\n\ntable.table1 tbody tr:hover, table.table1 tbody tr.hover {\n	background-color: #f6f6f6;\n	color: #000;\n}\n\ntable.table1 td {\n	color: #6a6a6a;\n	font-size: 1.1em;\n}\n\ntable.table1 tbody td {\n	padding: 5px;\n	border-top: 1px solid #FAFAFA;\n}\n\ntable.table1 tbody th {\n	padding: 5px;\n	border-bottom: 1px solid #000000;\n	text-align: left;\n	color: #333333;\n	background-color: #FFFFFF;\n}\n\n/* Specific column styles */\ntable.table1 .name		{ text-align: left; }\ntable.table1 .posts		{ text-align: center !important; width: 7%; }\ntable.table1 .joined	{ text-align: left; width: 15%; }\ntable.table1 .active	{ text-align: left; width: 15%; }\ntable.table1 .mark		{ text-align: center; width: 7%; }\ntable.table1 .info		{ text-align: left; width: 30%; }\ntable.table1 .info div	{ width: 100%; white-space: normal; overflow: hidden; }\ntable.table1 .autocol	{ line-height: 2em; white-space: nowrap; }\ntable.table1 thead .autocol { padding-left: 1em; }\n\ntable.table1 span.rank-img {\n	float: right;\n	width: auto;\n}\n\ntable.info td {\n	padding: 3px;\n}\n\ntable.info tbody th {\n	padding: 3px;\n	text-align: right;\n	vertical-align: top;\n	color: #000000;\n	font-weight: normal;\n}\n\n.forumbg table.table1 {\n	margin: 0 -2px -1px -1px;\n}\n\n/* Misc layout styles\n---------------------------------------- */\n/* column[1-2] styles are containers for two column layouts \n   Also see tweaks.css */\n.column1 {\n	float: left;\n	clear: left;\n	width: 49%;\n}\n\n.column2 {\n	float: right;\n	clear: right;\n	width: 49%;\n}\n\n/* General classes for placing floating blocks */\n.left-box {\n	float: left;\n	width: auto;\n	text-align: left;\n}\n\n.right-box {\n	float: right;\n	width: auto;\n	text-align: right;\n}\n\ndl.details {\n	/*font-family: \"Lucida Grande\", Verdana, Helvetica, Arial, sans-serif;*/\n	font-size: 1.1em;\n}\n\ndl.details dt {\n	float: left;\n	clear: left;\n	width: 30%;\n	text-align: right;\n	color: #000000;\n	display: block;\n}\n\ndl.details dd {\n	margin-left: 0;\n	padding-left: 5px;\n	margin-bottom: 5px;\n	color: #828282;\n	float: left;\n	width: 65%;\n}\n\n/* Pagination\n---------------------------------------- */\n.pagination {\n	height: 1%; /* IE tweak (holly hack) */\n	width: auto;\n	text-align: right;\n	margin-top: 5px;\n	float: right;\n}\n\n.pagination span.page-sep {\n	display: none;\n}\n\nli.pagination {\n	margin-top: 0;\n}\n\n.pagination strong, .pagination b {\n	font-weight: normal;\n}\n\n.pagination span strong {\n	padding: 0 2px;\n	margin: 0 2px;\n	font-weight: normal;\n	color: #FFFFFF;\n	background-color: #bfbfbf;\n	border: 1px solid #bfbfbf;\n	font-size: 0.9em;\n}\n\n.pagination span a, .pagination span a:link, .pagination span a:visited, .pagination span a:active {\n	font-weight: normal;\n	text-decoration: none;\n	color: #747474;\n	margin: 0 2px;\n	padding: 0 2px;\n	background-color: #eeeeee;\n	border: 1px solid #bababa;\n	font-size: 0.9em;\n	line-height: 1.5em;\n}\n\n.pagination span a:hover {\n	border-color: #d2d2d2;\n	background-color: #d2d2d2;\n	color: #FFF;\n	text-decoration: none;\n}\n\n.pagination img {\n	vertical-align: middle;\n}\n\n/* Pagination in viewforum for multipage topics */\n.row .pagination {\n	display: block;\n	float: right;\n	width: auto;\n	margin-top: 0;\n	padding: 1px 0 1px 15px;\n	font-size: 0.9em;\n	background: none 0 50% no-repeat;\n}\n\n.row .pagination span a, li.pagination span a {\n	background-color: #FFFFFF;\n}\n\n.row .pagination span a:hover, li.pagination span a:hover {\n	background-color: #d2d2d2;\n}\n\n/* Miscellaneous styles\n---------------------------------------- */\n#forum-permissions {\n	float: right;\n	width: auto;\n	padding-left: 5px;\n	margin-left: 5px;\n	margin-top: 10px;\n	text-align: right;\n}\n\n.copyright {\n	padding: 5px;\n	text-align: center;\n	color: #555555;\n}\n\n.small {\n	font-size: 0.9em !important;\n}\n\n.titlespace {\n	margin-bottom: 15px;\n}\n\n.headerspace {\n	margin-top: 20px;\n}\n\n.error {\n	color: #bcbcbc;\n	font-weight: bold;\n	font-size: 1em;\n}\n\n.reported {\n	background-color: #f7f7f7;\n}\n\nli.reported:hover {\n	background-color: #ececec;\n}\n\ndiv.rules {\n	background-color: #ececec;\n	color: #bcbcbc;\n	padding: 0 10px;\n	margin: 10px 0;\n	font-size: 1.1em;\n}\n\ndiv.rules ul, div.rules ol {\n	margin-left: 20px;\n}\n\np.rules {\n	background-color: #ececec;\n	background-image: none;\n	padding: 5px;\n}\n\np.rules img {\n	vertical-align: middle;\n	padding-top: 5px;\n}\n\np.rules a {\n	vertical-align: middle;\n	clear: both;\n}\n\n#top {\n	position: absolute;\n	top: -20px;\n}\n\n.clear {\n	display: block;\n	clear: both;\n	font-size: 1px;\n	line-height: 1px;\n	background: transparent;\n}\n/* Link Styles\n---------------------------------------- */\n\n/* Links adjustment to correctly display an order of rtl/ltr mixed content */\na {\n	direction: ltr;\n	unicode-bidi: embed;\n}\n\na:link	{ color: #898989; text-decoration: none; }\na:visited	{ color: #898989; text-decoration: none; }\na:hover	{ color: #d3d3d3; text-decoration: underline; }\na:active	{ color: #d2d2d2; text-decoration: none; }\n\n/* Coloured usernames */\n.username-coloured {\n	font-weight: bold;\n	display: inline !important;\n	padding: 0 !important;\n}\n\n/* Links on gradient backgrounds */\n#search-box a:link, .navbg a:link, .forumbg .header a:link, .forabg .header a:link, th a:link {\n	color: #FFFFFF;\n	text-decoration: none;\n}\n\n#search-box a:visited, .navbg a:visited, .forumbg .header a:visited, .forabg .header a:visited, th a:visited {\n	color: #FFFFFF;\n	text-decoration: none;\n}\n\n#search-box a:hover, .navbg a:hover, .forumbg .header a:hover, .forabg .header a:hover, th a:hover {\n	color: #ffffff;\n	text-decoration: underline;\n}\n\n#search-box a:active, .navbg a:active, .forumbg .header a:active, .forabg .header a:active, th a:active {\n	color: #ffffff;\n	text-decoration: none;\n}\n\n/* Links for forum/topic lists */\na.forumtitle {\n	font-family: \"Trebuchet MS\", Helvetica, Arial, Sans-serif;\n	font-size: 1.2em;\n	font-weight: bold;\n	color: #898989;\n	text-decoration: none;\n}\n\n/* a.forumtitle:visited { color: #898989; } */\n\na.forumtitle:hover {\n	color: #bcbcbc;\n	text-decoration: underline;\n}\n\na.forumtitle:active {\n	color: #898989;\n}\n\na.topictitle {\n	font-family: \"Trebuchet MS\", Helvetica, Arial, Sans-serif;\n	font-size: 1.2em;\n	font-weight: bold;\n	color: #898989;\n	text-decoration: none;\n}\n\n/* a.topictitle:visited { color: #d2d2d2; } */\n\na.topictitle:hover {\n	color: #bcbcbc;\n	text-decoration: underline;\n}\n\na.topictitle:active {\n	color: #898989;\n}\n\n/* Post body links */\n.postlink {\n	text-decoration: none;\n	color: #d2d2d2;\n	border-bottom: 1px solid #d2d2d2;\n	padding-bottom: 0;\n}\n\n/* .postlink:visited { color: #bdbdbd; } */\n\n.postlink:active {\n	color: #d2d2d2;\n}\n\n.postlink:hover {\n	background-color: #f6f6f6;\n	text-decoration: none;\n	color: #404040;\n}\n\n.signature a, .signature a:visited, .signature a:hover, .signature a:active {\n	border: none;\n	text-decoration: underline;\n	background-color: transparent;\n}\n\n/* Profile links */\n.postprofile a:link, .postprofile a:visited, .postprofile dt.author a {\n	font-weight: bold;\n	color: #898989;\n	text-decoration: none;\n}\n\n.postprofile a:hover, .postprofile dt.author a:hover {\n	text-decoration: underline;\n	color: #d3d3d3;\n}\n\n/* CSS spec requires a:link, a:visited, a:hover and a:active rules to be specified in this order. */\n/* See http://www.phpbb.com/bugs/phpbb3/59685 */\n.postprofile a:active {\n	font-weight: bold;\n	color: #898989;\n	text-decoration: none;\n}\n\n\n/* Profile searchresults */	\n.search .postprofile a {\n	color: #898989;\n	text-decoration: none; \n	font-weight: normal;\n}\n\n.search .postprofile a:hover {\n	color: #d3d3d3;\n	text-decoration: underline; \n}\n\n/* Back to top of page */\n.back2top {\n	clear: both;\n	height: 11px;\n	text-align: right;\n}\n\na.top {\n	background: none no-repeat top left;\n	text-decoration: none;\n	width: {IMG_ICON_BACK_TOP_WIDTH}px;\n	height: {IMG_ICON_BACK_TOP_HEIGHT}px;\n	display: block;\n	float: right;\n	overflow: hidden;\n	letter-spacing: 1000px;\n	text-indent: 11px;\n}\n\na.top2 {\n	background: none no-repeat 0 50%;\n	text-decoration: none;\n	padding-left: 15px;\n}\n\n/* Arrow links  */\na.up		{ background: none no-repeat left center; }\na.down		{ background: none no-repeat right center; }\na.left		{ background: none no-repeat 3px 60%; }\na.right		{ background: none no-repeat 95% 60%; }\n\na.up, a.up:link, a.up:active, a.up:visited {\n	padding-left: 10px;\n	text-decoration: none;\n	border-bottom-width: 0;\n}\n\na.up:hover {\n	background-position: left top;\n	background-color: transparent;\n}\n\na.down, a.down:link, a.down:active, a.down:visited {\n	padding-right: 10px;\n}\n\na.down:hover {\n	background-position: right bottom;\n	text-decoration: none;\n}\n\na.left, a.left:active, a.left:visited {\n	padding-left: 12px;\n}\n\na.left:hover {\n	color: #d2d2d2;\n	text-decoration: none;\n	background-position: 0 60%;\n}\n\na.right, a.right:active, a.right:visited {\n	padding-right: 12px;\n}\n\na.right:hover {\n	color: #d2d2d2;\n	text-decoration: none;\n	background-position: 100% 60%;\n}\n\n/* invisible skip link, used for accessibility  */\n.skiplink {\n	position: absolute;\n	left: -999px;\n	width: 990px;\n}\n\n/* Feed icon in forumlist_body.html */\na.feed-icon-forum {\n	float: right;\n	margin: 3px;\n}\n/* Content Styles\n---------------------------------------- */\n\nul.topiclist {\n	display: block;\n	list-style-type: none;\n	margin: 0;\n}\n\nul.forums {\n	background: #f9f9f9 none repeat-x 0 0;\n}\n\nul.topiclist li {\n	display: block;\n	list-style-type: none;\n	color: #777777;\n	margin: 0;\n}\n\nul.topiclist dl {\n	position: relative;\n}\n\nul.topiclist li.row dl {\n	padding: 2px 0;\n}\n\nul.topiclist dt {\n	display: block;\n	float: left;\n	width: 50%;\n	font-size: 1.1em;\n	padding-left: 5px;\n	padding-right: 5px;\n}\n\nul.topiclist dd {\n	display: block;\n	float: left;\n	border-left: 1px solid #FFFFFF;\n	padding: 4px 0;\n}\n\nul.topiclist dfn {\n	/* Labels for post/view counts */\n	position: absolute;\n	left: -999px;\n	width: 990px;\n}\n\nul.topiclist li.row dt a.subforum {\n	background-image: none;\n	background-position: 0 50%;\n	background-repeat: no-repeat;\n	position: relative;\n	white-space: nowrap;\n	padding: 0 0 0 12px;\n}\n\n.forum-image {\n	float: left;\n	padding-top: 5px;\n	margin-right: 5px;\n}\n\nli.row {\n	border-top: 1px solid #FFFFFF;\n	border-bottom: 1px solid #8f8f8f;\n}\n\nli.row strong {\n	font-weight: normal;\n	color: #000000;\n}\n\nli.row:hover {\n	background-color: #f6f6f6;\n}\n\nli.row:hover dd {\n	border-left-color: #CCCCCC;\n}\n\nli.header dt, li.header dd {\n	line-height: 1em;\n	border-left-width: 0;\n	margin: 2px 0 4px 0;\n	color: #FFFFFF;\n	padding-top: 2px;\n	padding-bottom: 2px;\n	font-size: 1em;\n	font-family: Arial, Helvetica, sans-serif;\n	text-transform: uppercase;\n}\n\nli.header dt {\n	font-weight: bold;\n}\n\nli.header dd {\n	margin-left: 1px;\n}\n\nli.header dl.icon {\n	min-height: 0;\n}\n\nli.header dl.icon dt {\n	/* Tweak for headers alignment when folder icon used */\n	padding-left: 0;\n	padding-right: 50px;\n}\n\n/* Forum list column styles */\ndl.icon {\n	min-height: 35px;\n	background-position: 10px 50%;		/* Position of folder icon */\n	background-repeat: no-repeat;\n}\n\ndl.icon dt {\n	padding-left: 45px;					/* Space for folder icon */\n	background-repeat: no-repeat;\n	background-position: 5px 95%;		/* Position of topic icon */\n}\n\ndd.posts, dd.topics, dd.views {\n	width: 8%;\n	text-align: center;\n	line-height: 2.2em;\n	font-size: 1.2em;\n}\n\n/* List in forum description */\ndl.icon dt ol,\ndl.icon dt ul {\n	list-style-position: inside;\n	margin-left: 1em;\n}\n\ndl.icon dt li {\n	display: list-item;\n	list-style-type: inherit;\n}\n\ndd.lastpost {\n	width: 25%;\n	font-size: 1.1em;\n}\n\ndd.redirect {\n	font-size: 1.1em;\n	line-height: 2.5em;\n}\n\ndd.moderation {\n	font-size: 1.1em;\n}\n\ndd.lastpost span, ul.topiclist dd.searchby span, ul.topiclist dd.info span, ul.topiclist dd.time span, dd.redirect span, dd.moderation span {\n	display: block;\n	padding-left: 5px;\n}\n\ndd.time {\n	width: auto;\n	line-height: 200%;\n	font-size: 1.1em;\n}\n\ndd.extra {\n	width: 12%;\n	line-height: 200%;\n	text-align: center;\n	font-size: 1.1em;\n}\n\ndd.mark {\n	float: right !important;\n	width: 9%;\n	text-align: center;\n	line-height: 200%;\n	font-size: 1.2em;\n}\n\ndd.info {\n	width: 30%;\n}\n\ndd.option {\n	width: 15%;\n	line-height: 200%;\n	text-align: center;\n	font-size: 1.1em;\n}\n\ndd.searchby {\n	width: 47%;\n	font-size: 1.1em;\n	line-height: 1em;\n}\n\nul.topiclist dd.searchextra {\n	margin-left: 5px;\n	padding: 0.2em 0;\n	font-size: 1.1em;\n	color: #333333;\n	border-left: none;\n	clear: both;\n	width: 98%;\n	overflow: hidden;\n}\n\n/* Container for post/reply buttons and pagination */\n.topic-actions {\n	margin-bottom: 3px;\n	font-size: 1.1em;\n	height: 28px;\n	min-height: 28px;\n}\ndiv[class].topic-actions {\n	height: auto;\n}\n\n/* Post body styles\n----------------------------------------*/\n.postbody {\n	padding: 0;\n	line-height: 1.48em;\n	color: #333333;\n	width: 76%;\n	float: left;\n	clear: both;\n}\n\n.postbody .ignore {\n	font-size: 1.1em;\n}\n\n.postbody h3.first {\n	/* The first post on the page uses this */\n	font-size: 1.7em;\n}\n\n.postbody h3 {\n	/* Postbody requires a different h3 format - so change it here */\n	font-size: 1.5em;\n	padding: 2px 0 0 0;\n	margin: 0 0 0.3em 0 !important;\n	text-transform: none;\n	border: none;\n	font-family: \"Trebuchet MS\", Verdana, Helvetica, Arial, sans-serif;\n	line-height: 125%;\n}\n\n.postbody h3 img {\n	/* Also see tweaks.css */\n	vertical-align: bottom;\n}\n\n.postbody .content {\n	font-size: 1.3em;\n}\n\n.search .postbody {\n	width: 68%\n}\n\n/* Topic review panel\n----------------------------------------*/\n#review {\n	margin-top: 2em;\n}\n\n#topicreview {\n	padding-right: 5px;\n	overflow: auto;\n	height: 300px;\n}\n\n#topicreview .postbody {\n	width: auto;\n	float: none;\n	margin: 0;\n	height: auto;\n}\n\n#topicreview .post {\n	height: auto;\n}\n\n#topicreview h2 {\n	border-bottom-width: 0;\n}\n\n.post-ignore .postbody {\n	display: none;\n}\n\n/* MCP Post details\n----------------------------------------*/\n#post_details\n{\n	/* This will only work in IE7+, plus the others */\n	overflow: auto;\n	max-height: 300px;\n}\n\n#expand\n{\n	clear: both;\n}\n\n/* Content container styles\n----------------------------------------*/\n.content {\n	min-height: 3em;\n	overflow: hidden;\n	line-height: 1.4em;\n	font-family: \"Lucida Grande\", \"Trebuchet MS\", Verdana, Helvetica, Arial, sans-serif;\n	font-size: 1em;\n	color: #333333;\n	padding-bottom: 1px;\n}\n\n.content h2, .panel h2 {\n	font-weight: normal;\n	color: #989898;\n	border-bottom: 1px solid #CCCCCC;\n	font-size: 1.6em;\n	margin-top: 0.5em;\n	margin-bottom: 0.5em;\n	padding-bottom: 0.5em;\n}\n\n.panel h3 {\n	margin: 0.5em 0;\n}\n\n.panel p {\n	font-size: 1.2em;\n	margin-bottom: 1em;\n	line-height: 1.4em;\n}\n\n.content p {\n	font-family: \"Lucida Grande\", \"Trebuchet MS\", Verdana, Helvetica, Arial, sans-serif;\n	font-size: 1.2em;\n	margin-bottom: 1em;\n	line-height: 1.4em;\n}\n\ndl.faq {\n	font-family: \"Lucida Grande\", Verdana, Helvetica, Arial, sans-serif;\n	font-size: 1.1em;\n	margin-top: 1em;\n	margin-bottom: 2em;\n	line-height: 1.4em;\n}\n\ndl.faq dt {\n	font-weight: bold;\n	color: #333333;\n}\n\n.content dl.faq {\n	font-size: 1.2em;\n	margin-bottom: 0.5em;\n}\n\n.content li {\n	list-style-type: inherit;\n}\n\n.content ul, .content ol {\n	margin-bottom: 1em;\n	margin-left: 3em;\n}\n\n.posthilit {\n	background-color: #f3f3f3;\n	color: #BCBCBC;\n	padding: 0 2px 1px 2px;\n}\n\n.announce, .unreadpost {\n	/* Highlight the announcements & unread posts box */\n	border-left-color: #BCBCBC;\n	border-right-color: #BCBCBC;\n}\n\n/* Post author */\np.author {\n	margin: 0 15em 0.6em 0;\n	padding: 0 0 5px 0;\n	font-family: Verdana, Helvetica, Arial, sans-serif;\n	font-size: 1em;\n	line-height: 1.2em;\n}\n\n/* Post signature */\n.signature {\n	margin-top: 1.5em;\n	padding-top: 0.2em;\n	font-size: 1.1em;\n	border-top: 1px solid #CCCCCC;\n	clear: left;\n	line-height: 140%;\n	overflow: hidden;\n	width: 100%;\n}\n\ndd .signature {\n	margin: 0;\n	padding: 0;\n	clear: none;\n	border: none;\n}\n\n.signature li {\n	list-style-type: inherit;\n}\n\n.signature ul, .signature ol {\n	margin-bottom: 1em;\n	margin-left: 3em;\n}\n\n/* Post noticies */\n.notice {\n	font-family: \"Lucida Grande\", Verdana, Helvetica, Arial, sans-serif;\n	width: auto;\n	margin-top: 1.5em;\n	padding-top: 0.2em;\n	font-size: 1em;\n	border-top: 1px dashed #CCCCCC;\n	clear: left;\n	line-height: 130%;\n}\n\n/* Jump to post link for now */\nul.searchresults {\n	list-style: none;\n	text-align: right;\n	clear: both;\n}\n\n/* BB Code styles\n----------------------------------------*/\n/* Quote block */\nblockquote {\n	background: #ebebeb none 6px 8px no-repeat;\n	border: 1px solid #dbdbdb;\n	font-size: 0.95em;\n	margin: 0.5em 1px 0 25px;\n	overflow: hidden;\n	padding: 5px;\n}\n\nblockquote blockquote {\n	/* Nested quotes */\n	background-color: #bababa;\n	font-size: 1em;\n	margin: 0.5em 1px 0 15px;	\n}\n\nblockquote blockquote blockquote {\n	/* Nested quotes */\n	background-color: #e4e4e4;\n}\n\nblockquote cite {\n	/* Username/source of quoter */\n	font-style: normal;\n	font-weight: bold;\n	margin-left: 20px;\n	display: block;\n	font-size: 0.9em;\n}\n\nblockquote cite cite {\n	font-size: 1em;\n}\n\nblockquote.uncited {\n	padding-top: 25px;\n}\n\n/* Code block */\ndl.codebox {\n	padding: 3px;\n	background-color: #FFFFFF;\n	border: 1px solid #d8d8d8;\n	font-size: 1em;\n}\n\ndl.codebox dt {\n	text-transform: uppercase;\n	border-bottom: 1px solid #CCCCCC;\n	margin-bottom: 3px;\n	font-size: 0.8em;\n	font-weight: bold;\n	display: block;\n}\n\nblockquote dl.codebox {\n	margin-left: 0;\n}\n\ndl.codebox code {\n	/* Also see tweaks.css */\n	overflow: auto;\n	display: block;\n	height: auto;\n	max-height: 200px;\n	white-space: normal;\n	padding-top: 5px;\n	font: 0.9em Monaco, \"Andale Mono\",\"Courier New\", Courier, mono;\n	line-height: 1.3em;\n	color: #8b8b8b;\n	margin: 2px 0;\n}\n\n.syntaxbg		{ color: #FFFFFF; }\n.syntaxcomment	{ color: #000000; }\n.syntaxdefault	{ color: #bcbcbc; }\n.syntaxhtml		{ color: #000000; }\n.syntaxkeyword	{ color: #585858; }\n.syntaxstring	{ color: #a7a7a7; }\n\n/* Attachments\n----------------------------------------*/\n.attachbox {\n	float: left;\n	width: auto; \n	margin: 5px 5px 5px 0;\n	padding: 6px;\n	background-color: #FFFFFF;\n	border: 1px dashed #d8d8d8;\n	clear: left;\n}\n\n.pm-message .attachbox {\n	background-color: #f3f3f3;\n}\n\n.attachbox dt {\n	font-family: Arial, Helvetica, sans-serif;\n	text-transform: uppercase;\n}\n\n.attachbox dd {\n	margin-top: 4px;\n	padding-top: 4px;\n	clear: left;\n	border-top: 1px solid #d8d8d8;\n}\n\n.attachbox dd dd {\n	border: none;\n}\n\n.attachbox p {\n	line-height: 110%;\n	color: #666666;\n	font-weight: normal;\n	clear: left;\n}\n\n.attachbox p.stats\n{\n	line-height: 110%;\n	color: #666666;\n	font-weight: normal;\n	clear: left;\n}\n\n.attach-image {\n	margin: 3px 0;\n	width: 100%;\n	max-height: 350px;\n	overflow: auto;\n}\n\n.attach-image img {\n	border: 1px solid #999999;\n/*	cursor: move; */\n	cursor: default;\n}\n\n/* Inline image thumbnails */\ndiv.inline-attachment dl.thumbnail, div.inline-attachment dl.file {\n	display: block;\n	margin-bottom: 4px;\n}\n\ndiv.inline-attachment p {\n	font-size: 100%;\n}\n\ndl.file {\n	font-family: Verdana, Arial, Helvetica, sans-serif;\n	display: block;\n}\n\ndl.file dt {\n	text-transform: none;\n	margin: 0;\n	padding: 0;\n	font-weight: bold;\n	font-family: Verdana, Arial, Helvetica, sans-serif;\n}\n\ndl.file dd {\n	color: #666666;\n	margin: 0;\n	padding: 0;	\n}\n\ndl.thumbnail img {\n	padding: 3px;\n	border: 1px solid #666666;\n	background-color: #FFF;\n}\n\ndl.thumbnail dd {\n	color: #666666;\n	font-style: italic;\n	font-family: Verdana, Arial, Helvetica, sans-serif;\n}\n\n.attachbox dl.thumbnail dd {\n	font-size: 100%;\n}\n\ndl.thumbnail dt a:hover {\n	background-color: #EEEEEE;\n}\n\ndl.thumbnail dt a:hover img {\n	border: 1px solid #d2d2d2;\n}\n\n/* Post poll styles\n----------------------------------------*/\nfieldset.polls {\n	font-family: \"Trebuchet MS\", Verdana, Helvetica, Arial, sans-serif;\n}\n\nfieldset.polls dl {\n	margin-top: 5px;\n	border-top: 1px solid #e2e2e2;\n	padding: 5px 0 0 0;\n	line-height: 120%;\n	color: #666666;\n}\n\nfieldset.polls dl.voted {\n	font-weight: bold;\n	color: #000000;\n}\n\nfieldset.polls dt {\n	text-align: left;\n	float: left;\n	display: block;\n	width: 30%;\n	border-right: none;\n	padding: 0;\n	margin: 0;\n	font-size: 1.1em;\n}\n\nfieldset.polls dd {\n	float: left;\n	width: 10%;\n	border-left: none;\n	padding: 0 5px;\n	margin-left: 0;\n	font-size: 1.1em;\n}\n\nfieldset.polls dd.resultbar {\n	width: 50%;\n}\n\nfieldset.polls dd input {\n	margin: 2px 0;\n}\n\nfieldset.polls dd div {\n	text-align: right;\n	font-family: Arial, Helvetica, sans-serif;\n	color: #FFFFFF;\n	font-weight: bold;\n	padding: 0 2px;\n	overflow: visible;\n	min-width: 2%;\n}\n\n.pollbar1 {\n	background-color: #aaaaaa;\n	border-bottom: 1px solid #747474;\n	border-right: 1px solid #747474;\n}\n\n.pollbar2 {\n	background-color: #bebebe;\n	border-bottom: 1px solid #8c8c8c;\n	border-right: 1px solid #8c8c8c;\n}\n\n.pollbar3 {\n	background-color: #D1D1D1;\n	border-bottom: 1px solid #aaaaaa;\n	border-right: 1px solid #aaaaaa;\n}\n\n.pollbar4 {\n	background-color: #e4e4e4;\n	border-bottom: 1px solid #bebebe;\n	border-right: 1px solid #bebebe;\n}\n\n.pollbar5 {\n	background-color: #f8f8f8;\n	border-bottom: 1px solid #D1D1D1;\n	border-right: 1px solid #D1D1D1;\n}\n\n/* Poster profile block\n----------------------------------------*/\n.postprofile {\n	/* Also see tweaks.css */\n	margin: 5px 0 10px 0;\n	min-height: 80px;\n	color: #666666;\n	border-left: 1px solid #FFFFFF;\n	width: 22%;\n	float: right;\n	display: inline;\n}\n.pm .postprofile {\n	border-left: 1px solid #DDDDDD;\n}\n\n.postprofile dd, .postprofile dt {\n	line-height: 1.2em;\n	margin-left: 8px;\n}\n\n.postprofile strong {\n	font-weight: normal;\n	color: #000000;\n}\n\n.avatar {\n	border: none;\n	margin-bottom: 3px;\n}\n\n.online {\n	background-image: none;\n	background-position: 100% 0;\n	background-repeat: no-repeat;\n}\n\n/* Poster profile used by search*/\n.search .postprofile {\n	width: 30%;\n}\n\n/* pm list in compose message if mass pm is enabled */\ndl.pmlist dt {\n	width: 60% !important;\n}\n\ndl.pmlist dt textarea {\n	width: 95%;\n}\n\ndl.pmlist dd {\n	margin-left: 61% !important;\n	margin-bottom: 2px;\n}\n/* Button Styles\n---------------------------------------- */\n\n/* Rollover buttons\n   Based on: http://wellstyled.com/css-nopreload-rollovers.html\n----------------------------------------*/\n.buttons {\n	float: left;\n	width: auto;\n	height: auto;\n}\n\n/* Rollover state */\n.buttons div {\n	float: left;\n	margin: 0 5px 0 0;\n	background-position: 0 100%;\n}\n\n/* Rolloff state */\n.buttons div a {\n	display: block;\n	width: 100%;\n	height: 100%;\n	background-position: 0 0;\n	position: relative;\n	overflow: hidden;\n}\n\n/* Hide <a> text and hide off-state image when rolling over (prevents flicker in IE) */\n/*.buttons div span		{ display: none; }*/\n/*.buttons div a:hover	{ background-image: none; }*/\n.buttons div span			{ position: absolute; width: 100%; height: 100%; cursor: pointer;}\n.buttons div a:hover span	{ background-position: 0 100%; }\n\n/* Big button images */\n.reply-icon span	{ background: transparent none 0 0 no-repeat; }\n.post-icon span		{ background: transparent none 0 0 no-repeat; }\n.locked-icon span	{ background: transparent none 0 0 no-repeat; }\n.pmreply-icon span	{ background: none 0 0 no-repeat; }\n.newpm-icon span 	{ background: none 0 0 no-repeat; }\n.forwardpm-icon span 	{ background: none 0 0 no-repeat; }\n\n/* Set big button dimensions */\n.buttons div.reply-icon		{ width: {IMG_BUTTON_TOPIC_REPLY_WIDTH}px; height: {IMG_BUTTON_TOPIC_REPLY_HEIGHT}px; }\n.buttons div.post-icon		{ width: {IMG_BUTTON_TOPIC_NEW_WIDTH}px; height: {IMG_BUTTON_TOPIC_NEW_HEIGHT}px; }\n.buttons div.locked-icon	{ width: {IMG_BUTTON_TOPIC_LOCKED_WIDTH}px; height: {IMG_BUTTON_TOPIC_LOCKED_HEIGHT}px; }\n.buttons div.pmreply-icon	{ width: {IMG_BUTTON_PM_REPLY_WIDTH}px; height: {IMG_BUTTON_PM_REPLY_HEIGHT}px; }\n.buttons div.newpm-icon		{ width: {IMG_BUTTON_PM_NEW_WIDTH}px; height: {IMG_BUTTON_PM_NEW_HEIGHT}px; }\n.buttons div.forwardpm-icon	{ width: {IMG_BUTTON_PM_FORWARD_WIDTH}px; height: {IMG_BUTTON_PM_FORWARD_HEIGHT}px; }\n\n/* Sub-header (navigation bar)\n--------------------------------------------- */\na.print, a.sendemail, a.fontsize {\n	display: block;\n	overflow: hidden;\n	height: 18px;\n	text-indent: -5000px;\n	text-align: left;\n	background-repeat: no-repeat;\n}\n\na.print {\n	background-image: none;\n	width: 22px;\n}\n\na.sendemail {\n	background-image: none;\n	width: 22px;\n}\n\na.fontsize {\n	background-image: none;\n	background-position: 0 -1px;\n	width: 29px;\n}\n\na.fontsize:hover {\n	background-position: 0 -20px;\n	text-decoration: none;\n}\n\n/* Icon images\n---------------------------------------- */\n.sitehome, .icon-faq, .icon-members, .icon-home, .icon-ucp, .icon-register, .icon-logout,\n.icon-bookmark, .icon-bump, .icon-subscribe, .icon-unsubscribe, .icon-pages, .icon-search {\n	background-position: 0 50%;\n	background-repeat: no-repeat;\n	background-image: none;\n	padding: 1px 0 0 17px;\n}\n\n/* Poster profile icons\n----------------------------------------*/\nul.profile-icons {\n	padding-top: 10px;\n	list-style: none;\n}\n\n/* Rollover state */\nul.profile-icons li {\n	float: left;\n	margin: 0 6px 3px 0;\n	background-position: 0 100%;\n}\n\n/* Rolloff state */\nul.profile-icons li a {\n	display: block;\n	width: 100%;\n	height: 100%;\n	background-position: 0 0;\n}\n\n/* Hide <a> text and hide off-state image when rolling over (prevents flicker in IE) */\nul.profile-icons li span { display:none; }\nul.profile-icons li a:hover { background: none; }\n\n/* Positioning of moderator icons */\n.postbody ul.profile-icons {\n	float: right;\n	width: auto;\n	padding: 0;\n}\n\n.postbody ul.profile-icons li {\n	margin: 0 3px;\n}\n\n/* Profile & navigation icons */\n.email-icon, .email-icon a		{ background: none top left no-repeat; }\n.aim-icon, .aim-icon a			{ background: none top left no-repeat; }\n.yahoo-icon, .yahoo-icon a		{ background: none top left no-repeat; }\n.web-icon, .web-icon a			{ background: none top left no-repeat; }\n.msnm-icon, .msnm-icon a			{ background: none top left no-repeat; }\n.icq-icon, .icq-icon a			{ background: none top left no-repeat; }\n.jabber-icon, .jabber-icon a		{ background: none top left no-repeat; }\n.pm-icon, .pm-icon a				{ background: none top left no-repeat; }\n.quote-icon, .quote-icon a		{ background: none top left no-repeat; }\n\n/* Moderator icons */\n.report-icon, .report-icon a		{ background: none top left no-repeat; }\n.warn-icon, .warn-icon a			{ background: none top left no-repeat; }\n.edit-icon, .edit-icon a			{ background: none top left no-repeat; }\n.delete-icon, .delete-icon a		{ background: none top left no-repeat; }\n.info-icon, .info-icon a			{ background: none top left no-repeat; }\n\n/* Set profile icon dimensions */\nul.profile-icons li.email-icon		{ width: {IMG_ICON_CONTACT_EMAIL_WIDTH}px; height: {IMG_ICON_CONTACT_EMAIL_HEIGHT}px; }\nul.profile-icons li.aim-icon	{ width: {IMG_ICON_CONTACT_AIM_WIDTH}px; height: {IMG_ICON_CONTACT_AIM_HEIGHT}px; }\nul.profile-icons li.yahoo-icon	{ width: {IMG_ICON_CONTACT_YAHOO_WIDTH}px; height: {IMG_ICON_CONTACT_YAHOO_HEIGHT}px; }\nul.profile-icons li.web-icon	{ width: {IMG_ICON_CONTACT_WWW_WIDTH}px; height: {IMG_ICON_CONTACT_WWW_HEIGHT}px; }\nul.profile-icons li.msnm-icon	{ width: {IMG_ICON_CONTACT_MSNM_WIDTH}px; height: {IMG_ICON_CONTACT_MSNM_HEIGHT}px; }\nul.profile-icons li.icq-icon	{ width: {IMG_ICON_CONTACT_ICQ_WIDTH}px; height: {IMG_ICON_CONTACT_ICQ_HEIGHT}px; }\nul.profile-icons li.jabber-icon	{ width: {IMG_ICON_CONTACT_JABBER_WIDTH}px; height: {IMG_ICON_CONTACT_JABBER_HEIGHT}px; }\nul.profile-icons li.pm-icon		{ width: {IMG_ICON_CONTACT_PM_WIDTH}px; height: {IMG_ICON_CONTACT_PM_HEIGHT}px; }\nul.profile-icons li.quote-icon	{ width: {IMG_ICON_POST_QUOTE_WIDTH}px; height: {IMG_ICON_POST_QUOTE_HEIGHT}px; }\nul.profile-icons li.report-icon	{ width: {IMG_ICON_POST_REPORT_WIDTH}px; height: {IMG_ICON_POST_REPORT_HEIGHT}px; }\nul.profile-icons li.edit-icon	{ width: {IMG_ICON_POST_EDIT_WIDTH}px; height: {IMG_ICON_POST_EDIT_HEIGHT}px; }\nul.profile-icons li.delete-icon	{ width: {IMG_ICON_POST_DELETE_WIDTH}px; height: {IMG_ICON_POST_DELETE_HEIGHT}px; }\nul.profile-icons li.info-icon	{ width: {IMG_ICON_POST_INFO_WIDTH}px; height: {IMG_ICON_POST_INFO_HEIGHT}px; }\nul.profile-icons li.warn-icon	{ width: {IMG_ICON_USER_WARN_WIDTH}px; height: {IMG_ICON_USER_WARN_HEIGHT}px; }\n\n/* Fix profile icon default margins */\nul.profile-icons li.edit-icon	{ margin: 0 0 0 3px; }\nul.profile-icons li.quote-icon	{ margin: 0 0 0 10px; }\nul.profile-icons li.info-icon, ul.profile-icons li.report-icon	{ margin: 0 3px 0 0; }\n/* Control Panel Styles\n---------------------------------------- */\n\n\n/* Main CP box\n----------------------------------------*/\n#cp-menu {\n	float:left;\n	width: 19%;\n	margin-top: 1em;\n	margin-bottom: 5px;\n}\n\n#cp-main {\n	float: left;\n	width: 81%;\n}\n\n#cp-main .content {\n	padding: 0;\n}\n\n#cp-main h3, #cp-main hr, #cp-menu hr {\n	border-color: #bfbfbf;\n}\n\n#cp-main .panel p {\n	font-size: 1.1em;\n}\n\n#cp-main .panel ol {\n	margin-left: 2em;\n	font-size: 1.1em;\n}\n\n#cp-main .panel li.row {\n	border-bottom: 1px solid #cbcbcb;\n	border-top: 1px solid #F9F9F9;\n}\n\nul.cplist {\n	margin-bottom: 5px;\n	border-top: 1px solid #cbcbcb;\n}\n\n#cp-main .panel li.header dd, #cp-main .panel li.header dt {\n	color: #000000;\n	margin-bottom: 2px;\n}\n\n#cp-main table.table1 {\n	margin-bottom: 1em;\n}\n\n#cp-main table.table1 thead th {\n	color: #333333;\n	font-weight: bold;\n	border-bottom: 1px solid #333333;\n	padding: 5px;\n}\n\n#cp-main table.table1 tbody th {\n	font-style: italic;\n	background-color: transparent !important;\n	border-bottom: none;\n}\n\n#cp-main .pagination {\n	float: right;\n	width: auto;\n	padding-top: 1px;\n}\n\n#cp-main .postbody p {\n	font-size: 1.1em;\n}\n\n#cp-main .pm-message {\n	border: 1px solid #e2e2e2;\n	margin: 10px 0;\n	background-color: #FFFFFF;\n	width: auto;\n	float: none;\n}\n\n.pm-message h2 {\n	padding-bottom: 5px;\n}\n\n#cp-main .postbody h3, #cp-main .box2 h3 {\n	margin-top: 0;\n}\n\n#cp-main .buttons {\n	margin-left: 0;\n}\n\n#cp-main ul.linklist {\n	margin: 0;\n}\n\n/* MCP Specific tweaks */\n.mcp-main .postbody {\n	width: 100%;\n}\n\n/* CP tabbed menu\n----------------------------------------*/\n#tabs {\n	line-height: normal;\n	margin: 20px 0 -1px 7px;\n	min-width: 570px;\n}\n\n#tabs ul {\n	margin:0;\n	padding: 0;\n	list-style: none;\n}\n\n#tabs li {\n	display: inline;\n	margin: 0;\n	padding: 0;\n	font-size: 1em;\n	font-weight: bold;\n}\n\n#tabs a {\n	float: left;\n	background: none no-repeat 0% -35px;\n	margin: 0 1px 0 0;\n	padding: 0 0 0 5px;\n	text-decoration: none;\n	position: relative;\n	cursor: pointer;\n}\n\n#tabs a span {\n	float: left;\n	display: block;\n	background: none no-repeat 100% -35px;\n	padding: 6px 10px 6px 5px;\n	color: #828282;\n	white-space: nowrap;\n}\n\n#tabs a:hover span {\n	color: #bcbcbc;\n}\n\n#tabs .activetab a {\n	background-position: 0 0;\n	border-bottom: 1px solid #ebebeb;\n}\n\n#tabs .activetab a span {\n	background-position: 100% 0;\n	padding-bottom: 7px;\n	color: #333333;\n}\n\n#tabs a:hover {\n	background-position: 0 -70px;\n}\n\n#tabs a:hover span {\n	background-position:100% -70px;\n}\n\n#tabs .activetab a:hover {\n	background-position: 0 0;\n}\n\n#tabs .activetab a:hover span {\n	color: #000000;\n	background-position: 100% 0;\n}\n\n/* Mini tabbed menu used in MCP\n----------------------------------------*/\n#minitabs {\n	line-height: normal;\n	margin: -20px 7px 0 0;\n}\n\n#minitabs ul {\n	margin:0;\n	padding: 0;\n	list-style: none;\n}\n\n#minitabs li {\n	display: block;\n	float: right;\n	padding: 0 10px 4px 10px;\n	font-size: 1em;\n	font-weight: bold;\n	background-color: #f2f2f2;\n	margin-left: 2px;\n}\n\n#minitabs a {\n}\n\n#minitabs a:hover {\n	text-decoration: none;\n}\n\n#minitabs li.activetab {\n	background-color: #F9F9F9;\n}\n\n#minitabs li.activetab a, #minitabs li.activetab a:hover {\n	color: #333333;\n}\n\n/* UCP navigation menu\n----------------------------------------*/\n/* Container for sub-navigation list */\n#navigation {\n	width: 100%;\n	padding-top: 36px;\n}\n\n#navigation ul {\n	list-style:none;\n}\n\n/* Default list state */\n#navigation li {\n	margin: 1px 0;\n	padding: 0;\n	font-weight: bold;\n	display: inline;\n}\n\n/* Link styles for the sub-section links */\n#navigation a {\n	display: block;\n	padding: 5px;\n	margin: 1px 0;\n	text-decoration: none;\n	font-weight: bold;\n	color: #333;\n	background: #cfcfcf none repeat-y 100% 0;\n}\n\n#navigation a:hover {\n	text-decoration: none;\n	background-color: #c6c6c6;\n	color: #bcbcbc;\n	background-image: none;\n}\n\n#navigation #active-subsection a {\n	display: block;\n	color: #d3d3d3;\n	background-color: #F9F9F9;\n	background-image: none;\n}\n\n#navigation #active-subsection a:hover {\n	color: #d3d3d3;\n}\n\n/* Preferences pane layout\n----------------------------------------*/\n#cp-main h2 {\n	border-bottom: none;\n	padding: 0;\n	margin-left: 10px;\n	color: #333333;\n}\n\n#cp-main .panel {\n	background-color: #F9F9F9;\n}\n\n#cp-main .pm {\n	background-color: #FFFFFF;\n}\n\n#cp-main span.corners-top, #cp-menu span.corners-top {\n	background-image: none;\n}\n\n#cp-main span.corners-top span, #cp-menu span.corners-top span {\n	background-image: none;\n}\n\n#cp-main span.corners-bottom, #cp-menu span.corners-bottom {\n	background-image: none;\n}\n\n#cp-main span.corners-bottom span, #cp-menu span.corners-bottom span {\n	background-image: none;\n}\n\n/* Topicreview */\n#cp-main .panel #topicreview span.corners-top, #cp-menu .panel #topicreview span.corners-top {\n	background-image: none;\n}\n\n#cp-main .panel #topicreview span.corners-top span, #cp-menu .panel #topicreview span.corners-top span {\n	background-image: none;\n}\n\n#cp-main .panel #topicreview span.corners-bottom, #cp-menu .panel #topicreview span.corners-bottom {\n	background-image: none;\n}\n\n#cp-main .panel #topicreview span.corners-bottom span, #cp-menu .panel #topicreview span.corners-bottom span {\n	background-image: none;\n}\n\n/* Friends list */\n.cp-mini {\n	background-color: #f9f9f9;\n	padding: 0 5px;\n	margin: 10px 15px 10px 5px;\n}\n\n.cp-mini span.corners-top, .cp-mini span.corners-bottom {\n	margin: 0 -5px;\n}\n\ndl.mini dt {\n	font-weight: bold;\n	color: #676767;\n}\n\ndl.mini dd {\n	padding-top: 4px;\n}\n\n.friend-online {\n	font-weight: bold;\n}\n\n.friend-offline {\n	font-style: italic;\n}\n\n/* PM Styles\n----------------------------------------*/\n#pm-menu {\n	line-height: 2.5em;\n}\n\n/* PM panel adjustments */\n.pm-panel-header {\n	margin: 0; \n	padding-bottom: 10px; \n	border-bottom: 1px dashed #A4B3BF;\n}\n\n.reply-all {\n	display: block; \n	padding-top: 4px; \n	clear: both;\n	float: left;\n}\n\n.pm-panel-message {\n	padding-top: 10px;\n}\n\n.pm-return-to {\n	padding-top: 23px;\n}\n\n#cp-main .pm-message-nav {\n	margin: 0; \n	padding: 2px 10px 5px 10px; \n	border-bottom: 1px dashed #A4B3BF;\n}\n\n/* PM Message history */\n.current {\n	color: #999999;\n}\n\n/* Defined rules list for PM options */\nol.def-rules {\n	padding-left: 0;\n}\n\nol.def-rules li {\n	line-height: 180%;\n	padding: 1px;\n}\n\n/* PM marking colours */\n.pmlist li.bg1 {\n	padding: 0 3px;\n}\n\n.pmlist li.bg2 {\n	padding: 0 3px;\n}\n\n.pmlist li.pm_message_reported_colour, .pm_message_reported_colour {\n	border-left-color: #bcbcbc;\n	border-right-color: #bcbcbc;\n}\n\n.pmlist li.pm_marked_colour, .pm_marked_colour {\n	padding: 0;\n	border: solid 3px #ffffff;\n	border-width: 0 3px;\n}\n\n.pmlist li.pm_replied_colour, .pm_replied_colour {\n	padding: 0;\n	border: solid 3px #c2c2c2;\n	border-width: 0 3px;\n}\n\n.pmlist li.pm_friend_colour, .pm_friend_colour {\n	padding: 0;\n	border: solid 3px #bdbdbd;\n	border-width: 0 3px;\n}\n\n.pmlist li.pm_foe_colour, .pm_foe_colour {\n	padding: 0;\n	border: solid 3px #000000;\n	border-width: 0 3px;\n}\n\n.pm-legend {\n	border-left-width: 10px;\n	border-left-style: solid;\n	border-right-width: 0;\n	margin-bottom: 3px;\n	padding-left: 3px;\n}\n\n/* Avatar gallery */\n#gallery label {\n	position: relative;\n	float: left;\n	margin: 10px;\n	padding: 5px;\n	width: auto;\n	background: #FFFFFF;\n	border: 1px solid #CCC;\n	text-align: center;\n}\n\n#gallery label:hover {\n	background-color: #EEE;\n}\n/* Form Styles\n---------------------------------------- */\n\n/* General form styles\n----------------------------------------*/\nfieldset {\n	border-width: 0;\n	font-family: Verdana, Helvetica, Arial, sans-serif;\n	font-size: 1.1em;\n}\n\ninput {\n	font-weight: normal;\n	cursor: pointer;\n	vertical-align: middle;\n	padding: 0 3px;\n	font-size: 1em;\n	font-family: Verdana, Helvetica, Arial, sans-serif;\n}\n\nselect {\n	font-family: Verdana, Helvetica, Arial, sans-serif;\n	font-weight: normal;\n	cursor: pointer;\n	vertical-align: middle;\n	border: 1px solid #666666;\n	padding: 1px;\n	background-color: #FAFAFA;\n	font-size: 1em;\n}\n\noption {\n	padding-right: 1em;\n}\n\noption.disabled-option {\n	color: graytext;\n}\n\ntextarea {\n	font-family: \"Lucida Grande\", Verdana, Helvetica, Arial, sans-serif;\n	width: 60%;\n	padding: 2px;\n	font-size: 1em;\n	line-height: 1.4em;\n}\n\nlabel {\n	cursor: default;\n	padding-right: 5px;\n	color: #676767;\n}\n\nlabel input {\n	vertical-align: middle;\n}\n\nlabel img {\n	vertical-align: middle;\n}\n\n/* Definition list layout for forms\n---------------------------------------- */\nfieldset dl {\n	padding: 4px 0;\n}\n\nfieldset dt {\n	float: left;	\n	width: 40%;\n	text-align: left;\n	display: block;\n}\n\nfieldset dd {\n	margin-left: 41%;\n	vertical-align: top;\n	margin-bottom: 3px;\n}\n\n/* Specific layout 1 */\nfieldset.fields1 dt {\n	width: 15em;\n	border-right-width: 0;\n}\n\nfieldset.fields1 dd {\n	margin-left: 15em;\n	border-left-width: 0;\n}\n\nfieldset.fields1 {\n	background-color: transparent;\n}\n\nfieldset.fields1 div {\n	margin-bottom: 3px;\n}\n\n/* Set it back to 0px for the reCaptcha divs: PHPBB3-9587 */\nfieldset.fields1 #recaptcha_widget_div div {\n	margin-bottom: 0;\n}\n\n/* Specific layout 2 */\nfieldset.fields2 dt {\n	width: 15em;\n	border-right-width: 0;\n}\n\nfieldset.fields2 dd {\n	margin-left: 16em;\n	border-left-width: 0;\n}\n\n/* Form elements */\ndt label {\n	font-weight: bold;\n	text-align: left;\n}\n\ndd label {\n	white-space: nowrap;\n	color: #333;\n}\n\ndd input, dd textarea {\n	margin-right: 3px;\n}\n\ndd select {\n	width: auto;\n}\n\ndd textarea {\n	width: 85%;\n}\n\n/* Hover effects */\nfieldset dl:hover dt label {\n	color: #000000;\n}\n\nfieldset.fields2 dl:hover dt label {\n	color: inherit;\n}\n\n#timezone {\n	width: 95%;\n}\n\n* html #timezone {\n	width: 50%;\n}\n\n/* Quick-login on index page */\nfieldset.quick-login {\n	margin-top: 5px;\n}\n\nfieldset.quick-login input {\n	width: auto;\n}\n\nfieldset.quick-login input.inputbox {\n	width: 15%;\n	vertical-align: middle;\n	margin-right: 5px;\n	background-color: #f3f3f3;\n}\n\nfieldset.quick-login label {\n	white-space: nowrap;\n	padding-right: 2px;\n}\n\n/* Display options on viewtopic/viewforum pages  */\nfieldset.display-options {\n	text-align: center;\n	margin: 3px 0 5px 0;\n}\n\nfieldset.display-options label {\n	white-space: nowrap;\n	padding-right: 2px;\n}\n\nfieldset.display-options a {\n	margin-top: 3px;\n}\n\n/* Display actions for ucp and mcp pages */\nfieldset.display-actions {\n	text-align: right;\n	line-height: 2em;\n	white-space: nowrap;\n	padding-right: 1em;\n}\n\nfieldset.display-actions label {\n	white-space: nowrap;\n	padding-right: 2px;\n}\n\nfieldset.sort-options {\n	line-height: 2em;\n}\n\n/* MCP forum selection*/\nfieldset.forum-selection {\n	margin: 5px 0 3px 0;\n	float: right;\n}\n\nfieldset.forum-selection2 {\n	margin: 13px 0 3px 0;\n	float: right;\n}\n\n/* Jumpbox */\nfieldset.jumpbox {\n	text-align: right;\n	margin-top: 15px;\n	height: 2.5em;\n}\n\nfieldset.quickmod {\n	width: 50%;\n	float: right;\n	text-align: right;\n	height: 2.5em;\n}\n\n/* Submit button fieldset */\nfieldset.submit-buttons {\n	text-align: center;\n	vertical-align: middle;\n	margin: 5px 0;\n}\n\nfieldset.submit-buttons input {\n	vertical-align: middle;\n	padding-top: 3px;\n	padding-bottom: 3px;\n}\n\n/* Posting page styles\n----------------------------------------*/\n\n/* Buttons used in the editor */\n#format-buttons {\n	margin: 15px 0 2px 0;\n}\n\n#format-buttons input, #format-buttons select {\n	vertical-align: middle;\n}\n\n/* Main message box */\n#message-box {\n	width: 80%;\n}\n\n#message-box textarea {\n	font-family: \"Trebuchet MS\", Verdana, Helvetica, Arial, sans-serif;\n	width: 450px;\n	height: 270px;\n	min-width: 100%;\n	max-width: 100%;\n	font-size: 1.2em;\n	color: #333333;\n}\n\n/* Emoticons panel */\n#smiley-box {\n	width: 18%;\n	float: right;\n}\n\n#smiley-box img {\n	margin: 3px;\n}\n\n/* Input field styles\n---------------------------------------- */\n.inputbox {\n	background-color: #FFFFFF;\n	border: 1px solid #c0c0c0;\n	color: #333333;\n	padding: 2px;\n	cursor: text;\n}\n\n.inputbox:hover {\n	border: 1px solid #eaeaea;\n}\n\n.inputbox:focus {\n	border: 1px solid #eaeaea;\n	color: #4b4b4b;\n}\n\ninput.inputbox	{ width: 85%; }\ninput.medium	{ width: 50%; }\ninput.narrow	{ width: 25%; }\ninput.tiny		{ width: 125px; }\n\ntextarea.inputbox {\n	width: 85%;\n}\n\n.autowidth {\n	width: auto !important;\n}\n\n/* Form button styles\n---------------------------------------- */\ninput.button1, input.button2 {\n	font-size: 1em;\n}\n\na.button1, input.button1, input.button3, a.button2, input.button2 {\n	width: auto !important;\n	padding-top: 1px;\n	padding-bottom: 1px;\n	font-family: \"Lucida Grande\", Verdana, Helvetica, Arial, sans-serif;\n	color: #000;\n	background: #FAFAFA none repeat-x top left;\n}\n\na.button1, input.button1 {\n	font-weight: bold;\n	border: 1px solid #666666;\n}\n\ninput.button3 {\n	padding: 0;\n	margin: 0;\n	line-height: 5px;\n	height: 12px;\n	background-image: none;\n	font-variant: small-caps;\n}\n\n/* Alternative button */\na.button2, input.button2, input.button3 {\n	border: 1px solid #666666;\n}\n\n/* <a> button in the style of the form buttons */\na.button1, a.button1:link, a.button1:visited, a.button1:active, a.button2, a.button2:link, a.button2:visited, a.button2:active {\n	text-decoration: none;\n	color: #000000;\n	padding: 2px 8px;\n	line-height: 250%;\n	vertical-align: text-bottom;\n	background-position: 0 1px;\n}\n\n/* Hover states */\na.button1:hover, input.button1:hover, a.button2:hover, input.button2:hover, input.button3:hover {\n	border: 1px solid #BCBCBC;\n	background-position: 0 100%;\n	color: #BCBCBC;\n}\n\ninput.disabled {\n	font-weight: normal;\n	color: #666666;\n}\n\n/* Topic and forum Search */\n.search-box {\n	margin-top: 3px;\n	margin-left: 5px;\n	float: left;\n}\n\n.search-box input {\n}\n\ninput.search {\n	background-image: none;\n	background-repeat: no-repeat;\n	background-position: left 1px;\n	padding-left: 17px;\n}\n\n.full { width: 95%; }\n.medium { width: 50%;}\n.narrow { width: 25%;}\n.tiny { width: 10%;}\n/* Style Sheet Tweaks\n\nThese style definitions are mainly IE specific \ntweaks required due to its poor CSS support.\n-------------------------------------------------*/\n\n* html table, * html select, * html input { font-size: 100%; }\n* html hr { margin: 0; }\n* html span.corners-top, * html span.corners-bottom { background-image: url(\"{T_THEME_PATH}/images/corners_left.gif\"); }\n* html span.corners-top span, * html span.corners-bottom span { background-image: url(\"{T_THEME_PATH}/images/corners_right.gif\"); }\n\ntable.table1 {\n	width: 99%;		/* IE < 6 browsers */\n	/* Tantek hack */\n	voice-family: \"\\\"}\\\"\";\n	voice-family: inherit;\n	width: 100%;\n}\nhtml>body table.table1 { width: 100%; }	/* Reset 100% for opera */\n\n* html ul.topiclist li { position: relative; }\n* html .postbody h3 img { vertical-align: middle; }\n\n/* Form styles */\nhtml>body dd label input { vertical-align: text-bottom; }	/* Align checkboxes/radio buttons nicely */\n\n* html input.button1, * html input.button2 {\n	padding-bottom: 0;\n	margin-bottom: 1px;\n}\n\n/* Misc layout styles */\n* html .column1, * html .column2 { width: 45%; }\n\n/* Nice method for clearing floated blocks without having to insert any extra markup (like spacer above)\n   From http://www.positioniseverything.net/easyclearing.html \n#tabs:after, #minitabs:after, .post:after, .navbar:after, fieldset dl:after, ul.topiclist dl:after, ul.linklist:after, dl.polls:after {\n	content: \".\"; \n	display: block; \n	height: 0; \n	clear: both; \n	visibility: hidden;\n}*/\n\n.clearfix, #tabs, #minitabs, fieldset dl, ul.topiclist dl, dl.polls {\n	height: 1%;\n	overflow: hidden;\n}\n\n/* viewtopic fix */\n* html .post {\n	height: 25%;\n	overflow: hidden;\n}\n\n/* navbar fix */\n* html .clearfix, * html .navbar, ul.linklist {\n	height: 4%;\n	overflow: hidden;\n}\n\n/* Simple fix so forum and topic lists always have a min-height set, even in IE6\n	From http://www.dustindiaz.com/min-height-fast-hack */\ndl.icon {\n	min-height: 35px;\n	height: auto !important;\n	height: 35px;\n}\n\n* html li.row dl.icon dt {\n	height: 35px;\n	overflow: visible;\n}\n\n* html #search-box {\n	width: 25%;\n}\n\n/* Correctly clear floating for details on profile view */\n*:first-child+html dl.details dd {\n	margin-left: 30%;\n	float: none;\n}\n\n* html dl.details dd {\n	margin-left: 30%;\n	float: none;\n}\n\n* html .forumbg table.table1 {\n	margin: 0 -2px 0px -1px;\n}\n\n/* Headerbar height fix for IE7 and below */\n* html #site-description p {\n	margin-bottom: 1.0em;\n}\n\n*:first-child+html #site-description p {\n	margin-bottom: 1.0em;\n}\n/*  	\n--------------------------------------------------------------\nColours and backgrounds for common.css\n-------------------------------------------------------------- */\n\nhtml, body {\n	color: #536482;\n	background-color: #FFFFFF;\n}\n\nh1 {\n	color: #FFFFFF;\n}\n\nh2 {\n	color: #28313F;\n}\n\nh3 {\n	border-bottom-color: #CCCCCC;\n	color: #115098;\n}\n\nhr {\n	border-color: #FFFFFF;\n	border-top-color: #CCCCCC;\n}\n\nhr.dashed {\n	border-top-color: #CCCCCC;\n}\n\n/* Search box\n--------------------------------------------- */\n\n#search-box {\n	color: #FFFFFF;\n}\n\n#search-box #keywords {\n	background-color: #FFF;\n}\n\n#search-box input {\n	border-color: #0075B0;\n}\n\n/* Round cornered boxes and backgrounds\n---------------------------------------- */\n.headerbar {\n	background-color: #12A3EB;\n	background-image: url(\"{T_THEME_PATH}/images/bg_header.gif\");\n	color: #FFFFFF;\n}\n\n.navbar {\n	background-color: #cadceb;\n}\n\n.forabg {\n	background-color: #0076b1;\n	background-image: url(\"{T_THEME_PATH}/images/bg_list.gif\");\n}\n\n.forumbg {\n	background-color: #12A3EB;\n	background-image: url(\"{T_THEME_PATH}/images/bg_header.gif\");\n}\n\n.panel {\n	background-color: #ECF1F3;\n	color: #28313F;\n}\n\n.post:target .content {\n	color: #000000;\n}\n\n.post:target h3 a {\n	color: #000000;\n}\n\n.bg1	{ background-color: #ECF3F7; }\n.bg2	{ background-color: #e1ebf2;  }\n.bg3	{ background-color: #cadceb; }\n\n.ucprowbg {\n	background-color: #DCDEE2;\n}\n\n.fieldsbg {\n	background-color: #E7E8EA;\n}\n\nspan.corners-top {\n	background-image: url(\"{T_THEME_PATH}/images/corners_left.png\");\n}\n\nspan.corners-top span {\n	background-image: url(\"{T_THEME_PATH}/images/corners_right.png\");\n}\n\nspan.corners-bottom {\n	background-image: url(\"{T_THEME_PATH}/images/corners_left.png\");\n}\n\nspan.corners-bottom span {\n	background-image: url(\"{T_THEME_PATH}/images/corners_right.png\");\n}\n\n/* Horizontal lists\n----------------------------------------*/\n\nul.navlinks {\n	border-bottom-color: #FFFFFF;\n}\n\n/* Table styles\n----------------------------------------*/\ntable.table1 thead th {\n	color: #FFFFFF;\n}\n\ntable.table1 tbody tr {\n	border-color: #BFC1CF;\n}\n\ntable.table1 tbody tr:hover, table.table1 tbody tr.hover {\n	background-color: #CFE1F6;\n	color: #000;\n}\n\ntable.table1 td {\n	color: #536482;\n}\n\ntable.table1 tbody td {\n	border-top-color: #FAFAFA;\n}\n\ntable.table1 tbody th {\n	border-bottom-color: #000000;\n	color: #333333;\n	background-color: #FFFFFF;\n}\n\ntable.info tbody th {\n	color: #000000;\n}\n\n/* Misc layout styles\n---------------------------------------- */\ndl.details dt {\n	color: #000000;\n}\n\ndl.details dd {\n	color: #536482;\n}\n\n.sep {\n	color: #1198D9;\n}\n\n/* Pagination\n---------------------------------------- */\n\n.pagination span strong {\n	color: #FFFFFF;\n	background-color: #4692BF;\n	border-color: #4692BF;\n}\n\n.pagination span a, .pagination span a:link, .pagination span a:visited {\n	color: #5C758C;\n	background-color: #ECEDEE;\n	border-color: #B4BAC0;\n}\n\n.pagination span a:hover {\n	border-color: #368AD2;\n	background-color: #368AD2;\n	color: #FFF;\n}\n\n.pagination span a:active {\n	color: #5C758C;\n	background-color: #ECEDEE;\n	border-color: #B4BAC0;\n}\n\n/* Pagination in viewforum for multipage topics */\n.row .pagination {\n	background-image: url(\"{T_THEME_PATH}/images/icon_pages.gif\");\n}\n\n.row .pagination span a, li.pagination span a {\n	background-color: #FFFFFF;\n}\n\n.row .pagination span a:hover, li.pagination span a:hover {\n	background-color: #368AD2;\n}\n\n/* Miscellaneous styles\n---------------------------------------- */\n\n.copyright {\n	color: #555555;\n}\n\n.error {\n	color: #BC2A4D;\n}\n\n.reported {\n	background-color: #F7ECEF;\n}\n\nli.reported:hover {\n	background-color: #ECD5D8 !important;\n}\n.sticky, .announce {\n	/* you can add a background for stickies and announcements*/\n}\n\ndiv.rules {\n	background-color: #ECD5D8;\n	color: #BC2A4D;\n}\n\np.rules {\n	background-color: #ECD5D8;\n	background-image: none;\n}\n\n/*  	\n--------------------------------------------------------------\nColours and backgrounds for links.css\n-------------------------------------------------------------- */\n\na:link	{ color: #105289; }\na:visited	{ color: #105289; }\na:hover	{ color: #D31141; }\na:active	{ color: #368AD2; }\n\n/* Links on gradient backgrounds */\n#search-box a:link, .navbg a:link, .forumbg .header a:link, .forabg .header a:link, th a:link {\n	color: #FFFFFF;\n}\n\n#search-box a:visited, .navbg a:visited, .forumbg .header a:visited, .forabg .header a:visited, th a:visited {\n	color: #FFFFFF;\n}\n\n#search-box a:hover, .navbg a:hover, .forumbg .header a:hover, .forabg .header a:hover, th a:hover {\n	color: #A8D8FF;\n}\n\n#search-box a:active, .navbg a:active, .forumbg .header a:active, .forabg .header a:active, th a:active {\n	color: #C8E6FF;\n}\n\n/* Links for forum/topic lists */\na.forumtitle {\n	color: #105289;\n}\n\n/* a.forumtitle:visited { color: #105289; } */\n\na.forumtitle:hover {\n	color: #BC2A4D;\n}\n\na.forumtitle:active {\n	color: #105289;\n}\n\na.topictitle {\n	color: #105289;\n}\n\n/* a.topictitle:visited { color: #368AD2; } */\n\na.topictitle:hover {\n	color: #BC2A4D;\n}\n\na.topictitle:active {\n	color: #105289;\n}\n\n/* Post body links */\n.postlink {\n	color: #368AD2;\n	border-bottom-color: #368AD2;\n}\n\n.postlink:visited {\n	color: #5D8FBD;\n	border-bottom-color: #5D8FBD;\n}\n\n.postlink:active {\n	color: #368AD2;\n}\n\n.postlink:hover {\n	background-color: #D0E4F6;\n	color: #0D4473;\n}\n\n.signature a, .signature a:visited, .signature a:hover, .signature a:active {\n	background-color: transparent;\n}\n\n/* Profile links */\n.postprofile a:link, .postprofile a:visited, .postprofile dt.author a {\n	color: #105289;\n}\n\n.postprofile a:hover, .postprofile dt.author a:hover {\n	color: #D31141;\n}\n\n.postprofile a:active {\n	color: #105289;\n}\n\n/* Profile searchresults */	\n.search .postprofile a {\n	color: #105289;\n}\n\n.search .postprofile a:hover {\n	color: #D31141;\n}\n\n/* Back to top of page */\na.top {\n	background-image: url(\"{IMG_ICON_BACK_TOP_SRC}\");\n}\n\na.top2 {\n	background-image: url(\"{IMG_ICON_BACK_TOP_SRC}\");\n}\n\n/* Arrow links  */\na.up		{ background-image: url(\"{T_THEME_PATH}/images/arrow_up.gif\") }\na.down		{ background-image: url(\"{T_THEME_PATH}/images/arrow_down.gif\") }\na.left		{ background-image: url(\"{T_THEME_PATH}/images/arrow_left.gif\") }\na.right		{ background-image: url(\"{T_THEME_PATH}/images/arrow_right.gif\") }\n\na.up:hover {\n	background-color: transparent;\n}\n\na.left:hover {\n	color: #368AD2;\n}\n\na.right:hover {\n	color: #368AD2;\n}\n\n\n/*  	\n--------------------------------------------------------------\nColours and backgrounds for content.css\n-------------------------------------------------------------- */\n\nul.forums {\n	background-color: #eef5f9;\n	background-image: url(\"{T_THEME_PATH}/images/gradient.gif\");\n}\n\nul.topiclist li {\n	color: #4C5D77;\n}\n\nul.topiclist dd {\n	border-left-color: #FFFFFF;\n}\n\n.rtl ul.topiclist dd {\n	border-right-color: #fff;\n	border-left-color: transparent;\n}\n\nul.topiclist li.row dt a.subforum.read {\n	background-image: url(\"{IMG_SUBFORUM_READ_SRC}\");\n}\n\nul.topiclist li.row dt a.subforum.unread {\n	background-image: url(\"{IMG_SUBFORUM_UNREAD_SRC}\");\n}\n\nli.row {\n	border-top-color:  #FFFFFF;\n	border-bottom-color: #00608F;\n}\n\nli.row strong {\n	color: #000000;\n}\n\nli.row:hover {\n	background-color: #F6F4D0;\n}\n\nli.row:hover dd {\n	border-left-color: #CCCCCC;\n}\n\n.rtl li.row:hover dd {\n	border-right-color: #CCCCCC;\n	border-left-color: transparent;\n}\n\nli.header dt, li.header dd {\n	color: #FFFFFF;\n}\n\n/* Forum list column styles */\nul.topiclist dd.searchextra {\n	color: #333333;\n}\n\n/* Post body styles\n----------------------------------------*/\n.postbody {\n	color: #333333;\n}\n\n/* Content container styles\n----------------------------------------*/\n.content {\n	color: #333333;\n}\n\n.content h2, .panel h2 {\n	color: #115098;\n	border-bottom-color:  #CCCCCC;\n}\n\ndl.faq dt {\n	color: #333333;\n}\n\n.posthilit {\n	background-color: #F3BFCC;\n	color: #BC2A4D;\n}\n\n/* Post signature */\n.signature {\n	border-top-color: #CCCCCC;\n}\n\n/* Post noticies */\n.notice {\n	border-top-color:  #CCCCCC;\n}\n\n/* BB Code styles\n----------------------------------------*/\n/* Quote block */\nblockquote {\n	background-color: #EBEADD;\n	background-image: url(\"{T_THEME_PATH}/images/quote.gif\");\n	border-color:#DBDBCE;\n}\n\n.rtl blockquote {\n	background-image: url(\"{T_THEME_PATH}/images/quote_rtl.gif\");\n}\n\nblockquote blockquote {\n	/* Nested quotes */\n	background-color:#EFEED9;\n}\n\nblockquote blockquote blockquote {\n	/* Nested quotes */\n	background-color: #EBEADD;\n}\n\n/* Code block */\ndl.codebox {\n	background-color: #FFFFFF;\n	border-color: #C9D2D8;\n}\n\ndl.codebox dt {\n	border-bottom-color:  #CCCCCC;\n}\n\ndl.codebox code {\n	color: #2E8B57;\n}\n\n.syntaxbg		{ color: #FFFFFF; }\n.syntaxcomment	{ color: #FF8000; }\n.syntaxdefault	{ color: #0000BB; }\n.syntaxhtml		{ color: #000000; }\n.syntaxkeyword	{ color: #007700; }\n.syntaxstring	{ color: #DD0000; }\n\n/* Attachments\n----------------------------------------*/\n.attachbox {\n	background-color: #FFFFFF;\n	border-color:  #C9D2D8;\n}\n\n.pm-message .attachbox {\n	background-color: #F2F3F3;\n}\n\n.attachbox dd {\n	border-top-color: #C9D2D8;\n}\n\n.attachbox p {\n	color: #666666;\n}\n\n.attachbox p.stats {\n	color: #666666;\n}\n\n.attach-image img {\n	border-color: #999999;\n}\n\n/* Inline image thumbnails */\n\ndl.file dd {\n	color: #666666;\n}\n\ndl.thumbnail img {\n	border-color: #666666;\n	background-color: #FFFFFF;\n}\n\ndl.thumbnail dd {\n	color: #666666;\n}\n\ndl.thumbnail dt a:hover {\n	background-color: #EEEEEE;\n}\n\ndl.thumbnail dt a:hover img {\n	border-color: #368AD2;\n}\n\n/* Post poll styles\n----------------------------------------*/\n\nfieldset.polls dl {\n	border-top-color: #DCDEE2;\n	color: #666666;\n}\n\nfieldset.polls dl.voted {\n	color: #000000;\n}\n\nfieldset.polls dd div {\n	color: #FFFFFF;\n}\n\n.rtl .pollbar1, .rtl .pollbar2, .rtl .pollbar3, .rtl .pollbar4, .rtl .pollbar5 {\n	border-right-color: transparent;\n}\n\n.pollbar1 {\n	background-color: #AA2346;\n	border-bottom-color: #74162C;\n	border-right-color: #74162C;\n}\n\n.rtl .pollbar1 {\n	border-left-color: #74162C;\n}\n\n.pollbar2 {\n	background-color: #BE1E4A;\n	border-bottom-color: #8C1C38;\n	border-right-color: #8C1C38;\n}\n\n.rtl .pollbar2 {\n	border-left-color: #8C1C38;\n}\n\n.pollbar3 {\n	background-color: #D11A4E;\n	border-bottom-color: #AA2346;\n	border-right-color: #AA2346;\n}\n\n.rtl .pollbar3 {\n	border-left-color: #AA2346;\n}\n\n.pollbar4 {\n	background-color: #E41653;\n	border-bottom-color: #BE1E4A;\n	border-right-color: #BE1E4A;\n}\n\n.rtl .pollbar4 {\n	border-left-color: #BE1E4A;\n}\n\n.pollbar5 {\n	background-color: #F81157;\n	border-bottom-color: #D11A4E;\n	border-right-color: #D11A4E;\n}\n\n.rtl .pollbar5 {\n	border-left-color: #D11A4E;\n}\n\n/* Poster profile block\n----------------------------------------*/\n.postprofile {\n	color: #666666;\n	border-left-color: #FFFFFF;\n}\n\n.rtl .postprofile {\n	border-right-color: #FFFFFF;\n	border-left-color: transparent;\n}\n\n.pm .postprofile {\n	border-left-color: #DDDDDD;\n}\n\n.rtl .pm .postprofile {\n	border-right-color: #DDDDDD;\n	border-left-color: transparent;\n}\n\n.postprofile strong {\n	color: #000000;\n}\n\n.online {\n	background-image: url(\"{IMG_ICON_USER_ONLINE_SRC}\");\n}\n\n/*  	\n--------------------------------------------------------------\nColours and backgrounds for buttons.css\n-------------------------------------------------------------- */\n\n/* Big button images */\n.reply-icon span	{ background-image: url(\"{IMG_BUTTON_TOPIC_REPLY_SRC}\"); }\n.post-icon span		{ background-image: url(\"{IMG_BUTTON_TOPIC_NEW_SRC}\"); }\n.locked-icon span	{ background-image: url(\"{IMG_BUTTON_TOPIC_LOCKED_SRC}\"); }\n.pmreply-icon span	{ background-image: url(\"{IMG_BUTTON_PM_REPLY_SRC}\") ;}\n.newpm-icon span 	{ background-image: url(\"{IMG_BUTTON_PM_NEW_SRC}\") ;}\n.forwardpm-icon span	{ background-image: url(\"{IMG_BUTTON_PM_FORWARD_SRC}\") ;}\n\na.print {\n	background-image: url(\"{T_THEME_PATH}/images/icon_print.gif\");\n}\n\na.sendemail {\n	background-image: url(\"{T_THEME_PATH}/images/icon_sendemail.gif\");\n}\n\na.fontsize {\n	background-image: url(\"{T_THEME_PATH}/images/icon_fontsize.gif\");\n}\n\n/* Icon images\n---------------------------------------- */\n.sitehome						{ background-image: url(\"{T_THEME_PATH}/images/icon_home.gif\"); }\n.icon-faq						{ background-image: url(\"{T_THEME_PATH}/images/icon_faq.gif\"); }\n.icon-members					{ background-image: url(\"{T_THEME_PATH}/images/icon_members.gif\"); }\n.icon-home						{ background-image: url(\"{T_THEME_PATH}/images/icon_home.gif\"); }\n.icon-ucp						{ background-image: url(\"{T_THEME_PATH}/images/icon_ucp.gif\"); }\n.icon-register					{ background-image: url(\"{T_THEME_PATH}/images/icon_register.gif\"); }\n.icon-logout					{ background-image: url(\"{T_THEME_PATH}/images/icon_logout.gif\"); }\n.icon-bookmark					{ background-image: url(\"{T_THEME_PATH}/images/icon_bookmark.gif\"); }\n.icon-bump						{ background-image: url(\"{T_THEME_PATH}/images/icon_bump.gif\"); }\n.icon-subscribe					{ background-image: url(\"{T_THEME_PATH}/images/icon_subscribe.gif\"); }\n.icon-unsubscribe				{ background-image: url(\"{T_THEME_PATH}/images/icon_unsubscribe.gif\"); }\n.icon-pages						{ background-image: url(\"{T_THEME_PATH}/images/icon_pages.gif\"); }\n.icon-search					{ background-image: url(\"{T_THEME_PATH}/images/icon_search.gif\"); }\n\n/* Profile & navigation icons */\n.email-icon, .email-icon a		{ background-image: url(\"{IMG_ICON_CONTACT_EMAIL_SRC}\"); }\n.aim-icon, .aim-icon a			{ background-image: url(\"{IMG_ICON_CONTACT_AIM_SRC}\"); }\n.yahoo-icon, .yahoo-icon a		{ background-image: url(\"{IMG_ICON_CONTACT_YAHOO_SRC}\"); }\n.web-icon, .web-icon a			{ background-image: url(\"{IMG_ICON_CONTACT_WWW_SRC}\"); }\n.msnm-icon, .msnm-icon a			{ background-image: url(\"{IMG_ICON_CONTACT_MSNM_SRC}\"); }\n.icq-icon, .icq-icon a			{ background-image: url(\"{IMG_ICON_CONTACT_ICQ_SRC}\"); }\n.jabber-icon, .jabber-icon a		{ background-image: url(\"{IMG_ICON_CONTACT_JABBER_SRC}\"); }\n.pm-icon, .pm-icon a				{ background-image: url(\"{IMG_ICON_CONTACT_PM_SRC}\"); }\n.quote-icon, .quote-icon a		{ background-image: url(\"{IMG_ICON_POST_QUOTE_SRC}\"); }\n\n/* Moderator icons */\n.report-icon, .report-icon a		{ background-image: url(\"{IMG_ICON_POST_REPORT_SRC}\"); }\n.edit-icon, .edit-icon a			{ background-image: url(\"{IMG_ICON_POST_EDIT_SRC}\"); }\n.delete-icon, .delete-icon a		{ background-image: url(\"{IMG_ICON_POST_DELETE_SRC}\"); }\n.info-icon, .info-icon a			{ background-image: url(\"{IMG_ICON_POST_INFO_SRC}\"); }\n.warn-icon, .warn-icon a			{ background-image: url(\"{IMG_ICON_USER_WARN_SRC}\"); } /* Need updated warn icon */\n\n/*  	\n--------------------------------------------------------------\nColours and backgrounds for cp.css\n-------------------------------------------------------------- */\n\n/* Main CP box\n----------------------------------------*/\n\n#cp-main h3, #cp-main hr, #cp-menu hr {\n	border-color: #A4B3BF;\n}\n\n#cp-main .panel li.row {\n	border-bottom-color: #B5C1CB;\n	border-top-color: #F9F9F9;\n}\n\nul.cplist {\n	border-top-color: #B5C1CB;\n}\n\n#cp-main .panel li.header dd, #cp-main .panel li.header dt {\n	color: #000000;\n}\n\n#cp-main table.table1 thead th {\n	color: #333333;\n	border-bottom-color: #333333;\n}\n\n#cp-main .pm-message {\n	border-color: #DBDEE2;\n	background-color: #FFFFFF;\n}\n\n/* CP tabbed menu\n----------------------------------------*/\n#tabs a {\n	background-image: url(\"{T_THEME_PATH}/images/bg_tabs1.gif\");\n}\n\n#tabs a span {\n	background-image: url(\"{T_THEME_PATH}/images/bg_tabs2.gif\");\n	color: #536482;\n}\n\n#tabs a:hover span {\n	color: #BC2A4D;\n}\n\n#tabs .activetab a {\n	border-bottom-color: #CADCEB;\n}\n\n#tabs .activetab a span {\n	color: #333333;\n}\n\n#tabs .activetab a:hover span {\n	color: #000000;\n}\n\n/* Mini tabbed menu used in MCP\n----------------------------------------*/\n#minitabs li {\n	background-color: #E1EBF2;\n}\n\n#minitabs li.activetab {\n	background-color: #F9F9F9;\n}\n\n#minitabs li.activetab a, #minitabs li.activetab a:hover {\n	color: #333333;\n}\n\n/* UCP navigation menu\n----------------------------------------*/\n\n/* Link styles for the sub-section links */\n#navigation a {\n	color: #333;\n	background-color: #B2C2CF;\n	background-image: url(\"{T_THEME_PATH}/images/bg_menu.gif\");\n}\n\n.rtl #navigation a {\n	background-image: url(\"{T_THEME_PATH}/images/bg_menu_rtl.gif\");\n	background-position: 0 100%;\n}\n\n#navigation a:hover {\n	background-image: none;\n	background-color: #aabac6;\n	color: #BC2A4D;\n}\n\n#navigation #active-subsection a {\n	color: #D31141;\n	background-color: #F9F9F9;\n	background-image: none;\n}\n\n#navigation #active-subsection a:hover {\n	color: #D31141;\n}\n\n/* Preferences pane layout\n----------------------------------------*/\n#cp-main h2 {\n	color: #333333;\n}\n\n#cp-main .panel {\n	background-color: #F9F9F9;\n}\n\n#cp-main .pm {\n	background-color: #FFFFFF;\n}\n\n#cp-main span.corners-top, #cp-menu span.corners-top {\n	background-image: url(\"{T_THEME_PATH}/images/corners_left2.gif\");\n}\n\n#cp-main span.corners-top span, #cp-menu span.corners-top span {\n	background-image: url(\"{T_THEME_PATH}/images/corners_right2.gif\");\n}\n\n#cp-main span.corners-bottom, #cp-menu span.corners-bottom {\n	background-image: url(\"{T_THEME_PATH}/images/corners_left2.gif\");\n}\n\n#cp-main span.corners-bottom span, #cp-menu span.corners-bottom span {\n	background-image: url(\"{T_THEME_PATH}/images/corners_right2.gif\");\n}\n\n/* Topicreview */\n#cp-main .panel #topicreview span.corners-top, #cp-menu .panel #topicreview span.corners-top {\n	background-image: url(\"{T_THEME_PATH}/images/corners_left.gif\");\n}\n\n#cp-main .panel #topicreview span.corners-top span, #cp-menu .panel #topicreview span.corners-top span {\n	background-image: url(\"{T_THEME_PATH}/images/corners_right.gif\");\n}\n\n#cp-main .panel #topicreview span.corners-bottom, #cp-menu .panel #topicreview span.corners-bottom {\n	background-image: url(\"{T_THEME_PATH}/images/corners_left.gif\");\n}\n\n#cp-main .panel #topicreview span.corners-bottom span, #cp-menu .panel #topicreview span.corners-bottom span {\n	background-image: url(\"{T_THEME_PATH}/images/corners_right.gif\");\n}\n\n/* Friends list */\n.cp-mini {\n	background-color: #eef5f9;\n}\n\ndl.mini dt {\n	color: #425067;\n}\n\n/* PM Styles\n----------------------------------------*/\n/* PM Message history */\n.current {\n	color: #000000 !important;\n}\n\n/* PM panel adjustments */\n.pm-panel-header,\n#cp-main .pm-message-nav {\n	border-bottom-color: #A4B3BF;\n}\n\n/* PM marking colours */\n.pmlist li.pm_message_reported_colour, .pm_message_reported_colour {\n	border-left-color: #BC2A4D;\n	border-right-color: #BC2A4D;\n}\n\n.pmlist li.pm_marked_colour, .pm_marked_colour {\n	border-color: #FF6600;\n}\n\n.pmlist li.pm_replied_colour, .pm_replied_colour {\n	border-color: #A9B8C2;\n}\n\n.pmlist li.pm_friend_colour, .pm_friend_colour {\n	border-color: #5D8FBD;\n}\n\n.pmlist li.pm_foe_colour, .pm_foe_colour {\n	border-color: #000000;\n}\n\n/* Avatar gallery */\n#gallery label {\n	background-color: #FFFFFF;\n	border-color: #CCC;\n}\n\n#gallery label:hover {\n	background-color: #EEE;\n}\n\n/*  	\n--------------------------------------------------------------\nColours and backgrounds for forms.css\n-------------------------------------------------------------- */\n\n/* General form styles\n----------------------------------------*/\nselect {\n	border-color: #666666;\n	background-color: #FAFAFA;\n	color: #000;\n}\n\nlabel {\n	color: #425067;\n}\n\noption.disabled-option {\n	color: graytext;\n}\n\n/* Definition list layout for forms\n---------------------------------------- */\ndd label {\n	color: #333;\n}\n\n/* Hover effects */\nfieldset dl:hover dt label {\n	color: #000000;\n}\n\nfieldset.fields2 dl:hover dt label {\n	color: inherit;\n}\n\n/* Quick-login on index page */\nfieldset.quick-login input.inputbox {\n	background-color: #F2F3F3;\n}\n\n/* Posting page styles\n----------------------------------------*/\n\n#message-box textarea {\n	color: #333333;\n}\n\n/* Input field styles\n---------------------------------------- */\n.inputbox {\n	background-color: #FFFFFF; \n	border-color: #B4BAC0;\n	color: #333333;\n}\n\n.inputbox:hover {\n	border-color: #11A3EA;\n}\n\n.inputbox:focus {\n	border-color: #11A3EA;\n	color: #0F4987;\n}\n\n/* Form button styles\n---------------------------------------- */\n\na.button1, input.button1, input.button3, a.button2, input.button2 {\n	color: #000;\n	background-color: #FAFAFA;\n	background-image: url(\"{T_THEME_PATH}/images/bg_button.gif\");\n}\n\na.button1, input.button1 {\n	border-color: #666666;\n}\n\ninput.button3 {\n	background-image: none;\n}\n\n/* Alternative button */\na.button2, input.button2, input.button3 {\n	border-color: #666666;\n}\n\n/* <a> button in the style of the form buttons */\na.button1, a.button1:link, a.button1:visited, a.button1:active, a.button2, a.button2:link, a.button2:visited, a.button2:active {\n	color: #000000;\n}\n\n/* Hover states */\na.button1:hover, input.button1:hover, a.button2:hover, input.button2:hover, input.button3:hover {\n	border-color: #BC2A4D;\n	color: #BC2A4D;\n}\n\ninput.search {\n	background-image: url(\"{T_THEME_PATH}/images/icon_textbox_search.gif\");\n}\n\ninput.disabled {\n	color: #666666;\n}\n'),(2,'andreahalsey','&copy; phpBB Group, 2003','andreahalsey',0,1329086226,'');

--
-- Table structure for table `phpbb_topics`
--

CREATE TABLE `phpbb_topics` (
  `topic_id` mediumint(8) unsigned NOT NULL AUTO_INCREMENT,
  `forum_id` mediumint(8) unsigned NOT NULL DEFAULT '0',
  `icon_id` mediumint(8) unsigned NOT NULL DEFAULT '0',
  `topic_attachment` tinyint(1) unsigned NOT NULL DEFAULT '0',
  `topic_approved` tinyint(1) unsigned NOT NULL DEFAULT '1',
  `topic_reported` tinyint(1) unsigned NOT NULL DEFAULT '0',
  `topic_title` varchar(255) CHARACTER SET utf8 NOT NULL DEFAULT '',
  `topic_poster` mediumint(8) unsigned NOT NULL DEFAULT '0',
  `topic_time` int(11) unsigned NOT NULL DEFAULT '0',
  `topic_time_limit` int(11) unsigned NOT NULL DEFAULT '0',
  `topic_views` mediumint(8) unsigned NOT NULL DEFAULT '0',
  `topic_replies` mediumint(8) unsigned NOT NULL DEFAULT '0',
  `topic_replies_real` mediumint(8) unsigned NOT NULL DEFAULT '0',
  `topic_status` tinyint(3) NOT NULL DEFAULT '0',
  `topic_type` tinyint(3) NOT NULL DEFAULT '0',
  `topic_first_post_id` mediumint(8) unsigned NOT NULL DEFAULT '0',
  `topic_first_poster_name` varchar(255) NOT NULL DEFAULT '',
  `topic_first_poster_colour` varchar(6) NOT NULL DEFAULT '',
  `topic_last_post_id` mediumint(8) unsigned NOT NULL DEFAULT '0',
  `topic_last_poster_id` mediumint(8) unsigned NOT NULL DEFAULT '0',
  `topic_last_poster_name` varchar(255) NOT NULL DEFAULT '',
  `topic_last_poster_colour` varchar(6) NOT NULL DEFAULT '',
  `topic_last_post_subject` varchar(255) NOT NULL DEFAULT '',
  `topic_last_post_time` int(11) unsigned NOT NULL DEFAULT '0',
  `topic_last_view_time` int(11) unsigned NOT NULL DEFAULT '0',
  `topic_moved_id` mediumint(8) unsigned NOT NULL DEFAULT '0',
  `topic_bumped` tinyint(1) unsigned NOT NULL DEFAULT '0',
  `topic_bumper` mediumint(8) unsigned NOT NULL DEFAULT '0',
  `poll_title` varchar(255) NOT NULL DEFAULT '',
  `poll_start` int(11) unsigned NOT NULL DEFAULT '0',
  `poll_length` int(11) unsigned NOT NULL DEFAULT '0',
  `poll_max_options` tinyint(4) NOT NULL DEFAULT '1',
  `poll_last_vote` int(11) unsigned NOT NULL DEFAULT '0',
  `poll_vote_change` tinyint(1) unsigned NOT NULL DEFAULT '0',
  PRIMARY KEY (`topic_id`),
  KEY `forum_id` (`forum_id`),
  KEY `forum_id_type` (`forum_id`,`topic_type`),
  KEY `last_post_time` (`topic_last_post_time`),
  KEY `topic_approved` (`topic_approved`),
  KEY `forum_appr_last` (`forum_id`,`topic_approved`,`topic_last_post_id`),
  KEY `fid_time_moved` (`forum_id`,`topic_last_post_time`,`topic_moved_id`)
) ENGINE=MyISAM AUTO_INCREMENT=24 DEFAULT CHARSET=latin1;

--
-- Dumping data for table `phpbb_topics`
--

INSERT INTO `phpbb_topics` VALUES (7,44,0,0,1,0,'Packaging, what do you use?',57,1330715191,0,33,6,6,0,0,14,'EvieCurley','',71,68,'AnnetteGoodman','','Re: Packaging, what do you use?',1335462665,1346090903,0,0,0,'',0,0,1,0,0),(6,31,0,0,1,0,'Anyone here doing in-person ordering?',57,1330714897,0,31,5,5,0,0,13,'EvieCurley','',44,57,'EvieCurley','','Re: Anyone here doing in-person ordering?',1331355194,1332949895,0,0,0,'',0,0,1,0,0),(5,4,0,0,1,0,'Post in this forum with your Pricing questions and comments.',55,1329631852,0,66,11,11,0,0,8,'AndreaHalsey','333333',39,55,'AndreaHalsey','333333','Re: Post in this forum with your Pricing questions and comme',1331332705,1376678159,0,0,0,'',0,0,1,0,0),(8,36,0,0,1,0,'Downloads',65,1330756845,0,32,4,4,0,0,18,'LynneBerridge','',34,65,'LynneBerridge','','Re: Downloads',1331073217,1340424180,0,0,0,'',0,0,1,0,0),(9,25,0,0,1,0,'1st year birthday bash',62,1331014223,0,17,1,1,0,0,28,'JanetPliszka','',31,55,'AndreaHalsey','333333','Re: 1st year birthday bash',1331045149,1349641801,0,0,0,'',0,0,1,0,0),(10,6,0,0,1,0,'What\'s your BEST seller?',55,1331045312,0,29,3,3,0,0,32,'AndreaHalsey','333333',40,55,'AndreaHalsey','333333','Re: What\'s your BEST seller?',1331332854,1366730248,0,0,0,'',0,0,1,0,0),(11,16,0,0,1,0,'Client Gifts',55,1331332961,0,21,4,4,0,0,41,'AndreaHalsey','333333',60,55,'AndreaHalsey','333333','Re: Client Gifts',1334689079,1339535570,0,0,0,'',0,0,1,0,0),(12,47,0,0,1,0,'Some ideas for new templates!',55,1331333693,0,38,6,6,0,0,42,'AndreaHalsey','333333',75,67,'YvonneNiemann','','Re: Some ideas for new templates!',1337986519,1349858563,0,0,0,'',0,0,1,0,0),(13,38,0,0,1,0,'Fonts',68,1331667043,0,12,2,2,0,0,46,'AnnetteGoodman','',50,68,'AnnetteGoodman','','Re: Fonts',1331673852,1339626706,0,0,0,'',0,0,1,0,0),(14,45,0,0,1,0,'Fonts',68,1331667043,0,1,0,0,2,0,46,'AnnetteGoodman','',46,68,'AnnetteGoodman','','Fonts',1331667043,1331670520,13,0,0,'',0,0,1,0,0),(20,6,0,0,1,0,'Albums',67,1338040683,0,12,4,4,0,0,76,'YvonneNiemann','',90,67,'YvonneNiemann','','Re: Albums',1339987524,1365352813,0,0,0,'',0,0,1,0,0),(15,25,0,0,1,0,'Getting Clients',68,1332419198,0,18,3,3,0,0,52,'AnnetteGoodman','',62,68,'AnnetteGoodman','','Re: Getting Clients',1334759767,1365611566,0,0,0,'',0,0,1,0,0),(16,11,0,0,1,0,'Video Tutorials',68,1334154297,0,7,1,1,0,0,55,'AnnetteGoodman','',59,55,'AndreaHalsey','333333','Re: Video Tutorials',1334688663,1337027057,0,0,0,'',0,0,1,0,0),(18,6,0,0,1,0,'Image Box',68,1334852469,0,13,2,2,0,0,63,'AnnetteGoodman','',65,68,'AnnetteGoodman','','Re: Image Box',1335443007,1339626642,0,0,0,'',0,0,1,0,0),(17,47,0,0,1,0,'Coming Soon to your Download Center!',55,1334690098,0,15,2,2,0,0,61,'AndreaHalsey','333333',94,67,'YvonneNiemann','','Re: Coming Soon to your Download Center!',1359389425,1359389425,0,0,0,'',0,0,1,0,0),(19,6,0,0,1,0,'Prints.....just blah!',68,1335443213,0,12,4,4,0,0,67,'AnnetteGoodman','',74,67,'YvonneNiemann','','Re: Prints.....just blah!',1336154457,1366459974,0,0,0,'',0,0,1,0,0),(21,21,0,0,1,0,'BBF',68,1338377294,0,17,9,9,0,0,79,'AnnetteGoodman','',88,70,'MelanieSikma','','Re: BBF',1339515929,1341268265,0,0,0,'',0,0,1,0,0),(22,25,0,0,1,0,'Petite session',70,1340593952,0,5,0,0,0,0,91,'MelanieSikma','',91,70,'MelanieSikma','','Petite session',1340593952,1349641613,0,0,0,'',0,0,1,0,0),(23,21,0,0,1,0,'Camera Settings',68,1342635349,0,5,1,1,0,0,92,'AnnetteGoodman','',93,67,'YvonneNiemann','','Re: Camera Settings',1346090871,1358816009,0,0,0,'',0,0,1,0,0);

--
-- Table structure for table `phpbb_topics_posted`
--

CREATE TABLE `phpbb_topics_posted` (
  `user_id` mediumint(8) unsigned NOT NULL DEFAULT '0',
  `topic_id` mediumint(8) unsigned NOT NULL DEFAULT '0',
  `topic_posted` tinyint(1) unsigned NOT NULL DEFAULT '0',
  PRIMARY KEY (`user_id`,`topic_id`)
) ENGINE=MyISAM DEFAULT CHARSET=latin1;

--
-- Dumping data for table `phpbb_topics_posted`
--

INSERT INTO `phpbb_topics_posted` VALUES (2,1,1),(57,5,1),(65,5,1),(62,5,1),(55,5,1),(57,6,1),(57,7,1),(67,7,1),(67,5,1),(65,8,1),(65,6,1),(55,8,1),(62,6,1),(62,8,1),(62,9,1),(55,9,1),(55,10,1),(65,10,1),(67,10,1),(55,11,1),(55,12,1),(67,12,1),(68,12,1),(68,13,1),(55,13,1),(68,15,1),(65,11,1),(68,11,1),(68,16,1),(57,11,1),(57,15,1),(55,15,1),(55,16,1),(55,17,1),(68,18,1),(55,18,1),(68,7,1),(68,19,1),(68,17,1),(55,19,1),(55,7,1),(67,19,1),(67,20,1),(70,20,1),(68,21,1),(70,21,1),(55,20,1),(70,22,1),(68,23,1),(67,23,1),(67,17,1);

--
-- Table structure for table `phpbb_topics_track`
--

CREATE TABLE `phpbb_topics_track` (
  `user_id` mediumint(8) unsigned NOT NULL DEFAULT '0',
  `topic_id` mediumint(8) unsigned NOT NULL DEFAULT '0',
  `forum_id` mediumint(8) unsigned NOT NULL DEFAULT '0',
  `mark_time` int(11) unsigned NOT NULL DEFAULT '0',
  PRIMARY KEY (`user_id`,`topic_id`),
  KEY `topic_id` (`topic_id`),
  KEY `forum_id` (`forum_id`)
) ENGINE=MyISAM DEFAULT CHARSET=latin1;

--
-- Dumping data for table `phpbb_topics_track`
--

INSERT INTO `phpbb_topics_track` VALUES (64,5,4,1331044164),(66,20,6,1338324311),(66,19,6,1336154457),(55,20,6,1339987524),(57,12,47,1337986519);

--
-- Table structure for table `phpbb_topics_watch`
--

CREATE TABLE `phpbb_topics_watch` (
  `topic_id` mediumint(8) unsigned NOT NULL DEFAULT '0',
  `user_id` mediumint(8) unsigned NOT NULL DEFAULT '0',
  `notify_status` tinyint(1) unsigned NOT NULL DEFAULT '0',
  KEY `topic_id` (`topic_id`),
  KEY `user_id` (`user_id`),
  KEY `notify_stat` (`notify_status`)
) ENGINE=MyISAM DEFAULT CHARSET=latin1;

--
-- Dumping data for table `phpbb_topics_watch`
--

INSERT INTO `phpbb_topics_watch` VALUES (7,67,0),(5,62,1),(9,62,0),(20,67,0),(22,70,0);

--
-- Table structure for table `phpbb_user_group`
--

CREATE TABLE `phpbb_user_group` (
  `group_id` mediumint(8) unsigned NOT NULL DEFAULT '0',
  `user_id` mediumint(8) unsigned NOT NULL DEFAULT '0',
  `group_leader` tinyint(1) unsigned NOT NULL DEFAULT '0',
  `user_pending` tinyint(1) unsigned NOT NULL DEFAULT '1',
  KEY `group_id` (`group_id`),
  KEY `user_id` (`user_id`),
  KEY `group_leader` (`group_leader`)
) ENGINE=MyISAM DEFAULT CHARSET=latin1;

--
-- Dumping data for table `phpbb_user_group`
--

INSERT INTO `phpbb_user_group` VALUES (1,1,0,0),(2,2,0,0),(4,2,0,0),(5,2,1,0),(6,3,0,0),(6,4,0,0),(6,5,0,0),(6,6,0,0),(6,7,0,0),(6,8,0,0),(6,9,0,0),(6,10,0,0),(6,11,0,0),(6,12,0,0),(6,13,0,0),(6,14,0,0),(6,15,0,0),(6,16,0,0),(6,17,0,0),(6,18,0,0),(6,19,0,0),(6,20,0,0),(6,21,0,0),(6,22,0,0),(6,23,0,0),(6,24,0,0),(6,25,0,0),(6,26,0,0),(6,27,0,0),(6,28,0,0),(6,29,0,0),(6,30,0,0),(6,31,0,0),(6,32,0,0),(6,33,0,0),(6,34,0,0),(6,35,0,0),(6,36,0,0),(6,37,0,0),(6,38,0,0),(6,39,0,0),(6,40,0,0),(6,41,0,0),(6,42,0,0),(6,43,0,0),(6,44,0,0),(6,45,0,0),(6,46,0,0),(6,47,0,0),(6,48,0,0),(6,49,0,0),(6,50,0,0),(6,51,0,0),(6,52,0,0),(6,53,0,0),(4,55,1,0),(2,55,0,0),(2,56,0,0),(2,57,0,0),(2,58,0,0),(2,59,0,0),(2,60,0,0),(2,61,0,0),(2,62,0,0),(2,63,0,0),(2,64,0,0),(2,65,0,0),(2,66,0,0),(2,67,0,0),(2,68,0,0),(2,69,0,0),(2,70,0,0),(2,71,0,0),(2,72,0,0);

--
-- Table structure for table `phpbb_users`
--

CREATE TABLE `phpbb_users` (
  `user_id` mediumint(8) unsigned NOT NULL AUTO_INCREMENT,
  `user_type` tinyint(2) NOT NULL DEFAULT '0',
  `group_id` mediumint(8) unsigned NOT NULL DEFAULT '3',
  `user_permissions` mediumtext NOT NULL,
  `user_perm_from` mediumint(8) unsigned NOT NULL DEFAULT '0',
  `user_ip` varchar(40) NOT NULL DEFAULT '',
  `user_regdate` int(11) unsigned NOT NULL DEFAULT '0',
  `username` varchar(255) NOT NULL DEFAULT '',
  `username_clean` varchar(255) NOT NULL DEFAULT '',
  `user_password` varchar(40) NOT NULL DEFAULT '',
  `user_passchg` int(11) unsigned NOT NULL DEFAULT '0',
  `user_pass_convert` tinyint(1) unsigned NOT NULL DEFAULT '0',
  `user_email` varchar(100) NOT NULL DEFAULT '',
  `user_email_hash` bigint(20) NOT NULL DEFAULT '0',
  `user_birthday` varchar(10) NOT NULL DEFAULT '',
  `user_lastvisit` int(11) unsigned NOT NULL DEFAULT '0',
  `user_lastmark` int(11) unsigned NOT NULL DEFAULT '0',
  `user_lastpost_time` int(11) unsigned NOT NULL DEFAULT '0',
  `user_lastpage` varchar(200) NOT NULL DEFAULT '',
  `user_last_confirm_key` varchar(10) NOT NULL DEFAULT '',
  `user_last_search` int(11) unsigned NOT NULL DEFAULT '0',
  `user_warnings` tinyint(4) NOT NULL DEFAULT '0',
  `user_last_warning` int(11) unsigned NOT NULL DEFAULT '0',
  `user_login_attempts` tinyint(4) NOT NULL DEFAULT '0',
  `user_inactive_reason` tinyint(2) NOT NULL DEFAULT '0',
  `user_inactive_time` int(11) unsigned NOT NULL DEFAULT '0',
  `user_posts` mediumint(8) unsigned NOT NULL DEFAULT '0',
  `user_lang` varchar(30) NOT NULL DEFAULT '',
  `user_timezone` decimal(5,2) NOT NULL DEFAULT '0.00',
  `user_dst` tinyint(1) unsigned NOT NULL DEFAULT '0',
  `user_dateformat` varchar(30) NOT NULL DEFAULT 'd M Y H:i',
  `user_style` mediumint(8) unsigned NOT NULL DEFAULT '0',
  `user_rank` mediumint(8) unsigned NOT NULL DEFAULT '0',
  `user_colour` varchar(6) NOT NULL DEFAULT '',
  `user_new_privmsg` int(4) NOT NULL DEFAULT '0',
  `user_unread_privmsg` int(4) NOT NULL DEFAULT '0',
  `user_last_privmsg` int(11) unsigned NOT NULL DEFAULT '0',
  `user_message_rules` tinyint(1) unsigned NOT NULL DEFAULT '0',
  `user_full_folder` int(11) NOT NULL DEFAULT '-3',
  `user_emailtime` int(11) unsigned NOT NULL DEFAULT '0',
  `user_topic_show_days` smallint(4) unsigned NOT NULL DEFAULT '0',
  `user_topic_sortby_type` varchar(1) NOT NULL DEFAULT 't',
  `user_topic_sortby_dir` varchar(1) NOT NULL DEFAULT 'd',
  `user_post_show_days` smallint(4) unsigned NOT NULL DEFAULT '0',
  `user_post_sortby_type` varchar(1) NOT NULL DEFAULT 't',
  `user_post_sortby_dir` varchar(1) NOT NULL DEFAULT 'a',
  `user_notify` tinyint(1) unsigned NOT NULL DEFAULT '0',
  `user_notify_pm` tinyint(1) unsigned NOT NULL DEFAULT '1',
  `user_notify_type` tinyint(4) NOT NULL DEFAULT '0',
  `user_allow_pm` tinyint(1) unsigned NOT NULL DEFAULT '1',
  `user_allow_viewonline` tinyint(1) unsigned NOT NULL DEFAULT '1',
  `user_allow_viewemail` tinyint(1) unsigned NOT NULL DEFAULT '1',
  `user_allow_massemail` tinyint(1) unsigned NOT NULL DEFAULT '1',
  `user_options` int(11) unsigned NOT NULL DEFAULT '230271',
  `user_avatar` varchar(255) NOT NULL DEFAULT '',
  `user_avatar_type` tinyint(2) NOT NULL DEFAULT '0',
  `user_avatar_width` smallint(4) unsigned NOT NULL DEFAULT '0',
  `user_avatar_height` smallint(4) unsigned NOT NULL DEFAULT '0',
  `user_sig` mediumtext NOT NULL,
  `user_sig_bbcode_uid` varchar(8) NOT NULL DEFAULT '',
  `user_sig_bbcode_bitfield` varchar(255) NOT NULL DEFAULT '',
  `user_from` varchar(100) NOT NULL DEFAULT '',
  `user_icq` varchar(15) NOT NULL DEFAULT '',
  `user_aim` varchar(255) NOT NULL DEFAULT '',
  `user_yim` varchar(255) NOT NULL DEFAULT '',
  `user_msnm` varchar(255) NOT NULL DEFAULT '',
  `user_jabber` varchar(255) NOT NULL DEFAULT '',
  `user_website` varchar(200) NOT NULL DEFAULT '',
  `user_occ` text NOT NULL,
  `user_interests` text NOT NULL,
  `user_actkey` varchar(32) NOT NULL DEFAULT '',
  `user_newpasswd` varchar(40) NOT NULL DEFAULT '',
  `user_form_salt` varchar(32) NOT NULL DEFAULT '',
  `user_new` tinyint(1) unsigned NOT NULL DEFAULT '1',
  `user_reminded` tinyint(4) NOT NULL DEFAULT '0',
  `user_reminded_time` int(11) unsigned NOT NULL DEFAULT '0',
  PRIMARY KEY (`user_id`),
  UNIQUE KEY `username_clean` (`username_clean`),
  KEY `user_birthday` (`user_birthday`),
  KEY `user_email_hash` (`user_email_hash`),
  KEY `user_type` (`user_type`)
) ENGINE=MyISAM AUTO_INCREMENT=73 DEFAULT CHARSET=latin1;

--
-- Dumping data for table `phpbb_users`
--

INSERT INTO `phpbb_users` VALUES (1,2,1,'00000000003khra3nk',0,'',1329070240,'Anonymous','anonymous','',0,0,'',0,'',0,0,0,'','',0,0,0,0,0,0,0,'en',0.00,0,'d M Y H:i',2,0,'',0,0,0,0,-3,0,0,'t','d',0,'t','a',0,1,0,1,1,1,0,230271,'',0,0,0,'','','','','','','','','','','','','','','3526d61c1607f7df',1,0,0),(2,3,5,'zik0zjzik0zjzik0yo\n\n\nqlc4pi000000\nqlc4pi000000\n\nqlc4pi000000\n\n\nqlc4pi000000\n\nqlc4pi000000\n\n\nqlc4pi000000\n\nqlc4pi000000\n\nqlc4pi000000\n\nqlc4pi000000\nqlc4pi000000\nqlc4pi000000\nqlc4pi000000\nqlc4pi000000\nqlc4pi000000\nqlc4pi000000\nqlc4pi000000\nqlc4pi000000\nqlc4pi000000\nqlc4pi000000\nqlc4pi000000\nqlc4pi000000\nqlc4pi000000\nqlc4pi000000\nqlc4pi000000\nqlc4pi000000\nqlc4pi000000\nqlc4pi000000\nqlc4pi000000\nqlc4pi000000\nqlc4pi000000\nqlc4pi000000\nqlc4pi000000\nqlc4pi000000\nqlc4pi000000\n\nqlc4pi000000',0,'127.0.0.1',1329070240,'admin','admin','$H$9GLcF36PsNO3qa1HCAiPgt./ElHrFh1',0,0,'andreahalsey@gmail.com',426774047715,'',1339599064,0,1331044114,'adm/index.php?i=email&mode=email','',1329524396,0,0,0,0,0,0,'en',0.00,0,'D M d, Y g:i a',2,1,'333333',0,1,1329429543,0,-3,0,0,'t','d',0,'t','a',0,1,0,1,1,1,1,230271,'',0,0,0,'','','','','','','','','','','','','','','6e23cf2e84773115',0,0,0),(3,2,6,'',0,'',1329070240,'AdsBot [Google]','adsbot [google]','',1329070240,0,'',0,'',0,1329070240,0,'','',0,0,0,0,0,0,0,'en',0.00,0,'D M d, Y g:i a',2,0,'9E8DA7',0,0,0,0,-3,0,0,'t','d',0,'t','a',0,1,0,1,1,1,0,230271,'',0,0,0,'','','','','','','','','','','','','','','1289de5516a8ede0',0,0,0),(4,2,6,'',0,'',1329070240,'Alexa [Bot]','alexa [bot]','',1329070240,0,'',0,'',1333289897,1329070240,0,'index.php','',0,0,0,0,0,0,0,'en',0.00,0,'D M d, Y g:i a',2,0,'9E8DA7',0,0,0,0,-3,0,0,'t','d',0,'t','a',0,1,0,1,1,1,0,230271,'',0,0,0,'','','','','','','','','','','','','','','e193b047af87fb0b',0,0,0),(5,2,6,'',0,'',1329070240,'Alta Vista [Bot]','alta vista [bot]','',1329070240,0,'',0,'',0,1329070240,0,'','',0,0,0,0,0,0,0,'en',0.00,0,'D M d, Y g:i a',2,0,'9E8DA7',0,0,0,0,-3,0,0,'t','d',0,'t','a',0,1,0,1,1,1,0,230271,'',0,0,0,'','','','','','','','','','','','','','','433c7dde9555b0fd',0,0,0),(6,2,6,'',0,'',1329070240,'Ask Jeeves [Bot]','ask jeeves [bot]','',1329070240,0,'',0,'',0,1329070240,0,'','',0,0,0,0,0,0,0,'en',0.00,0,'D M d, Y g:i a',2,0,'9E8DA7',0,0,0,0,-3,0,0,'t','d',0,'t','a',0,1,0,1,1,1,0,230271,'',0,0,0,'','','','','','','','','','','','','','','62676ba6b99e514e',0,0,0),(7,2,6,'',0,'',1329070240,'Baidu [Spider]','baidu [spider]','',1329070240,0,'',0,'',0,1329070240,0,'','',0,0,0,0,0,0,0,'en',0.00,0,'D M d, Y g:i a',2,0,'9E8DA7',0,0,0,0,-3,0,0,'t','d',0,'t','a',0,1,0,1,1,1,0,230271,'',0,0,0,'','','','','','','','','','','','','','','4f7ad6c518e765b7',0,0,0),(8,2,6,'',0,'',1329070240,'Bing [Bot]','bing [bot]','',1329070240,0,'',0,'',1397747025,1329070240,0,'index.php','',0,0,0,0,0,0,0,'en',0.00,0,'D M d, Y g:i a',2,0,'9E8DA7',0,0,0,0,-3,0,0,'t','d',0,'t','a',0,1,0,1,1,1,0,230271,'',0,0,0,'','','','','','','','','','','','','','','bf83e9f287b233ed',0,0,0),(9,2,6,'',0,'',1329070240,'Exabot [Bot]','exabot [bot]','',1329070240,0,'',0,'',1392490159,1329070240,0,'index.php','',0,0,0,0,0,0,0,'en',0.00,0,'D M d, Y g:i a',2,0,'9E8DA7',0,0,0,0,-3,0,0,'t','d',0,'t','a',0,1,0,1,1,1,0,230271,'',0,0,0,'','','','','','','','','','','','','','','02c91c78c3f8a1a5',0,0,0),(10,2,6,'',0,'',1329070240,'FAST Enterprise [Crawler]','fast enterprise [crawler]','',1329070240,0,'',0,'',0,1329070240,0,'','',0,0,0,0,0,0,0,'en',0.00,0,'D M d, Y g:i a',2,0,'9E8DA7',0,0,0,0,-3,0,0,'t','d',0,'t','a',0,1,0,1,1,1,0,230271,'',0,0,0,'','','','','','','','','','','','','','','0e243e002269156d',0,0,0),(11,2,6,'',0,'',1329070240,'FAST WebCrawler [Crawler]','fast webcrawler [crawler]','',1329070240,0,'',0,'',0,1329070240,0,'','',0,0,0,0,0,0,0,'en',0.00,0,'D M d, Y g:i a',2,0,'9E8DA7',0,0,0,0,-3,0,0,'t','d',0,'t','a',0,1,0,1,1,1,0,230271,'',0,0,0,'','','','','','','','','','','','','','','a3b1405ccfc8b39e',0,0,0),(12,2,6,'',0,'',1329070240,'Francis [Bot]','francis [bot]','',1329070240,0,'',0,'',0,1329070240,0,'','',0,0,0,0,0,0,0,'en',0.00,0,'D M d, Y g:i a',2,0,'9E8DA7',0,0,0,0,-3,0,0,'t','d',0,'t','a',0,1,0,1,1,1,0,230271,'',0,0,0,'','','','','','','','','','','','','','','fd853832931c4404',0,0,0),(13,2,6,'',0,'',1329070240,'Gigabot [Bot]','gigabot [bot]','',1329070240,0,'',0,'',0,1329070240,0,'','',0,0,0,0,0,0,0,'en',0.00,0,'D M d, Y g:i a',2,0,'9E8DA7',0,0,0,0,-3,0,0,'t','d',0,'t','a',0,1,0,1,1,1,0,230271,'',0,0,0,'','','','','','','','','','','','','','','140013d3bdcab7f2',0,0,0),(14,2,6,'',0,'',1329070240,'Google Adsense [Bot]','google adsense [bot]','',1329070240,0,'',0,'',0,1329070240,0,'','',0,0,0,0,0,0,0,'en',0.00,0,'D M d, Y g:i a',2,0,'9E8DA7',0,0,0,0,-3,0,0,'t','d',0,'t','a',0,1,0,1,1,1,0,230271,'',0,0,0,'','','','','','','','','','','','','','','f45506cb67b51e57',0,0,0),(15,2,6,'',0,'',1329070240,'Google Desktop','google desktop','',1329070240,0,'',0,'',0,1329070240,0,'','',0,0,0,0,0,0,0,'en',0.00,0,'D M d, Y g:i a',2,0,'9E8DA7',0,0,0,0,-3,0,0,'t','d',0,'t','a',0,1,0,1,1,1,0,230271,'',0,0,0,'','','','','','','','','','','','','','','25d472bdfcbfe72c',0,0,0),(16,2,6,'',0,'',1329070240,'Google Feedfetcher','google feedfetcher','',1329070240,0,'',0,'',0,1329070240,0,'','',0,0,0,0,0,0,0,'en',0.00,0,'D M d, Y g:i a',2,0,'9E8DA7',0,0,0,0,-3,0,0,'t','d',0,'t','a',0,1,0,1,1,1,0,230271,'',0,0,0,'','','','','','','','','','','','','','','9f6b222c90004044',0,0,0),(17,2,6,'',0,'',1329070240,'Google [Bot]','google [bot]','',1329070240,0,'',0,'',1399775735,1329070240,0,'index.php','',0,0,0,0,0,0,0,'en',0.00,0,'D M d, Y g:i a',2,0,'9E8DA7',0,0,0,0,-3,0,0,'t','d',0,'t','a',0,1,0,1,1,1,0,230271,'',0,0,0,'','','','','','','','','','','','','','','5b6afcc237628663',0,0,0),(18,2,6,'',0,'',1329070240,'Heise IT-Markt [Crawler]','heise it-markt [crawler]','',1329070240,0,'',0,'',0,1329070240,0,'','',0,0,0,0,0,0,0,'en',0.00,0,'D M d, Y g:i a',2,0,'9E8DA7',0,0,0,0,-3,0,0,'t','d',0,'t','a',0,1,0,1,1,1,0,230271,'',0,0,0,'','','','','','','','','','','','','','','91bee3c0e9f78590',0,0,0),(19,2,6,'',0,'',1329070240,'Heritrix [Crawler]','heritrix [crawler]','',1329070240,0,'',0,'',0,1329070240,0,'','',0,0,0,0,0,0,0,'en',0.00,0,'D M d, Y g:i a',2,0,'9E8DA7',0,0,0,0,-3,0,0,'t','d',0,'t','a',0,1,0,1,1,1,0,230271,'',0,0,0,'','','','','','','','','','','','','','','85cc3d57e8753a8b',0,0,0),(20,2,6,'',0,'',1329070240,'IBM Research [Bot]','ibm research [bot]','',1329070240,0,'',0,'',0,1329070240,0,'','',0,0,0,0,0,0,0,'en',0.00,0,'D M d, Y g:i a',2,0,'9E8DA7',0,0,0,0,-3,0,0,'t','d',0,'t','a',0,1,0,1,1,1,0,230271,'',0,0,0,'','','','','','','','','','','','','','','47f908b3a0461fdc',0,0,0),(21,2,6,'',0,'',1329070240,'ICCrawler - ICjobs','iccrawler - icjobs','',1329070240,0,'',0,'',0,1329070240,0,'','',0,0,0,0,0,0,0,'en',0.00,0,'D M d, Y g:i a',2,0,'9E8DA7',0,0,0,0,-3,0,0,'t','d',0,'t','a',0,1,0,1,1,1,0,230271,'',0,0,0,'','','','','','','','','','','','','','','8dffc578c39fefcc',0,0,0),(22,2,6,'',0,'',1329070240,'ichiro [Crawler]','ichiro [crawler]','',1329070240,0,'',0,'',1359096606,1329070240,0,'index.php','',0,0,0,0,0,0,0,'en',0.00,0,'D M d, Y g:i a',2,0,'9E8DA7',0,0,0,0,-3,0,0,'t','d',0,'t','a',0,1,0,1,1,1,0,230271,'',0,0,0,'','','','','','','','','','','','','','','2034e8b0512cd766',0,0,0),(23,2,6,'',0,'',1329070240,'Majestic-12 [Bot]','majestic-12 [bot]','',1329070240,0,'',0,'',1379478168,1329070240,0,'index.php','',0,0,0,0,0,0,0,'en',0.00,0,'D M d, Y g:i a',2,0,'9E8DA7',0,0,0,0,-3,0,0,'t','d',0,'t','a',0,1,0,1,1,1,0,230271,'',0,0,0,'','','','','','','','','','','','','','','2a2cd8b73c780f82',0,0,0),(24,2,6,'',0,'',1329070240,'Metager [Bot]','metager [bot]','',1329070240,0,'',0,'',0,1329070240,0,'','',0,0,0,0,0,0,0,'en',0.00,0,'D M d, Y g:i a',2,0,'9E8DA7',0,0,0,0,-3,0,0,'t','d',0,'t','a',0,1,0,1,1,1,0,230271,'',0,0,0,'','','','','','','','','','','','','','','e7edfe0ce7c83ca1',0,0,0),(25,2,6,'',0,'',1329070240,'MSN NewsBlogs','msn newsblogs','',1329070240,0,'',0,'',0,1329070240,0,'','',0,0,0,0,0,0,0,'en',0.00,0,'D M d, Y g:i a',2,0,'9E8DA7',0,0,0,0,-3,0,0,'t','d',0,'t','a',0,1,0,1,1,1,0,230271,'',0,0,0,'','','','','','','','','','','','','','','e9ae922b16a45535',0,0,0),(26,2,6,'',0,'',1329070240,'MSN [Bot]','msn [bot]','',1329070240,0,'',0,'',1389765297,1329070240,0,'index.php','',0,0,0,0,0,0,0,'en',0.00,0,'D M d, Y g:i a',2,0,'9E8DA7',0,0,0,0,-3,0,0,'t','d',0,'t','a',0,1,0,1,1,1,0,230271,'',0,0,0,'','','','','','','','','','','','','','','b308487fdbd7c86d',0,0,0),(27,2,6,'',0,'',1329070240,'MSNbot Media','msnbot media','',1329070240,0,'',0,'',0,1329070240,0,'','',0,0,0,0,0,0,0,'en',0.00,0,'D M d, Y g:i a',2,0,'9E8DA7',0,0,0,0,-3,0,0,'t','d',0,'t','a',0,1,0,1,1,1,0,230271,'',0,0,0,'','','','','','','','','','','','','','','eec40ef1384fcdef',0,0,0),(28,2,6,'',0,'',1329070240,'NG-Search [Bot]','ng-search [bot]','',1329070240,0,'',0,'',0,1329070240,0,'','',0,0,0,0,0,0,0,'en',0.00,0,'D M d, Y g:i a',2,0,'9E8DA7',0,0,0,0,-3,0,0,'t','d',0,'t','a',0,1,0,1,1,1,0,230271,'',0,0,0,'','','','','','','','','','','','','','','6fa88f6a9856eae1',0,0,0),(29,2,6,'',0,'',1329070240,'Nutch [Bot]','nutch [bot]','',1329070240,0,'',0,'',0,1329070240,0,'','',0,0,0,0,0,0,0,'en',0.00,0,'D M d, Y g:i a',2,0,'9E8DA7',0,0,0,0,-3,0,0,'t','d',0,'t','a',0,1,0,1,1,1,0,230271,'',0,0,0,'','','','','','','','','','','','','','','db97084715d9bca2',0,0,0),(30,2,6,'',0,'',1329070240,'Nutch/CVS [Bot]','nutch/cvs [bot]','',1329070240,0,'',0,'',0,1329070240,0,'','',0,0,0,0,0,0,0,'en',0.00,0,'D M d, Y g:i a',2,0,'9E8DA7',0,0,0,0,-3,0,0,'t','d',0,'t','a',0,1,0,1,1,1,0,230271,'',0,0,0,'','','','','','','','','','','','','','','260e153ab7dd1a75',0,0,0),(31,2,6,'',0,'',1329070240,'OmniExplorer [Bot]','omniexplorer [bot]','',1329070240,0,'',0,'',0,1329070240,0,'','',0,0,0,0,0,0,0,'en',0.00,0,'D M d, Y g:i a',2,0,'9E8DA7',0,0,0,0,-3,0,0,'t','d',0,'t','a',0,1,0,1,1,1,0,230271,'',0,0,0,'','','','','','','','','','','','','','','456a82c850a19e06',0,0,0),(32,2,6,'',0,'',1329070240,'Online link [Validator]','online link [validator]','',1329070240,0,'',0,'',0,1329070240,0,'','',0,0,0,0,0,0,0,'en',0.00,0,'D M d, Y g:i a',2,0,'9E8DA7',0,0,0,0,-3,0,0,'t','d',0,'t','a',0,1,0,1,1,1,0,230271,'',0,0,0,'','','','','','','','','','','','','','','fd68acfe67988770',0,0,0),(33,2,6,'',0,'',1329070240,'psbot [Picsearch]','psbot [picsearch]','',1329070240,0,'',0,'',0,1329070240,0,'','',0,0,0,0,0,0,0,'en',0.00,0,'D M d, Y g:i a',2,0,'9E8DA7',0,0,0,0,-3,0,0,'t','d',0,'t','a',0,1,0,1,1,1,0,230271,'',0,0,0,'','','','','','','','','','','','','','','8d392b98f19ce5eb',0,0,0),(34,2,6,'',0,'',1329070240,'Seekport [Bot]','seekport [bot]','',1329070240,0,'',0,'',0,1329070240,0,'','',0,0,0,0,0,0,0,'en',0.00,0,'D M d, Y g:i a',2,0,'9E8DA7',0,0,0,0,-3,0,0,'t','d',0,'t','a',0,1,0,1,1,1,0,230271,'',0,0,0,'','','','','','','','','','','','','','','ca247bb2c49b898b',0,0,0),(35,2,6,'',0,'',1329070240,'Sensis [Crawler]','sensis [crawler]','',1329070240,0,'',0,'',0,1329070240,0,'','',0,0,0,0,0,0,0,'en',0.00,0,'D M d, Y g:i a',2,0,'9E8DA7',0,0,0,0,-3,0,0,'t','d',0,'t','a',0,1,0,1,1,1,0,230271,'',0,0,0,'','','','','','','','','','','','','','','b5bde8857e4202de',0,0,0),(36,2,6,'',0,'',1329070240,'SEO Crawler','seo crawler','',1329070240,0,'',0,'',0,1329070240,0,'','',0,0,0,0,0,0,0,'en',0.00,0,'D M d, Y g:i a',2,0,'9E8DA7',0,0,0,0,-3,0,0,'t','d',0,'t','a',0,1,0,1,1,1,0,230271,'',0,0,0,'','','','','','','','','','','','','','','864543dc7d7d5b91',0,0,0),(37,2,6,'',0,'',1329070240,'Seoma [Crawler]','seoma [crawler]','',1329070240,0,'',0,'',0,1329070240,0,'','',0,0,0,0,0,0,0,'en',0.00,0,'D M d, Y g:i a',2,0,'9E8DA7',0,0,0,0,-3,0,0,'t','d',0,'t','a',0,1,0,1,1,1,0,230271,'',0,0,0,'','','','','','','','','','','','','','','296a25111a2f5d75',0,0,0),(38,2,6,'',0,'',1329070240,'SEOSearch [Crawler]','seosearch [crawler]','',1329070240,0,'',0,'',0,1329070240,0,'','',0,0,0,0,0,0,0,'en',0.00,0,'D M d, Y g:i a',2,0,'9E8DA7',0,0,0,0,-3,0,0,'t','d',0,'t','a',0,1,0,1,1,1,0,230271,'',0,0,0,'','','','','','','','','','','','','','','33bbabd6cb3fe320',0,0,0),(39,2,6,'',0,'',1329070240,'Snappy [Bot]','snappy [bot]','',1329070240,0,'',0,'',0,1329070240,0,'','',0,0,0,0,0,0,0,'en',0.00,0,'D M d, Y g:i a',2,0,'9E8DA7',0,0,0,0,-3,0,0,'t','d',0,'t','a',0,1,0,1,1,1,0,230271,'',0,0,0,'','','','','','','','','','','','','','','2177dc68278636f4',0,0,0),(40,2,6,'',0,'',1329070240,'Steeler [Crawler]','steeler [crawler]','',1329070240,0,'',0,'',0,1329070240,0,'','',0,0,0,0,0,0,0,'en',0.00,0,'D M d, Y g:i a',2,0,'9E8DA7',0,0,0,0,-3,0,0,'t','d',0,'t','a',0,1,0,1,1,1,0,230271,'',0,0,0,'','','','','','','','','','','','','','','93388d00e03419e2',0,0,0),(41,2,6,'',0,'',1329070240,'Synoo [Bot]','synoo [bot]','',1329070240,0,'',0,'',0,1329070240,0,'','',0,0,0,0,0,0,0,'en',0.00,0,'D M d, Y g:i a',2,0,'9E8DA7',0,0,0,0,-3,0,0,'t','d',0,'t','a',0,1,0,1,1,1,0,230271,'',0,0,0,'','','','','','','','','','','','','','','a851e9f6505c5bdc',0,0,0),(42,2,6,'',0,'',1329070240,'Telekom [Bot]','telekom [bot]','',1329070240,0,'',0,'',0,1329070240,0,'','',0,0,0,0,0,0,0,'en',0.00,0,'D M d, Y g:i a',2,0,'9E8DA7',0,0,0,0,-3,0,0,'t','d',0,'t','a',0,1,0,1,1,1,0,230271,'',0,0,0,'','','','','','','','','','','','','','','51385642a3bde0e2',0,0,0),(43,2,6,'',0,'',1329070240,'TurnitinBot [Bot]','turnitinbot [bot]','',1329070240,0,'',0,'',1394971411,1329070240,0,'','',0,0,0,0,0,0,0,'en',0.00,0,'D M d, Y g:i a',2,0,'9E8DA7',0,0,0,0,-3,0,0,'t','d',0,'t','a',0,1,0,1,1,1,0,230271,'',0,0,0,'','','','','','','','','','','','','','','d1bed7ccbbe5e4e6',0,0,0),(44,2,6,'',0,'',1329070240,'Voyager [Bot]','voyager [bot]','',1329070240,0,'',0,'',0,1329070240,0,'','',0,0,0,0,0,0,0,'en',0.00,0,'D M d, Y g:i a',2,0,'9E8DA7',0,0,0,0,-3,0,0,'t','d',0,'t','a',0,1,0,1,1,1,0,230271,'',0,0,0,'','','','','','','','','','','','','','','8a90845472c7855e',0,0,0),(45,2,6,'',0,'',1329070240,'W3 [Sitesearch]','w3 [sitesearch]','',1329070240,0,'',0,'',0,1329070240,0,'','',0,0,0,0,0,0,0,'en',0.00,0,'D M d, Y g:i a',2,0,'9E8DA7',0,0,0,0,-3,0,0,'t','d',0,'t','a',0,1,0,1,1,1,0,230271,'',0,0,0,'','','','','','','','','','','','','','','3af22d319d6ead3d',0,0,0),(46,2,6,'',0,'',1329070240,'W3C [Linkcheck]','w3c [linkcheck]','',1329070240,0,'',0,'',0,1329070240,0,'','',0,0,0,0,0,0,0,'en',0.00,0,'D M d, Y g:i a',2,0,'9E8DA7',0,0,0,0,-3,0,0,'t','d',0,'t','a',0,1,0,1,1,1,0,230271,'',0,0,0,'','','','','','','','','','','','','','','a3fae9e51c9cc564',0,0,0),(47,2,6,'',0,'',1329070240,'W3C [Validator]','w3c [validator]','',1329070240,0,'',0,'',0,1329070240,0,'','',0,0,0,0,0,0,0,'en',0.00,0,'D M d, Y g:i a',2,0,'9E8DA7',0,0,0,0,-3,0,0,'t','d',0,'t','a',0,1,0,1,1,1,0,230271,'',0,0,0,'','','','','','','','','','','','','','','d9be0e3d62ac7117',0,0,0),(48,2,6,'',0,'',1329070240,'WiseNut [Bot]','wisenut [bot]','',1329070240,0,'',0,'',0,1329070240,0,'','',0,0,0,0,0,0,0,'en',0.00,0,'D M d, Y g:i a',2,0,'9E8DA7',0,0,0,0,-3,0,0,'t','d',0,'t','a',0,1,0,1,1,1,0,230271,'',0,0,0,'','','','','','','','','','','','','','','c2f5bd5482ab2fd8',0,0,0),(49,2,6,'',0,'',1329070240,'YaCy [Bot]','yacy [bot]','',1329070240,0,'',0,'',0,1329070240,0,'','',0,0,0,0,0,0,0,'en',0.00,0,'D M d, Y g:i a',2,0,'9E8DA7',0,0,0,0,-3,0,0,'t','d',0,'t','a',0,1,0,1,1,1,0,230271,'',0,0,0,'','','','','','','','','','','','','','','13aa60f0d65f6b2f',0,0,0),(50,2,6,'',0,'',1329070240,'Yahoo MMCrawler [Bot]','yahoo mmcrawler [bot]','',1329070240,0,'',0,'',0,1329070240,0,'','',0,0,0,0,0,0,0,'en',0.00,0,'D M d, Y g:i a',2,0,'9E8DA7',0,0,0,0,-3,0,0,'t','d',0,'t','a',0,1,0,1,1,1,0,230271,'',0,0,0,'','','','','','','','','','','','','','','e871919656f1c3e9',0,0,0),(51,2,6,'',0,'',1329070240,'Yahoo Slurp [Bot]','yahoo slurp [bot]','',1329070240,0,'',0,'',0,1329070240,0,'','',0,0,0,0,0,0,0,'en',0.00,0,'D M d, Y g:i a',2,0,'9E8DA7',0,0,0,0,-3,0,0,'t','d',0,'t','a',0,1,0,1,1,1,0,230271,'',0,0,0,'','','','','','','','','','','','','','','14a522860d4bcbdf',0,0,0),(52,2,6,'',0,'',1329070240,'Yahoo [Bot]','yahoo [bot]','',1329070240,0,'',0,'',1397886104,1329070240,0,'','',0,0,0,0,0,0,0,'en',0.00,0,'D M d, Y g:i a',2,0,'9E8DA7',0,0,0,0,-3,0,0,'t','d',0,'t','a',0,1,0,1,1,1,0,230271,'',0,0,0,'','','','','','','','','','','','','','','db57060d1c7ed913',0,0,0),(53,2,6,'',0,'',1329070240,'YahooSeeker [Bot]','yahooseeker [bot]','',1329070240,0,'',0,'',0,1329070240,0,'','',0,0,0,0,0,0,0,'en',0.00,0,'D M d, Y g:i a',2,0,'9E8DA7',0,0,0,0,-3,0,0,'t','d',0,'t','a',0,1,0,1,1,1,0,230271,'',0,0,0,'','','','','','','','','','','','','','','a1af29570fe99bad',0,0,0),(55,0,4,'zih7uo000073zik0yo\n\n\nqlc4pi000000\nqlc4pi000000\n\nqlc4pi000000\n\n\nqlc4pi000000\n\nqlc4pi000000\n\n\nqlc4pi000000\n\nqlc4pi000000\n\nqlc4pi000000\n\nqlc4pi000000\nqlc4pi000000\nqlc4pi000000\nqlc4pi000000\nqlc4pi000000\nqlc4pi000000\nqlc4pi000000\nqlc4pi000000\nqlc4pi000000\nqlc4pi000000\nqlc4pi000000\nqlc4pi000000\nqlc4pi000000\nqlc4pi000000\nqlc4pi000000\nqlc4pi000000\nqlc4pi000000\nqlc4pi000000\nqlc4pi000000\nqlc4pi000000\nqlc4pi000000\nqlc4pi000000\nqlc4pi000000\nqlc4pi000000\nqlc4pi000000\nqlc4pi000000\n\nqlc4pi000000',0,'71.71.122.166',1329238950,'AndreaHalsey','andreahalsey','$H$9Q1w9xpLTf0Treh0tr.uHYIWv6mI/x/',1329631660,0,'andreahalsey@gmail.com',259184408622,'',1358816009,1329238950,1339599490,'index.php','',1340061142,0,0,0,0,0,21,'en',-5.00,0,'D M d, Y g:i a',2,0,'333333',0,0,1335232293,0,-3,0,0,'t','d',0,'t','a',0,1,0,1,1,1,1,230271,'55_1331671255.jpg',1,150,150,'','','','','','','','','','','','','','','5423de03a45ce1f2',0,0,0),(57,0,2,'00000000006xv29nwg\n\n\nqlc4pi000000\nqlc4pi000000\n\nqlc4pi000000\n\n\nqlc4pi000000\n\nqlc4pi000000\n\n\nqlc4pi000000\n\nqlc4pi000000\n\nqlc4pi000000\n\nqlc4pi000000\nqlc4pi000000\nqlc4pi000000\nqlc4pi000000\nqlc4pi000000\nqlc4pi000000\nqlc4pi000000\nqlc4pi000000\nqlc4pi000000\nqlc4pi000000\nqlc4pi000000\nqlc4pi000000\nqlc4pi000000\nqlc4pi000000\nqlc4pi000000\nqlc4pi000000\nqlc4pi000000\nqlc4pi000000\nqlc4pi000000\nqlc4pi000000\nqlc4pi000000\nqlc4pi000000\nqlc4pi000000\nqlc4pi000000\nqlc4pi000000\nqlc4pi000000\n\nqlc4pi000000',0,'71.71.122.166',1329616525,'EvieCurley','eviecurley','$H$9fWH6bYnEp2MPwPVqAIz5NLGFYW1nW/',1329664359,0,'ecurley@triad.rr.com',206128216020,' 0- 0-   0',1349858563,1329616525,1334524261,'viewtopic.php?f=47&t=12','',0,0,0,0,0,0,9,'en',-5.00,0,'D M d, Y g:i a',2,0,'',0,0,0,0,-3,0,0,'t','d',0,'t','a',0,1,0,1,1,1,1,230271,'',0,0,0,'','','','','','','','','','','','','','','607a3647f07967aa',0,0,0),(56,1,2,'',0,'71.71.122.166',1329612274,'testing','testing','$H$90QXRv9psc/F1qEtHxAE.IDV173TcB/',1329612274,0,'testing@testing.com',1407390519,'',0,1329612274,0,'','',0,0,0,0,1,1329612274,0,'en',0.00,0,'D M d, Y g:i a',2,0,'',0,0,0,0,-3,0,0,'t','d',0,'t','a',0,1,0,1,1,1,1,230271,'',0,0,0,'','','','','','','','','','','','','1TM17HMNJ','','63fa5191f6a67439',0,0,0),(58,0,2,'',0,'71.71.122.166',1330649542,'AngelaWeeks','angelaweeks','$H$9IGQE7YDMgFJ0Uz0bBIJkLJCgykPsM0',1330657480,0,'info@addisonjune.com',357300415420,'20- 6-1983',1330657453,1330649542,0,'ucp.php?i=profile&mode=reg_details','',0,0,0,0,0,0,0,'en',0.00,0,'D M d, Y g:i a',2,0,'',0,0,0,0,-3,0,0,'t','d',0,'t','a',0,1,0,1,1,1,1,230271,'',0,0,0,'','','','Corinth, TX','','','','','','http://addisonjune.com','Baby &amp; Family Photography','','','','1689fa4fc0bd03cc',0,0,0),(59,0,2,'00000000006xv29nwg\n\n\nqlc4pi000000\nqlc4pi000000\n\nqlc4pi000000\n\n\nqlc4pi000000\n\nqlc4pi000000\n\n\nqlc4pi000000\n\nqlc4pi000000\n\nqlc4pi000000\n\nqlc4pi000000\nqlc4pi000000\nqlc4pi000000\nqlc4pi000000\nqlc4pi000000\nqlc4pi000000\nqlc4pi000000\nqlc4pi000000\nqlc4pi000000\nqlc4pi000000\nqlc4pi000000\nqlc4pi000000\nqlc4pi000000\nqlc4pi000000\nqlc4pi000000\nqlc4pi000000\nqlc4pi000000\nqlc4pi000000\nqlc4pi000000\nqlc4pi000000\nqlc4pi000000\nqlc4pi000000\nqlc4pi000000\nqlc4pi000000\nqlc4pi000000\nqlc4pi000000\n\nqlc4pi000000',0,'71.71.122.166',1330649571,'BethWiley','bethwiley','$H$9iN9YdnueRLulELn6TKSQ7/gqVJK2G0',1330649571,0,'aew@aewileyphotography.com',96712762226,' 0- 0-   0',0,1330649571,0,'','',0,0,0,0,0,0,0,'en',0.00,0,'D M d, Y g:i a',2,0,'',0,0,0,0,-3,0,0,'t','d',0,'t','a',0,1,0,1,1,1,1,230271,'',0,0,0,'','','','','','','','','','','','','','','51b36e808223b930',0,0,0),(60,0,2,'00000000006xv29nwg\n\n\nqlc4pi000000\nqlc4pi000000\n\nqlc4pi000000\n\n\nqlc4pi000000\n\nqlc4pi000000\n\n\nqlc4pi000000\n\nqlc4pi000000\n\nqlc4pi000000\n\nqlc4pi000000\nqlc4pi000000\nqlc4pi000000\nqlc4pi000000\nqlc4pi000000\nqlc4pi000000\nqlc4pi000000\nqlc4pi000000\nqlc4pi000000\nqlc4pi000000\nqlc4pi000000\nqlc4pi000000\nqlc4pi000000\nqlc4pi000000\nqlc4pi000000\nqlc4pi000000\nqlc4pi000000\nqlc4pi000000\nqlc4pi000000\nqlc4pi000000\nqlc4pi000000\nqlc4pi000000\nqlc4pi000000\nqlc4pi000000\nqlc4pi000000\nqlc4pi000000\n\nqlc4pi000000',0,'71.71.122.166',1330649591,'Carol','carol','$H$9KmtkKiuMNRgeKhnPAR4A.8BKmwSwH.',1330649591,0,'frecklefacephoto@mymts.net',72252730626,'24-10-   0',1334931753,1330649591,0,'index.php','',0,0,0,0,0,0,0,'en',-6.00,0,'D M d, Y g:i a',2,0,'',0,0,0,0,-3,0,0,'t','d',0,'t','a',0,1,0,1,1,1,1,99199,'60_1330660216.jpg',1,150,150,'[color=#BF8040:3h2lbv81]Canon 5D MarkII | 50 1.4 | 24-70 2.8 | backup 40D\nLR Newbie | PS Junkie | in love with my iMac\n3 girls, a dog and a husband[/color:3h2lbv81]\n[url=http&#58;//www&#46;flickr&#46;com/photos/23208138@N08/6945476793/:3h2lbv81][img:3h2lbv81]http&#58;//farm8&#46;staticflickr&#46;com/7052/6945476793_b642cc66dc&#46;jpg[/img:3h2lbv81][/url:3h2lbv81]','3h2lbv81','Gg==','Winnipeg, Manitoba. Canada','','','','','','http://frecklefacephotography.ca','','','','','e9394a1c9b65fe7f',0,0,0),(61,0,2,'00000000006xv29nwg\n\n\nqlc4pi000000\nqlc4pi000000\n\nqlc4pi000000\n\n\nqlc4pi000000\n\nqlc4pi000000\n\n\nqlc4pi000000\n\nqlc4pi000000\n\nqlc4pi000000\n\nqlc4pi000000\nqlc4pi000000\nqlc4pi000000\nqlc4pi000000\nqlc4pi000000\nqlc4pi000000\nqlc4pi000000\nqlc4pi000000\nqlc4pi000000\nqlc4pi000000\nqlc4pi000000\nqlc4pi000000\nqlc4pi000000\nqlc4pi000000\nqlc4pi000000\nqlc4pi000000\nqlc4pi000000\nqlc4pi000000\nqlc4pi000000\nqlc4pi000000\nqlc4pi000000\nqlc4pi000000\nqlc4pi000000\nqlc4pi000000\nqlc4pi000000\nqlc4pi000000\n\nqlc4pi000000',0,'71.71.122.166',1330649610,'Crystal','crystal','$H$9iQSkphGT8uFrmFRsXvyXEb3yFEEjZ/',1330649610,0,'crystal@tinyheartstudios.com',263375446728,' 0- 0-   0',1339612780,1330649610,0,'viewtopic.php?f=21&t=21','',0,0,0,0,0,0,0,'en',0.00,0,'D M d, Y g:i a',2,0,'',0,0,0,0,-3,0,0,'t','d',0,'t','a',0,1,0,1,1,1,1,230271,'',0,0,0,'','','','','','','','','','','','','','','2fb6e2cf0b5cdfd2',0,0,0),(70,0,2,'00000000006xv29nwg\n\n\nqlc4pi000000\nqlc4pi000000\n\nqlc4pi000000\n\n\nqlc4pi000000\n\nqlc4pi000000\n\n\nqlc4pi000000\n\nqlc4pi000000\n\nqlc4pi000000\n\nqlc4pi000000\nqlc4pi000000\nqlc4pi000000\nqlc4pi000000\nqlc4pi000000\nqlc4pi000000\nqlc4pi000000\nqlc4pi000000\nqlc4pi000000\nqlc4pi000000\nqlc4pi000000\nqlc4pi000000\nqlc4pi000000\nqlc4pi000000\nqlc4pi000000\nqlc4pi000000\nqlc4pi000000\nqlc4pi000000\nqlc4pi000000\nqlc4pi000000\nqlc4pi000000\nqlc4pi000000\nqlc4pi000000\nqlc4pi000000\nqlc4pi000000\nqlc4pi000000\n\nqlc4pi000000',0,'71.23.108.198',1332858445,'MelanieSikma','melaniesikma','$H$9/rXsl9aDZAGlK3IgOqXZg43i2e7581',1337103361,0,'sikmamail@me.com',321888689816,' 9- 9-   0',1361288384,1332858445,1340593952,'index.php','',1340593670,0,0,0,0,0,7,'en',-6.00,1,'D M d, Y g:i a',2,0,'',0,0,0,0,-3,0,0,'t','d',0,'t','a',0,1,0,1,1,1,1,230271,'70_1337027030.jpg',1,150,150,'','','','Brookfield, Wisconsin','','','','','','http://www.melaniesphotos.com','Boutique portrait studio.  Specialize in newborns, babies, children, families and high school seniors.','movies, books, doing things with friends and my family, watching my kids play sports, eating at yummy restaurants','','','2fff62135d6e64ee',0,0,0),(62,0,2,'',0,'71.71.122.166',1330649631,'JanetPliszka','janetpliszka','$H$9XZjJi2m8oNch6RYkuXqmrnJeDNHgP0',1330649631,0,'janet.pliszka@visualhues.com',108929687928,' 7- 8-   0',1331239020,1330649631,1331014223,'viewtopic.php?f=31&t=6','',1331071387,0,0,0,0,0,6,'en',-7.00,0,'D M d, Y g:i a',2,0,'',0,0,0,0,-3,0,0,'t','d',0,'t','a',0,1,0,1,1,1,1,230271,'',0,0,0,'','','','Calgary, Alberta, Canada','','','','','','Http://www.visualhues.com','Families, kids, children, newborns, business profiles','Travel, tennis, reading, kids activities,','','','d469130242f1fca1',0,0,0),(63,0,2,'',0,'71.71.122.166',1330649656,'JenniferRess','jenniferress','$H$9nXPvwj5LdgEn4rnIZlBfu5COQrqMh0',1330649656,0,'jenny.ress@gmail.com',344269255120,' 0- 0-   0',1330733067,1330649656,0,'viewtopic.php?f=4&t=5','',0,0,0,0,0,0,0,'en',0.00,0,'D M d, Y g:i a',2,0,'',0,0,0,0,-3,0,0,'t','d',0,'t','a',0,1,0,1,1,1,1,230271,'',0,0,0,'','','','','','','','','','','','','','','76d1517a487126dd',0,0,0),(64,0,2,'00000000006xv29nwg\n\n\nqlc4pi000000\nqlc4pi000000\n\nqlc4pi000000\n\n\nqlc4pi000000\n\nqlc4pi000000\n\n\nqlc4pi000000\n\nqlc4pi000000\n\nqlc4pi000000\n\nqlc4pi000000\nqlc4pi000000\nqlc4pi000000\nqlc4pi000000\nqlc4pi000000\nqlc4pi000000\nqlc4pi000000\nqlc4pi000000\nqlc4pi000000\nqlc4pi000000\nqlc4pi000000\nqlc4pi000000\nqlc4pi000000\nqlc4pi000000\nqlc4pi000000\nqlc4pi000000\nqlc4pi000000\nqlc4pi000000\nqlc4pi000000\nqlc4pi000000\nqlc4pi000000\nqlc4pi000000\nqlc4pi000000\nqlc4pi000000\nqlc4pi000000\nqlc4pi000000\n\nqlc4pi000000',0,'71.71.122.166',1330649694,'JuliaFranzosa','juliafranzosa','$H$912crlnWgcrfEPSgKXmmI6Q9tLL9jf0',1330649694,0,'julia@julia-franzosa.com',334023932924,' 0- 0-   0',1335761678,1330649694,0,'viewtopic.php?f=4&t=5','',0,0,0,0,0,0,0,'en',0.00,0,'D M d, Y g:i a',2,0,'',0,0,0,0,-3,0,0,'t','d',0,'t','a',0,1,0,1,1,1,1,230271,'',0,0,0,'','','','','','','','','','','','','','','b1ab37147b6dc67e',0,0,0),(65,0,2,'00000000006xv29nwg\n\n\nqlc4pi000000\nqlc4pi000000\n\nqlc4pi000000\n\n\nqlc4pi000000\n\nqlc4pi000000\n\n\nqlc4pi000000\n\nqlc4pi000000\n\nqlc4pi000000\n\nqlc4pi000000\nqlc4pi000000\nqlc4pi000000\nqlc4pi000000\nqlc4pi000000\nqlc4pi000000\nqlc4pi000000\nqlc4pi000000\nqlc4pi000000\nqlc4pi000000\nqlc4pi000000\nqlc4pi000000\nqlc4pi000000\nqlc4pi000000\nqlc4pi000000\nqlc4pi000000\nqlc4pi000000\nqlc4pi000000\nqlc4pi000000\nqlc4pi000000\nqlc4pi000000\nqlc4pi000000\nqlc4pi000000\nqlc4pi000000\nqlc4pi000000\nqlc4pi000000\n\nqlc4pi000000',0,'71.71.122.166',1330649714,'LynneBerridge','lynneberridge','$H$9wfKqj8RHywYKVJZ0t1yms55rK.fED0',1330649714,0,'lynne@edendigital.co.uk',398118288023,' 0- 0-   0',1332854293,1330649714,1332854289,'viewtopic.php?f=16&t=11&p=53','',1330758596,0,0,0,0,0,9,'en',0.00,0,'D M d, Y g:i a',2,0,'',0,0,0,0,-3,0,0,'t','d',0,'t','a',0,1,0,1,0,1,1,230271,'65_1330758469.jpg',1,150,150,'','','','Wales UK','','','','','','http://www.edendigital.co.uk','','All things photography! \nDogs(of the well behaved variety), Aikido,  Great Movies, Silly Hats, Good Coffee - Oh yes and Chocolate :-)','','','fe2c9c168e78aaac',0,0,0),(66,0,2,'00000000006xv29nwg\n\n\nqlc4pi000000\nqlc4pi000000\n\nqlc4pi000000\n\n\nqlc4pi000000\n\nqlc4pi000000\n\n\nqlc4pi000000\n\nqlc4pi000000\n\nqlc4pi000000\n\nqlc4pi000000\nqlc4pi000000\nqlc4pi000000\nqlc4pi000000\nqlc4pi000000\nqlc4pi000000\nqlc4pi000000\nqlc4pi000000\nqlc4pi000000\nqlc4pi000000\nqlc4pi000000\nqlc4pi000000\nqlc4pi000000\nqlc4pi000000\nqlc4pi000000\nqlc4pi000000\nqlc4pi000000\nqlc4pi000000\nqlc4pi000000\nqlc4pi000000\nqlc4pi000000\nqlc4pi000000\nqlc4pi000000\nqlc4pi000000\nqlc4pi000000\nqlc4pi000000\n\nqlc4pi000000',0,'71.71.122.166',1330649729,'TraciThorson','tracithorson','$H$9A9LsOnDrczAI3KZTHHlHyy6gUjbBe1',1330895525,0,'tracilthorson@aol.com',95331914021,' 0- 0-   0',1339535719,1330649729,0,'viewtopic.php?f=44&t=7','',0,0,0,0,0,0,0,'en',0.00,0,'D M d, Y g:i a',2,0,'',0,0,0,0,-3,0,0,'t','d',0,'t','a',0,1,0,1,1,1,1,230271,'66_1330895490.jpg',1,150,150,'Traci\n\nblog: [url:1u7fgz72]http&#58;//www&#46;tracithorsonphotography&#46;com/blog[/url:1u7fgz72]\nwebsite: [url:1u7fgz72]http&#58;//www&#46;tracithorsonphotography&#46;com[/url:1u7fgz72]','1u7fgz72','EA==','Illinois','','','','','','http://www.tracithorsonphotography.com/blog','','','','','b8737f1e3d25b0c3',0,0,0),(67,0,2,'00000000006xv29nwg\n\n\nqlc4pi000000\nqlc4pi000000\n\nqlc4pi000000\n\n\nqlc4pi000000\n\nqlc4pi000000\n\n\nqlc4pi000000\n\nqlc4pi000000\n\nqlc4pi000000\n\nqlc4pi000000\nqlc4pi000000\nqlc4pi000000\nqlc4pi000000\nqlc4pi000000\nqlc4pi000000\nqlc4pi000000\nqlc4pi000000\nqlc4pi000000\nqlc4pi000000\nqlc4pi000000\nqlc4pi000000\nqlc4pi000000\nqlc4pi000000\nqlc4pi000000\nqlc4pi000000\nqlc4pi000000\nqlc4pi000000\nqlc4pi000000\nqlc4pi000000\nqlc4pi000000\nqlc4pi000000\nqlc4pi000000\nqlc4pi000000\nqlc4pi000000\nqlc4pi000000\n\nqlc4pi000000',0,'71.71.122.166',1330649746,'YvonneNiemann','yvonneniemann','$H$9Zf6e2FbNIUyV//lAZoX3rYSgIX6Vt1',1330700059,0,'niemannphotography@sbcglobal.net',310996570432,'23-11-1974',1361799548,1330649746,1359389425,'index.php','',0,0,0,0,0,0,13,'en',-6.00,0,'D M d, Y g:i a',2,0,'',0,0,0,0,-3,0,0,'t','d',0,'t','a',0,1,0,1,0,1,1,231295,'67_1330692857.jpg',1,150,150,'Yvonne\n\nwebsite - [url:3k5p77y7]http&#58;//www&#46;yvonneniemannphotography&#46;com[/url:3k5p77y7]\nblog - [url:3k5p77y7]http&#58;//www&#46;yvonneneimannphotography&#46;info/blog[/url:3k5p77y7]','3k5p77y7','EA==','St. Louis, MO','','','','','','http://www.yvonneniemannphotography.com','','','','','fe874b5ed9418a9e',0,0,0),(69,0,2,'00000000006xv29nwg\n\n\nqlc4pi000000\nqlc4pi000000\n\nqlc4pi000000\n\n\nqlc4pi000000\n\nqlc4pi000000\n\n\nqlc4pi000000\n\nqlc4pi000000\n\nqlc4pi000000\n\nqlc4pi000000\nqlc4pi000000\nqlc4pi000000\nqlc4pi000000\nqlc4pi000000\nqlc4pi000000\nqlc4pi000000\nqlc4pi000000\nqlc4pi000000\nqlc4pi000000\nqlc4pi000000\nqlc4pi000000\nqlc4pi000000\nqlc4pi000000\nqlc4pi000000\nqlc4pi000000\nqlc4pi000000\nqlc4pi000000\nqlc4pi000000\nqlc4pi000000\nqlc4pi000000\nqlc4pi000000\nqlc4pi000000\nqlc4pi000000\nqlc4pi000000\nqlc4pi000000\n\nqlc4pi000000',0,'71.71.122.166',1331332500,'DeniseMarieOlson','denisemarieolson','$H$9u5N1xDhWCCkQsaYcKjZsn4iQioWjh/',1331332500,0,'mommyandmephoto@gmail.com',192232924025,' 0- 0-   0',1331825375,1331332500,0,'ucp.php?i=profile&mode=profile_info','',0,0,0,2,0,0,0,'en',0.00,0,'D M d, Y g:i a',2,0,'',0,0,0,0,-3,0,0,'t','d',0,'t','a',0,1,0,1,1,1,1,230271,'',0,0,0,'','','','corning, NY','','','','','','http://www.denisemarieolson.com','','','','','2e06a3651d2a9b02',0,0,0),(68,0,2,'00000000006xv29nwg\n\n\nqlc4pi000000\nqlc4pi000000\n\nqlc4pi000000\n\n\nqlc4pi000000\n\nqlc4pi000000\n\n\nqlc4pi000000\n\nqlc4pi000000\n\nqlc4pi000000\n\nqlc4pi000000\nqlc4pi000000\nqlc4pi000000\nqlc4pi000000\nqlc4pi000000\nqlc4pi000000\nqlc4pi000000\nqlc4pi000000\nqlc4pi000000\nqlc4pi000000\nqlc4pi000000\nqlc4pi000000\nqlc4pi000000\nqlc4pi000000\nqlc4pi000000\nqlc4pi000000\nqlc4pi000000\nqlc4pi000000\nqlc4pi000000\nqlc4pi000000\nqlc4pi000000\nqlc4pi000000\nqlc4pi000000\nqlc4pi000000\nqlc4pi000000\nqlc4pi000000\n\nqlc4pi000000',0,'71.71.122.166',1331094916,'AnnetteGoodman','annettegoodman','$H$91n95JbCorUZEV97VR8EkrMdi89e1u.',1331485608,0,'annette@annettegoodman.com',263131356026,'15- 3-1959',1364915363,1331094916,1342635349,'search.php?search_id=newposts','',1351897932,0,0,0,0,0,21,'en',0.00,0,'D M d, Y g:i a',2,0,'',0,0,0,0,-3,0,0,'t','d',0,'t','a',0,1,0,1,1,1,1,231295,'68_1334852834.jpg',1,150,150,'','','','Charlotte, NC','','','','','','Http://www.annettegoodman.com','Newborn, Child and Family Photographer located in Charlotte, NC','Photography, gardening and grandchildren','','','a259d0c23d61c4a5',0,0,0),(71,0,2,'',0,'71.71.122.166',1333551609,'BrandyAnderson','brandyanderson','$H$99..tTr0Jvg0kali3YNbGV2SFlhJig0',1333551609,0,'info@freshsugar.ca',161483840618,' 0- 0-   0',0,1333551609,0,'','',0,0,0,0,0,0,0,'en',0.00,0,'D M d, Y g:i a',2,0,'',0,0,0,0,-3,0,0,'t','d',0,'t','a',0,1,0,1,1,1,1,230271,'',0,0,0,'','','','','','','','','','','','','','','564e9ce1b8830395',0,0,0),(72,0,2,'00000000006xv29nwg\n\n\nqlc4pi000000\nqlc4pi000000\n\nqlc4pi000000\n\n\nqlc4pi000000\n\nqlc4pi000000\n\n\nqlc4pi000000\n\nqlc4pi000000\n\nqlc4pi000000\n\nqlc4pi000000\nqlc4pi000000\nqlc4pi000000\nqlc4pi000000\nqlc4pi000000\nqlc4pi000000\nqlc4pi000000\nqlc4pi000000\nqlc4pi000000\nqlc4pi000000\nqlc4pi000000\nqlc4pi000000\nqlc4pi000000\nqlc4pi000000\nqlc4pi000000\nqlc4pi000000\nqlc4pi000000\nqlc4pi000000\nqlc4pi000000\nqlc4pi000000\nqlc4pi000000\nqlc4pi000000\nqlc4pi000000\nqlc4pi000000\nqlc4pi000000\nqlc4pi000000\n\nqlc4pi000000',0,'71.71.122.166',1339599052,'ErinFekety','erinfekety','$H$9YwL8fWGM.hWhzFp6owIDbgXxnUJlE1',1339599052,0,'erin@erinfekety.com',332603915119,' 2-11-1983',1366983032,1339599052,0,'viewtopic.php?f=4&t=5','',0,0,0,0,0,0,0,'en',-5.00,0,'D M d, Y g:i a',2,0,'',0,0,0,0,-3,0,0,'t','d',0,'t','a',0,1,0,1,1,1,1,230271,'72_1340424124.jpg',1,150,150,'','','','NY, NY','','','','','','http://www.erinfekety.com','i\'m a custom/ boutique portrait photographer in new york and new jersey.','','','','51de6238ae2d741c',0,0,0);

--
-- Table structure for table `phpbb_warnings`
--

CREATE TABLE `phpbb_warnings` (
  `warning_id` mediumint(8) unsigned NOT NULL AUTO_INCREMENT,
  `user_id` mediumint(8) unsigned NOT NULL DEFAULT '0',
  `post_id` mediumint(8) unsigned NOT NULL DEFAULT '0',
  `log_id` mediumint(8) unsigned NOT NULL DEFAULT '0',
  `warning_time` int(11) unsigned NOT NULL DEFAULT '0',
  PRIMARY KEY (`warning_id`)
) ENGINE=MyISAM DEFAULT CHARSET=latin1;

--
-- Dumping data for table `phpbb_warnings`
--


--
-- Table structure for table `phpbb_words`
--

CREATE TABLE `phpbb_words` (
  `word_id` mediumint(8) unsigned NOT NULL AUTO_INCREMENT,
  `word` varchar(255) NOT NULL DEFAULT '',
  `replacement` varchar(255) NOT NULL DEFAULT '',
  PRIMARY KEY (`word_id`)
) ENGINE=MyISAM DEFAULT CHARSET=latin1;

--
-- Dumping data for table `phpbb_words`
--


--
-- Table structure for table `phpbb_zebra`
--

CREATE TABLE `phpbb_zebra` (
  `user_id` mediumint(8) unsigned NOT NULL DEFAULT '0',
  `zebra_id` mediumint(8) unsigned NOT NULL DEFAULT '0',
  `friend` tinyint(1) unsigned NOT NULL DEFAULT '0',
  `foe` tinyint(1) unsigned NOT NULL DEFAULT '0',
  PRIMARY KEY (`user_id`,`zebra_id`)
) ENGINE=MyISAM DEFAULT CHARSET=latin1;

--
-- Dumping data for table `phpbb_zebra`
--



